000
CXUS51 KCTP 030043
CLSJST

CLIMATE REPORT
NATIONAL WEATHER SERVICE STATE COLLEGE PA
719 PM EST WED DEC 2 2015

...................................

...THE JOHNSTOWN CLIMATE SUMMARY FOR THE SEASON, FROM
9/1/2015 TO 11/30/2015...

CLIMATE NORMAL PERIOD 1981 TO 2010
CLIMATE RECORD PERIOD 2000 TO 2015

WEATHER         OBSERVED          NORMAL  DEPART  LAST YEAR`S
                 VALUE   DATE(S)  VALUE   FROM    VALUE  DATE(S)
                                          NORMAL
................................................................
TEMPERATURE (F)
RECORD
 HIGH             104   09/03/1953
 LOW                1   11/29/1930
HIGHEST            88   09/08        MM      MM       84  09/04
LOWEST             19   11/23        MM      MM        9  11/18

AVG. MAXIMUM     62.2              57.4     4.8     57.6
AVG. MINIMUM     45.7              42.1     3.6     41.6
MEAN             54.0              49.7     4.3     49.6
DAYS MAX >= 90      0                MM      MM        0
DAYS MAX <= 32      1                MM      MM        9
DAYS MIN <= 32      9                MM      MM       21
DAYS MIN <= 0       0                MM      MM        0

PRECIPITATION (INCHES)
RECORD
 MAXIMUM        17.18   1971
 MINIMUM         1.59   1908

TOTALS           7.74              6.76    0.98     5.72
DAILY AVG.       0.08              0.11   -0.03     0.06
DAYS >= .01        33                MM      MM       40
DAYS >= .10        19                MM      MM       18
DAYS >= .50         5                MM      MM        2
DAYS >= 1.00        1                MM      MM        0
GREATEST
 24 HR. TOTAL    2.27   09/29-30/2015

 (MM/DD(HH))            MM

DEGREE_DAYS
HEATING TOTAL    1088              1419    -331     1428
 SINCE 7/1       1118              1457    -339     1511
COOLING TOTAL     101                22      79       46
 SINCE 1/1        556               382     174      341

FREEZE DATES
RECORD
 EARLIEST     08/31/1894
 LATEST       05/27/1915
EARLIEST                        MM
LATEST                          MM
.................................................

WIND (MPH)
AVERAGE WIND SPEED              8.6
RESULTANT WIND SPEED/DIRECTION   3/233
HIGHEST WIND SPEED/DIRECTION    32/260    DATE  11/13
HIGHEST GUST SPEED/DIRECTION    45/270    DATE  11/13

SKY COVER
POSSIBLE SUNSHINE (PERCENT)   MM
AVERAGE SKY COVER           0.50
NUMBER OF DAYS FAIR           44
NUMBER OF DAYS PC             22
NUMBER OF DAYS CLOUDY         25

AVERAGE RH (PERCENT)     66

WEATHER CONDITIONS. NUMBER OF DAYS WITH
THUNDERSTORM              3     MIXED PRECIP               0
HEAVY RAIN                8     RAIN                      18
LIGHT RAIN               39     FREEZING RAIN              0
LT FREEZING RAIN          0     HAIL                       0
HEAVY SNOW                0     SNOW                       1
LIGHT SNOW                3     SLEET                      0
FOG                      45     FOG W/VIS <= 1/4 MILE     10
HAZE                     17

-  INDICATES NEGATIVE NUMBERS.
R  INDICATES RECORD WAS SET OR TIED.
MM INDICATES DATA IS MISSING.
T  INDICATES TRACE AMOUNT.

$$

LA CORTE
