000
CXUS51 KCTP 011322
CLSJST

CLIMATE REPORT
NATIONAL WEATHER SERVICE STATE COLLEGE PA
846 AM EDT THU SEP 1 2016

...................................

...THE JOHNSTOWN CLIMATE SUMMARY FOR THE SEASON, FROM
6/1/2016 TO 8/31/2016...

CLIMATE NORMAL PERIOD 1981 TO 2010
CLIMATE RECORD PERIOD 1892 TO 2016

WEATHER         OBSERVED          NORMAL  DEPART  LAST YEAR`S
                 VALUE   DATE(S)  VALUE   FROM    VALUE  DATE(S)
                                          NORMAL
................................................................
TEMPERATURE (F)
RECORD
 HIGH             104   07/09/1936
 LOW               32   08/31/1894
HIGHEST            90   07/25        MM      MM       86  08/17
LOWEST             44   06/09        MM      MM       48  07/16
AVG. MAXIMUM     78.7              76.3     2.4     76.0
AVG. MINIMUM     61.9              58.4     3.5     59.5
MEAN             70.3              67.4     2.9     67.8
DAYS MAX >= 90      1                MM      MM        0
DAYS MAX <= 32      0                MM      MM        0
DAYS MIN <= 32      0                MM      MM        0
DAYS MIN <= 0       0                MM      MM        0

PRECIPITATION (INCHES)
RECORD
 MAXIMUM        26.89   1980
 MINIMUM         6.25   1894
TOTALS          13.85              7.65    6.20    19.25
DAILY AVG.       0.15              0.13    0.02     0.21
DAYS >= .01        39                MM      MM       40
DAYS >= .10        27                MM      MM       28
DAYS >= .50        10                MM      MM       13
DAYS >= 1.00        2                MM      MM        8
GREATEST
 24 HR. TOTAL    2.20

DEGREE_DAYS
HEATING TOTAL      54               117     -63       91
 SINCE 7/1         11                42     -31       30
COOLING TOTAL     565               342     223      371
 SINCE 1/1        603               360     243      455

FREEZE DATES
RECORD
 EARLIEST     08/31/1894
 LATEST       05/27/1915
..................................................

WIND (MPH)
AVERAGE WIND SPEED              7.3
RESULTANT WIND SPEED/DIRECTION   4/249
HIGHEST WIND SPEED/DIRECTION    30/300    DATE  06/12
HIGHEST GUST SPEED/DIRECTION    41/280    DATE  08/16

SKY COVER
POSSIBLE SUNSHINE (PERCENT)   MM
AVERAGE SKY COVER           0.40
NUMBER OF DAYS FAIR           42
NUMBER OF DAYS PC             43
NUMBER OF DAYS CLOUDY          7

AVERAGE RH (PERCENT)     69

WEATHER CONDITIONS. NUMBER OF DAYS WITH
THUNDERSTORM             26     MIXED PRECIP               0
HEAVY RAIN               21     RAIN                      24
LIGHT RAIN               41     FREEZING RAIN              0
LT FREEZING RAIN          0     HAIL                       0
HEAVY SNOW                0     SNOW                       0
LIGHT SNOW                0     SLEET                      0
FOG                      50     FOG W/VIS <= 1/4 MILE     15
HAZE                     30

-  INDICATES NEGATIVE NUMBERS.
R  INDICATES RECORD WAS SET OR TIED.
MM INDICATES DATA IS MISSING.
T  INDICATES TRACE AMOUNT.

$$
