000
CXUS54 KLZK 020621
CLSLIT


CLIMATE REPORT
NATIONAL WEATHER SERVICE LITTLE ROCK AR
1216 AM CST SAT DEC 2 2017

...................................

...THE LITTLE ROCK ADAMS FIELD CLIMATE SUMMARY FOR THE SEASON, FROM
9/1/2017 TO 11/30/2017...

CLIMATE NORMAL PERIOD 1981 TO 2010
CLIMATE RECORD PERIOD 1874 TO 2017

WEATHER         OBSERVED          NORMAL  DEPART  LAST YEAR`S
                 VALUE   DATE(S)  VALUE   FROM    VALUE  DATE(S)
                                          NORMAL
................................................................
TEMPERATURE (F)
RECORD
 HIGH             106   09/01/1947
 LOW               10   11/18/1880
HIGHEST            93   09/22        MM      MM       96  09/16
                                                          09/08
                                                          09/14
LOWEST             28   10/29        MM      MM       29  11/20
AVG. MAXIMUM     76.4              74.5     1.9     79.0
AVG. MINIMUM     53.0              53.1    -0.1     56.1
MEAN             64.7              63.8     0.9     67.6
DAYS MAX >= 90     13               9.6     3.4       22
DAYS MAX <= 32      0               0.0     0.0        0
DAYS MIN <= 32      5               4.2     0.8        4
DAYS MIN <= 0       0               0.0     0.0        0

PRECIPITATION (INCHES)
TOTALS           2.24             13.37  -11.13     5.78
DAILY AVG.       0.02              0.15   -0.13     0.06
DAYS >= .01        14              24.4   -10.4       12
DAYS >= .10         8              16.8    -8.8        7
DAYS >= .50         0               7.9    -7.9        5
DAYS >= 1.00        0               4.2    -4.2        3
GREATEST
 24 HR. TOTAL    0.49   10/22 TO 10/22

SNOWFALL (INCHES)
RECORDS
 TOTAL            9.4   1880
 24 HR TOTAL      9.4   11/17/1880 TO 11/17/1880
 SNOW DEPTH         3   11/23/1971
                        11/09/1892
TOTALS              T                 T     0.0      0.0
 LIQUID EQUIV       T                 T    0.00     0.00
SINCE 7/1           T                 T     0.0      0.0
 LIQUID 7/1        MM                MM      MM     0.00
SNOWDEPTH AVG.      0                 0       0        0
DAYS >= TRACE       1               0.0     1.0        0
DAYS >= 1.0         0               0.0     0.0        0
GREATEST
 SNOW DEPTH         0   MM                             0  MM
 24 HR TOTAL        T   10/27 TO 10/27

DEGREE_DAYS
HEATING TOTAL     466               514     -48      339
 SINCE 7/1        466               514     -48      339
COOLING TOTAL     460               403      57      597
 SINCE 1/1       2028              2204    -176     2650

FREEZE DATES
RECORD
 EARLIEST     10/20/1989
 LATEST       04/19/1983
EARLIEST                        11/13
LATEST                          03/19
.................................................

WIND (MPH)
AVERAGE WIND SPEED              6.3
HIGHEST WIND SPEED/DIRECTION    36/290    DATE  11/18
HIGHEST GUST SPEED/DIRECTION    48/280    DATE  11/18

SKY COVER
POSSIBLE SUNSHINE (PERCENT)   MM
AVERAGE SKY COVER           0.40
NUMBER OF DAYS FAIR           44
NUMBER OF DAYS PC             28
NUMBER OF DAYS CLOUDY         19


WEATHER CONDITIONS. NUMBER OF DAYS WITH
THUNDERSTORM              0     MIXED PRECIP               0
HEAVY RAIN                3     RAIN                       6
LIGHT RAIN               19     FREEZING RAIN              0
LT FREEZING RAIN          0     HAIL                       0
HEAVY SNOW                0     SNOW                       0
LIGHT SNOW                0     SLEET                      1
FOG                      32     FOG W/VIS <= 1/4 MILE      5
HAZE                      0

-  INDICATES NEGATIVE NUMBERS.
R  INDICATES RECORD WAS SET OR TIED.
MM INDICATES DATA IS MISSING.
T  INDICATES TRACE AMOUNT.

&&

...Additional Data for Little Rock Adams Field for Fall 2017...

.Summary...
Though temperatures for the season were above average, it was still the
coolest fall in three years. This fall included the earliest snowfall on
record, and the earliest freeze in 28 years.

.Seasonal Temperatures...
The average high, low, and seasonal temperatures were the coolest since
2014. There were 13 days with high temperatures of 90 degrees or higher,
which was the fewest since 2014. There were five days with low temperatures
at or below freezing, which was the most since 2014.

The first freeze of the season occurred on October 28th. This was the earliest
freeze at Little Rock since 1989, and was the 8th earliest on record.

The coldest temperature of the fall season was actually in October instead of
November. This is the first time in 100 years (since 1917) this has occurred
at Little Rock. Since temperature records were started in Little Rock in 1879,
this has only occurred three other times...1917, 1913, and 1910.

.Seasonal Rainfall...
There were 14 days with measurable rainfall. However, it was significantly
below average, with a deficit for the season of over 11 inches. It was the
driest fall since 1874, and the 2nd driest fall season on record behind
1874.

.Seasonal Snowfall...
Snow fell for the first time during the fall season since 2014, as a
trace of sleet was recorded on the evening of October 27th. Though
it was not measurable, it still was the earliest snowfall at Little
Rock since 1925, and set a new record for the earliest snowfall ever
recorded at Little Rock. Previously, the record had been a trace,
which fell on October 28, 1925.

$$

57
