392
CXUS53 KARX 011548
CLSLSE

CLIMATE REPORT
NATIONAL WEATHER SERVICE LA CROSSE WI
947 AM CDT THU DEC 1 2016

...AUTUMN 2016 WAS THE WARMEST AND 7TH WETTEST IN LA CROSSE WI...

AUTUMN OF 2016 WAS THE WARMEST AND 7TH WETTEST ON RECORD AT
LA CROSSE, WI.  MORE DETAILS CAN BE FOUND BELOW.

TEMPERATURES...WARMEST AUTUMN

FROM SEPTEMBER 1 THROUGH NOVEMBER 30 2016, LA CROSSE REGIONAL
AIRPORT HAD AN AVERAGE TEMPERATURE OF 56.7 DEGREES.  THIS WAS 7.1
DEGREES WARMER THAN THE 1981-2010 NORMAL OF 49.6 DEGREES.  THIS
SURPASSED 1931 (AVERAGE TEMPERATURE OF 55.6 DEGREES) FOR THE WARMEST
AUTUMN EVER RECORDED IN LA CROSSE WI.  TEMPERATURE RECORDS DATE BACK
TO OCTOBER 15 1872.  THE TABLE BELOW LISTS THE TOP TEN WARMEST
AUTUMNS IN LA CROSSE WI.

              WARMEST AUTUMNS
              IN LA CROSSE WI
                 1873-2016

                  AVERAGE
      RANK      TEMPERATURE     YEAR
      ----      -----------     ----
        1       56.7 DEGREES    2016
        2       55.6 DEGREES    1931
        3       55.1 DEGREES    2015
        4       55.0 DEGREES    1963
        5       54.4 DEGREES    1998
        6       54.2 DEGREES    1994
        7       53.4 DEGREES    1922
        8       53.0 DEGREES    1953
                53.0 DEGREES    1948
       10       52.8 DEGREES    2005

THE TABLE BELOW CONTAINS THE MONTHLY AVERAGE TEMPERATURES AND THEIR
DEPARTURES FROM NORMAL FOR THE AUTUMN OF 2016.

           AUTUMN 2016 TEMPERATURES
               IN LA CROSSE WI

                  AVERAGE            DEPARTURE
   MONTH        TEMPERATURE         FROM NORMAL
   -----        -----------         -----------
   SEPTEMBER   67.7 DEGREES        +4.9 DEGREES -  7TH WARMEST
   OCTOBER     56.0 DEGREES        +5.8 DEGREES - 14TH WARMEST
   NOVEMBER    46.2 DEGREES       +10.3 DEGREES -  2ND WARMEST

   AUTUMN      56.7 DEGREES        +7.1 DEGREES - WARMEST

THE AVERAGE HIGH TEMPERATURE WAS 66.2 DEGREES WHICH WAS 7.2 DEGREES
WARMER THAN 1981-2010 NORMAL OF 59.0 DEGREES.  THIS SURPASSED 1931
(65.0 DEGREES) FOR THE WARMEST.

THE AVERAGE LOW TEMPERATURE WAS 47.1 DEGREES WHICH WAS 6.8 DEGREES
WARMER THAN 1981-2010 NORMAL OF 40.3 DEGREES.  THIS SURPASSED 1931
(46.4 DEGREES) FOR THE WARMEST.

THE WARMEST HIGH TEMPERATURE WAS 87 DEGREES ON SEPTEMBER 6TH.
THE COLDEST HIGH TEMPERATURE WAS 34 DEGREES ON NOVEMBER 20TH.

THE WARMEST LOW TEMPERATURE WAS 71 DEGREES ON SEPTEMBER 6TH.  THE
COLDEST LOW TEMPERATURE WAS 19 DEGREES ON NOVEMBER 21ST.


PRECIPITATION...7TH WETTEST

FROM SEPTEMBER 1 THROUGH NOVEMBER 30 2015, LA CROSSE REGIONAL
AIRPORT RECEIVED 13.85 INCHES OF PRECIPITATION.  THIS WAS 6.11
INCHES WETTER THAN THE 1981-2010 NORMAL OF 7.74 INCHES.  THIS WAS
THE 7TH WETTEST AUTUMN AND THE WETTEST AUTUMN SINCE 1965 (15.16
INCHES).  THE TABLE BELOW LISTS THE TOP TEN WETTEST AUTUMNS IN LA
CROSSE WI.

              WETTEST AUTUMNS
              IN LA CROSSE WI
                 1873-2016

               PRECIPITATION
      RANK         TOTAL        YEAR
      ----     -------------    ----
        1      19.60 INCHES     1881
        2      18.43 INCHES     1934
        3      17.84 INCHES     1900
        4      15.16 INCHES     1965
        5      14.10 INCHES     1941
        6      13.94 INCHES     1911
        7      13.85 INCHES     2016
        8      13.77 INCHES     1884
        9      13.28 INCHES     1901
       10      12.80 INCHES     1879

THE TABLE BELOW CONTAINS THE MONTHLY PRECIPITATION TOTALS AND THEIR
DEPARTURES FROM NORMAL FOR THE AUTUMN OF 2016.

          AUTUMN 2016 PRECIPITATION
               IN LA CROSSE WI

                PRECIPITATION         DEPARTURE
   MONTH            TOTAL            FROM NORMAL
   -----        ------------         -----------
   SEPTEMBER   10.46 INCHES         +6.90 INCHES - 3RD WETTEST
   OCTOBER      2.23 INCHES         +0.06 INCHES
   NOVEMBER     1.16 INCHES         -0.85 INCHES

   AUTUMN      13.79 INCHES         +6.05 INCHES

THE HIGHEST DAILY PRECIPITATION TOTAL WAS 3.17 INCHES ON SEPTEMBER
21ST.


SNOWFALL...2ND LEAST

FROM SEPTEMBER 1 THROUGH NOVEMBER 30 2016, LA CROSSE REGIONAL
AIRPORT RECEIVED ONLY A TRACE OF SNOW.  THIS WAS 4.3 INCHES BELOW
THEIR 1981-2010 NORMAL OF 4.3 INCHES. THIS TIED 1904, 1913, 1941,
1969, 1973, 1987, 2001, AND 2010 FOR THE SECOND LEAST IN AN AUTUMN.
THE ONLY AUTUMN THAT SAW LESS (NO SNOW) WAS 1949.  THE TABLE BELOW
LISTS THE TOP TEN SNOWLESS AUTUMNS IN LA CROSSE WI.

              SNOWLESS AUTUMNS
              IN LA CROSSE WI
                 1873-2016

                   SNOW
      RANK         TOTAL        YEAR
      ----         -----        ----
        1       0.0 INCHES      1949
        2          TRACE        2016
                   TRACE        2010
                   TRACE        2001
                   TRACE        1987
                   TRACE        1973
                   TRACE        1969
                   TRACE        1941
                   TRACE        1913
                   TRACE        1904


THE TABLE BELOW CONTAINS THE MONTHLY SNOWFALL TOTALS AND THEIR
DEPARTURES FROM NORMAL FOR THE AUTUMN OF 2016.

            AUTUMN 2016 SNOWFALL
               IN LA CROSSE WI

                  SNOWFALL            DEPARTURE
   MONTH            TOTAL            FROM NORMAL
   -----        ------------         -----------
   SEPTEMBER     0.0 INCHES           0.0 INCHES
   OCTOBER       0.0 INCHES          -0.2 INCHES
   NOVEMBER        TRACE             -4.1 INCHES

   AUTUMN          TRACE             -4.3 INCHES

THE HIGHEST DAILY SNOWFALL TOTAL WAS A TRACE INCHES ON NOVEMBER
18TH, NOVEMBER 19TH, AND ON NOVEMBER 22ND.

...................................

...THE LA CROSSE WI CLIMATE SUMMARY FOR THE SEASON, FROM
9/1/2016 TO 11/30/2016...

CLIMATE NORMAL PERIOD 1981 TO 2010
CLIMATE RECORD PERIOD 1873 TO 2016

WEATHER         OBSERVED          NORMAL  DEPART
                 VALUE   DATE(S)  VALUE   FROM
                                          NORMAL
................................................
TEMPERATURE (F)
RECORD
 HIGH             101   09/06/1922
 LOW              -21   11/29/1875
HIGHEST            87   09/06        MM      MM
LOWEST             19   11/21        MM      MM
AVG. MAXIMUM     66.2              59.0     7.2
AVG. MINIMUM     47.1              40.3     6.8
MEAN             56.7              49.6     7.1
DAYS MAX >= 90      0               0.9    -0.9
DAYS MAX <= 32      0               4.5    -4.5
DAYS MIN <= 32     10              25.4   -15.4
DAYS MIN <= 0       0               0.1    -0.1

PRECIPITATION (INCHES)
RECORD
 MAXIMUM           MM   MM
 MINIMUM           MM   MM
TOTALS          13.85              7.74    6.11
DAILY AVG.       0.15              0.09    0.06
DAYS >= .01        27              27.9    -0.9
DAYS >= .10        20              15.3     4.7
DAYS >= .50         9               4.4     4.6
DAYS >= 1.00        5               1.7     3.3
GREATEST
 24 HR. TOTAL    3.61   MM
 STORM TOTAL     4.70
 (MM/DD(HH))            MM

SNOWFALL (INCHES)
RECORDS
 TOTAL             MM   5
 24 HR TOTAL       MM
TOTALS              T               4.3    -4.3
 LIQUID EQUIV      MM              0.40      MM
SINCE 7/1           T               4.3    -4.3
 LIQUID 7/1        MM
DAYS >= TRACE       3               3.4    -0.4
DAYS >= 1.0         0               1.3    -1.3
GREATEST
 SNOW DEPTH         0   MM
 24 HR TOTAL      0.0   MM
 STORM TOTAL       MM
 (MM/DD(HH))            MM

DEGREE_DAYS
HEATING TOTAL     859              1479    -620
 SINCE 7/1        859              1500    -641
COOLING TOTAL     124                81      43
 SINCE 1/1       1033               782     251

FREEZE DATES
RECORD
 EARLIEST     MM
 LATEST       MM
EARLIEST                        MM
LATEST                          MM
.................................................

WIND (MPH)
AVERAGE WIND SPEED              8.2
HIGHEST WIND SPEED/DIRECTION    37/310    DATE  11/18
HIGHEST GUST SPEED/DIRECTION    46/310    DATE  11/18

SKY COVER
POSSIBLE SUNSHINE (PERCENT)   MM
AVERAGE SKY COVER           0.40
NUMBER OF DAYS FAIR           47
NUMBER OF DAYS PC             28
NUMBER OF DAYS CLOUDY         16

AVERAGE RH (PERCENT)     71

WEATHER CONDITIONS. NUMBER OF DAYS WITH
THUNDERSTORM             12     MIXED PRECIP               0
HEAVY RAIN               10     RAIN                      15
LIGHT RAIN               44     FREEZING RAIN              0
LT FREEZING RAIN          0     HAIL                       0
HEAVY SNOW                0     SNOW                       0
LIGHT SNOW                2     SLEET                      1
FOG                      43     FOG W/VIS <= 1/4 MILE     11
HAZE                      4

-  INDICATES NEGATIVE NUMBERS.
R  INDICATES RECORD WAS SET OR TIED.
MM INDICATES DATA IS MISSING.
T  INDICATES TRACE AMOUNT.

$$

BOYNE
