000
CXUS54 KLZK 041610
CLSLZK


CLIMATE REPORT
NATIONAL WEATHER SERVICE LITTLE ROCK AR
1056 AM CDT TUE JUL 4 2017

...................................

...THE NORTH LITTLE ROCK CLIMATE SUMMARY FOR THE SEASON, FROM
7/1/2016 TO 6/30/2017...

CLIMATE NORMAL PERIOD 1981 TO 2010
CLIMATE RECORD PERIOD 1975 TO 2017

WEATHER         OBSERVED          NORMAL  DEPART  LAST YEAR`S
                 VALUE   DATE(S)  VALUE   FROM    VALUE  DATE(S)
                                          NORMAL
................................................................

SNOWFALL (INCHES)
RECORDS
 TOTAL           19.2   07/01/1978-06/30/1979
 24 HR TOTAL     12.0   01/06/1988-01/07/1988
 SNOW DEPTH        12   01/07/1988
TOTALS            0.8               4.4    -3.6       MM
 LIQUID EQUIV    0.08              0.50   -0.42       MM
SINCE 7/1         0.8               4.4    -3.6       MM
 LIQUID 7/1      0.08              0.50   -0.42       MM
SNOWDEPTH AVG.      0                MM      MM       MM
DAYS >= TRACE       6               2.9     3.1       MM
DAYS >= 1.0         0               1.4    -1.4       MM
GREATEST
 SNOW DEPTH         1   01/07                         MM  MM
 24 HR TOTAL      0.8   01/05 TO 01/06                MM

-  INDICATES NEGATIVE NUMBERS.
R  INDICATES RECORD WAS SET OR TIED.
MM INDICATES DATA IS MISSING.
T  INDICATES TRACE AMOUNT.

&&

...Additional Data for North Little Rock for the snowfall season of
July 1, 2016 to June 30, 2017...

The snowfall of 0.8 inches was the least in a season since 2008-
2009.

$$

57
