000
CXUS53 KMKX 011425
CLSMKE

CLIMATE REPORT
NATIONAL WEATHER SERVICE IN MILWAUKEE
734 AM CST FRI DEC 1 2017

...................................

...THE MILWAUKEE WI CLIMATE SUMMARY FOR THE SEASON, FROM
9/1/2017 TO 11/30/2017...

CLIMATE NORMAL PERIOD 1981 TO 2010
CLIMATE RECORD PERIOD 1871 TO 2017

WEATHER         OBSERVED          NORMAL  DEPART  LAST YEAR`S
                 VALUE   DATE(S)  VALUE   FROM    VALUE  DATE(S)
                                          NORMAL
................................................................
TEMPERATURE (F)
RECORD
 HIGH              99   09/15/1939
 LOW              -14   11/29/1875
HIGHEST            95   09/22        88       7       94  09/06
LOWEST             16   11/10        13       3       24  11/21
AVG. MAXIMUM     62.5              58.9     3.6     65.2
AVG. MINIMUM     46.5              43.3     3.2     49.5
MEAN             54.5              51.1     3.4     57.4
DAYS MAX >= 90      4               0.4     3.6        1
DAYS MAX <= 32      1               2.6    -1.6        0
DAYS MIN <= 32     15              16.7    -1.7        6
DAYS MIN <= 0       0               0.0     0.0        0

PRECIPITATION (INCHES)
RECORD
 MAXIMUM        15.94   1985
 MINIMUM         2.07   1956
TOTALS           6.31              8.54   -2.23     9.67
DAILY AVG.       0.07              0.09   -0.02     0.10
DAYS >= .01        28              30.1    -2.1       27
DAYS >= .10        17              16.8     0.2       12
DAYS >= .50         3               5.4    -2.4        9
DAYS >= 1.00        0               1.9    -1.9        4
GREATEST
 24 HR. TOTAL    1.34   10/10 TO 10/11              1.80

SNOWFALL (INCHES)
RECORDS
 TOTAL           18.7   1896
TOTALS            0.2               2.7    -2.5        T
SINCE 7/1         0.2               2.7    -2.5        T
SNOWDEPTH AVG.      0                MM      MM        0
DAYS >= 1.0         0               0.7    -0.7        0
GREATEST
 SNOW DEPTH         0   MM                             0  MM
 24 HR TOTAL      0.2   11/10 TO 11/10                 T

DEGREE_DAYS
HEATING TOTAL    1096              1339    -243      828
 SINCE 7/1       1105              1365    -260      830
COOLING TOTAL     162                76      86      155
 SINCE 1/1        772               641     131      991

FREEZE DATES
RECORD
 EARLIEST     09/20/1956
 LATEST       05/27/1961
EARLIEST                        10/17
LATEST                          04/27
.................................................................

WIND (MPH)
AVERAGE WIND SPEED              9.4
RESULTANT WIND SPEED/DIRECTION   3/234
HIGHEST WIND SPEED/DIRECTION    32/210    DATE  11/24
HIGHEST GUST SPEED/DIRECTION    40/210    DATE  11/24

SKY COVER
POSSIBLE SUNSHINE (PERCENT)   MM
AVERAGE SKY COVER           0.60
NUMBER OF DAYS FAIR           21
NUMBER OF DAYS PC             44
NUMBER OF DAYS CLOUDY         25

AVERAGE RH (PERCENT)     68

WEATHER CONDITIONS. NUMBER OF DAYS WITH
  0
 14
  0
  0
  2
  2
  6
HAZE                     12

-  INDICATES NEGATIVE NUMBERS.
R  INDICATES RECORD WAS SET OR TIED.
MM INDICATES DATA IS MISSING.
T  INDICATES TRACE AMOUNT.

&&

THIS WAS THE 6TH WARMEST FALL ON RECORD.

$$
