000
CXUS53 KGRR 020420
CLSMKG

ARBCLSMKG 000
TTAA00 KGRR 020416


CLIMATE REPORT
NATIONAL WEATHER SERVICE GRAND RAPIDS, MI
1220 AM EDT TUE SEP 2 2014

...................................

...THE MUSKEGON MI CLIMATE SUMMARY FOR THE SEASON, FROM
6/1/2014 TO 8/31/2014...

CLIMATE NORMAL PERIOD 1981 TO 2010
CLIMATE RECORD PERIOD 1896 TO 2014

WEATHER         OBSERVED          NORMAL  DEPART  LAST YEAR`S
                 VALUE   DATE(S)  VALUE   FROM    VALUE  DATE(S)
                                          NORMAL
................................................................
TEMPERATURE (F)
RECORD
 HIGH              99   07/06/2012
                        08/03/1964
                        07/30/1913
 LOW               31   06/11/1972
HIGHEST            88   06/01        90      -2       92  07/18
                                                          07/15
LOWEST             44   06/14        41       3       38  06/03
                        06/05
AVG. MAXIMUM     77.4              78.4    -1.0     78.5
AVG. MINIMUM     58.6              59.9    -1.3     59.6
MEAN             68.0              69.1    -1.1     69.1
DAYS MAX >= 90      0               1.7    -1.7        5
DAYS MAX <= 32      0               0.0     0.0        0
DAYS MIN <= 32      0               0.0     0.0        0
DAYS MIN <= 0       0               0.0     0.0        0

PRECIPITATION (INCHES)
RECORD
 MAXIMUM        19.15   1905
 MINIMUM         3.00   1930
TOTALS          13.31              8.31    5.00     8.56
DAILY AVG.       0.14              0.09    0.05     0.09
DAYS >= .01        29              27.5     1.5       29
DAYS >= .10        19              16.3     2.7       15
DAYS >= .50         8               5.8     2.2        6
DAYS >= 1.00        4               1.7     2.3        2
GREATEST
 24 HR. TOTAL    3.93   06/18 TO 06/18

SNOWFALL (INCHES)
RECORDS
 TOTAL            0.0   MM
TOTALS            0.0               0.0     0.0      0.0
SINCE 7/1         0.0
SNOWDEPTH AVG.      0                MM      MM        0
DAYS >= 1.0         0               0.0     0.0
GREATEST
 SNOW DEPTH         0   MM                             0  MM
 24 HR TOTAL      0.0   MM

DEGREE_DAYS
HEATING TOTAL      80                96     -16       87
 SINCE 7/1         49                30      19       35
COOLING TOTAL     376               478    -102      479
 SINCE 1/1        393               507    -114      539

FREEZE DATES
EARLIEST                        10/14
LATEST                          05/04
.................................................................

WIND (MPH)
AVERAGE WIND SPEED              7.5
HIGHEST WIND SPEED/DIRECTION    33/190    DATE  06/02
HIGHEST GUST SPEED/DIRECTION    47/180    DATE  06/02

SKY COVER
POSSIBLE SUNSHINE (PERCENT)    0
AVERAGE SKY COVER           0.50
NUMBER OF DAYS FAIR           22
NUMBER OF DAYS PC             53
NUMBER OF DAYS CLOUDY         17

AVERAGE RH (PERCENT)     69

WEATHER CONDITIONS. NUMBER OF DAYS WITH
THUNDERSTORM             19     MIXED PRECIP               0
HEAVY RAIN               13     RAIN                      18
LIGHT RAIN               34     FREEZING RAIN              0
LT FREEZING RAIN          0     HAIL                       0
HEAVY SNOW                0     SNOW                       0
LIGHT SNOW                0     SLEET                      0
FOG                      49     FOG W/VIS <= 1/4 MILE     11
HAZE                     31

-  INDICATES NEGATIVE NUMBERS.
R  INDICATES RECORD WAS SET OR TIED.
MM INDICATES DATA IS MISSING.
T  INDICATES TRACE AMOUNT.

$$

EBW
