000
CXUS53 KEAX 020659
CLSOJC

STLCLMWS5 000
TTAA00 KEAX 020657


CLIMATE REPORT
NATIONAL WEATHER SERVICE KANSAS CITY/PLEASANT HILL MO
1256 AM CST MON MAR 2 2015

...................................

...THE JOHNSON COUNTY EXECUTIVE CLIMATE SUMMARY FOR THE SEASON, FROM
12/1/2014 TO 2/28/2015...

CLIMATE NORMAL PERIOD 1981 TO 2010
CLIMATE RECORD PERIOD 9999 TO 9999

WEATHER         OBSERVED          NORMAL  DEPART  LAST YEAR`S
                 VALUE   DATE(S)  VALUE   FROM    VALUE  DATE(S)
                                          NORMAL
................................................................
TEMPERATURE (F)
HIGHEST            74   01/28        68       6       64  02/18
LOWEST              0   01/08         2      -2       -9  01/06
                        01/07
AVG. MAXIMUM     40.7              41.5    -0.8     36.8
AVG. MINIMUM     22.4              23.3    -0.9     16.6
MEAN             31.6              32.4    -0.8     26.7
DAYS MAX >= 90      0               0.0     0.0        0
DAYS MAX <= 32     23              20.8     2.2       37
DAYS MIN <= 32     70              70.2    -0.2       84
DAYS MIN <= 0       2               3.0    -1.0        6

PRECIPITATION (INCHES)
TOTALS           3.70              4.33   -0.63     0.84
DAILY AVG.       0.04              0.05   -0.01     0.01
DAYS >= .01        20              17.8     2.2        8
DAYS >= .10        10               9.9     0.1        3
DAYS >= .50         3               2.6     0.4        0
DAYS >= 1.00        0               0.9    -0.9        0
GREATEST
 24 HR. TOTAL    0.95   MM

DEGREE_DAYS
HEATING TOTAL    2977              2939      38     3421
COOLING TOTAL       0                 0       0        0
.................................................................

WIND (MPH)
AVERAGE WIND SPEED              8.9
HIGHEST WIND SPEED/DIRECTION    33/180    DATE  12/25
HIGHEST GUST SPEED/DIRECTION    45/330    DATE  01/17

SKY COVER
POSSIBLE SUNSHINE (PERCENT)   MM
AVERAGE SKY COVER           0.50
NUMBER OF DAYS FAIR           42
NUMBER OF DAYS PC             23
NUMBER OF DAYS CLOUDY         25

AVERAGE RH (PERCENT)     70

WEATHER CONDITIONS. NUMBER OF DAYS WITH
THUNDERSTORM              0     MIXED PRECIP               0
HEAVY RAIN                2     RAIN                       3
LIGHT RAIN               13     FREEZING RAIN              1
LT FREEZING RAIN          3     HAIL                       0
HEAVY SNOW                0     SNOW                       4
LIGHT SNOW               20     SLEET                      0
FOG                      47     FOG W/VIS <= 1/4 MILE      5
HAZE                     16

-  INDICATES NEGATIVE NUMBERS.
R  INDICATES RECORD WAS SET OR TIED.
MM INDICATES DATA IS MISSING.
T  INDICATES TRACE AMOUNT.

$$
