000
CXUS53 KDDC 011513
CLSP28


CLIMATE REPORT
NATIONAL WEATHER SERVICE DODGE CITY KS
1007 AM CDT THU SEP 1 2016

...................................

...THE MEDICINE LODGE KS CLIMATE SUMMARY FOR THE SEASON, FROM
6/1/2016 TO 8/31/2016...

CLIMATE NORMAL PERIOD 1981 TO 2010
CLIMATE RECORD PERIOD 1893 TO 2016

WEATHER         OBSERVED          NORMAL  DEPART  LAST YEAR`S
                 VALUE   DATE(S)  VALUE   FROM    VALUE  DATE(S)
                                          NORMAL
................................................................
TEMPERATURE (F)
RECORD
 HIGH             118   08/12/1936
 LOW               39   06/13/1903
HIGHEST           106   07/22        MM      MM      105  07/13
LOWEST             51   08/21        MM      MM       52  08/20
AVG. MAXIMUM     93.0              92.1     0.9     91.7
AVG. MINIMUM     68.3              67.4     0.9     67.7
MEAN             80.6              79.7     0.9     79.7
DAYS MAX >= 90     63              56.2     6.8       63
DAYS MAX <= 32      0               0.0     0.0        0
DAYS MIN <= 32      0               0.0     0.0        0
DAYS MIN <= 0       0               0.0     0.0        0

PRECIPITATION (INCHES)
RECORD
 MAXIMUM        18.61   1948
 MINIMUM         2.60   1964
TOTALS          11.65             10.61    1.04    14.21
DAILY AVG.       0.12              0.12    0.00     0.15
DAYS >= .01        28              23.6     4.4       20
DAYS >= .10        13              15.1    -2.1       14
DAYS >= .50         8               7.1     0.9        9
DAYS >= 1.00        5               2.9     2.1        5
GREATEST
 24 HR. TOTAL    2.03   08/11 TO 08/12           07/20 TO 07/21

SNOWFALL (INCHES)
RECORDS
 TOTAL             MM   MM
 24 HR TOTAL       MM
 SNOW DEPTH        MM   MM
TOTALS            0.0               0.0     0.0      0.0
 LIQUID EQUIV    0.00              0.00    0.00     0.00
SINCE 7/1         0.0               0.0     0.0      0.0
 LIQUID 7/1      0.00              0.00    0.00     0.00
SNOWDEPTH AVG.      0                MM      MM        0
DAYS >= TRACE       0               0.0     0.0        0
DAYS >= 1.0         0               0.0     0.0        0
GREATEST
 SNOW DEPTH         0   MM                             0  MM
 24 HR TOTAL      0.0   MM                       07/21 TO 07/21

DEGREE_DAYS
HEATING TOTAL       0                 4      -4        0
 SINCE 7/1          0                 0       0        0
COOLING TOTAL    1463              1356     107     1372
 SINCE 1/1       1600              1511      89     1479

..................................................

WIND (MPH)
AVERAGE WIND SPEED              8.3
RESULTANT WIND SPEED/DIRECTION   4/151
HIGHEST WIND SPEED/DIRECTION    47/040    DATE  06/28
HIGHEST GUST SPEED/DIRECTION    66/040    DATE  06/28

AVERAGE RH (PERCENT)     63


-  INDICATES NEGATIVE NUMBERS.
R  INDICATES RECORD WAS SET OR TIED.
MM INDICATES DATA IS MISSING.
T  INDICATES TRACE AMOUNT.

$$
