000
CXUS51 KBGM 031536
CLSSYR


CLIMATE REPORT
NATIONAL WEATHER SERVICE BINGHAMTON NY
1120 AM EDT THU SEP 3 2015

...................................

...THE SYRACUSE NY CLIMATE SUMMARY FOR THE SEASON, FROM
6/1/2015 TO 8/31/2015...

CLIMATE NORMAL PERIOD 1981 TO 2010
CLIMATE RECORD PERIOD 1902 TO 2015

WEATHER         OBSERVED          NORMAL  DEPART  LAST YEAR`S
                 VALUE   DATE(S)  VALUE   FROM    VALUE  DATE(S)
                                          NORMAL
................................................................
TEMPERATURE (F)
RECORD
 HIGH             101   07/17/2012
                        08/14/2002
                        07/21/2011
 LOW               35   06/01/1966
HIGHEST            91   07/29        79      12       94  07/01
                        07/19
LOWEST             41   06/03        58     -17       48  06/01
AVG. MAXIMUM     79.2              79.7    -0.5     80.0
AVG. MINIMUM     59.1              58.9     0.2     59.6
MEAN             69.1              69.3    -0.2     69.8
DAYS MAX >= 90      2               6.1    -4.1        5
DAYS MAX <= 32      0               0.0     0.0        0
DAYS MIN <= 32      0               0.0     0.0        0
DAYS MIN <= 0       0               0.0     0.0        0

PRECIPITATION (INCHES)
RECORD
 MAXIMUM        19.51   1972
 MINIMUM         5.33   1965
TOTALS          15.20             10.66    4.54    11.66
DAILY AVG.       0.17              0.12    0.05     0.13
DAYS >= .01        42              34.2     7.8       37
DAYS >= .10        24              21.2     2.8       23
DAYS >= .50        11               7.0     4.0        8
DAYS >= 1.00        3               1.8     1.2        1
GREATEST
 24 HR. TOTAL    3.42   06/30 TO 07/01           08/31 TO 08/31

SNOWFALL (INCHES)
RECORDS
 TOTAL              T   2008
                        2005
 24 HR TOTAL        T   08/07/2008 TO 08/07/2008
                        06/16/2008 TO 06/16/2008
 SNOW DEPTH         0   MM
TOTALS            0.0               0.0     0.0      0.0
SINCE 7/1         0.0               0.0     0.0      0.0
SNOWDEPTH AVG.      0               0.0     0.0        0
DAYS >= TRACE       0               0.0     0.0        0
DAYS >= 1.0         0               0.0     0.0        0
GREATEST
 SNOW DEPTH         0   MM                             0  MM
 24 HR TOTAL      0.0   MM

DEGREE_DAYS
HEATING TOTAL      61                87     -26       34
 SINCE 7/1          8                26     -18       11
COOLING TOTAL     467               483     -16      503
 SINCE 1/1        572               513      59      559

FREEZE DATES
RECORD
 EARLIEST     09/23/1963
 LATEST       05/24/1963
EARLIEST                        10/14
LATEST                          04/29
..................................................

WIND (MPH)
AVERAGE WIND SPEED              6.8
RESULTANT WIND SPEED/DIRECTION   2/257
HIGHEST WIND SPEED/DIRECTION    37/230    DATE  08/14
HIGHEST GUST SPEED/DIRECTION    48/230    DATE  08/14

SKY COVER
POSSIBLE SUNSHINE (PERCENT)   MM
AVERAGE SKY COVER           0.70

AVERAGE RH (PERCENT)     74


-  INDICATES NEGATIVE NUMBERS.
R  INDICATES RECORD WAS SET OR TIED.
MM INDICATES DATA IS MISSING.
T  INDICATES TRACE AMOUNT.

&&
TIED FOR 10TH WETTEST JUNE TO AUGUST

$$
