000
CDUS43 KDLH 290621
CLIDLH


CLIMATE REPORT
NATIONAL WEATHER SERVICE DULUTH MN
1220 AM CST MON DEC 29 2014


...................................

...THE DULUTH MN CLIMATE SUMMARY FOR DECEMBER 28 2014...

CLIMATE NORMAL PERIOD 1981 TO 2010
CLIMATE RECORD PERIOD 1870 TO 2014


WEATHER ITEM   OBSERVED TIME   RECORD YEAR NORMAL DEPARTURE LAST
                VALUE   (LST)  VALUE       VALUE  FROM      YEAR
                                                  NORMAL
..................................................................
TEMPERATURE (F)
 YESTERDAY
  MAXIMUM         19    307 AM  42    1896  20     -1       31
  MINIMUM         -1   1159 PM -35    1917   3     -4        7
  AVERAGE          9                        11     -2       19

PRECIPITATION (IN)
  YESTERDAY        T             0.58 1927   0.04  -0.04     0.01
  MONTH TO DATE    1.26                      1.10   0.16     2.88
  SINCE DEC 1      1.26                      1.10   0.16     2.88
  SINCE JAN 1     30.63                     30.85  -0.22    30.48

SNOWFALL (IN)
  YESTERDAY        T             7.0  1969   0.6   -0.6      0.1
  MONTH TO DATE    8.6                      15.8   -7.2     39.9
  SINCE DEC 1      8.6                      15.8   -7.2     39.9
  SINCE JUL 1     25.1                      31.9   -6.8     44.9
  SNOW DEPTH       5

DEGREE DAYS
 HEATING
  YESTERDAY       56                        54      2       46
  MONTH TO DATE 1143                      1396   -253     1641
  SINCE DEC 1   1143                      1396   -253     1641
  SINCE JUL 1   3358                      3609   -251     3598

 COOLING
  YESTERDAY        0                         0      0        0
  MONTH TO DATE    0                         0      0        0
  SINCE DEC 1      0                         0      0        0
  SINCE JAN 1    179                       204    -25      375
..................................................................


WIND (MPH)
  HIGHEST WIND SPEED    17   HIGHEST WIND DIRECTION     N (340)
  HIGHEST GUST SPEED    21   HIGHEST GUST DIRECTION    NW (320)
  AVERAGE WIND SPEED     9.1


SKY COVER
  AVERAGE SKY COVER 0.4


WEATHER CONDITIONS
 THE FOLLOWING WEATHER WAS RECORDED YESTERDAY.
  LIGHT SNOW


RELATIVE HUMIDITY (PERCENT)
 HIGHEST    80           200 AM
 LOWEST     50           200 PM
 AVERAGE    65

..........................................................


THE DULUTH MN CLIMATE NORMALS FOR TODAY
                         NORMAL    RECORD    YEAR
 MAXIMUM TEMPERATURE (F)   19        46      1999
 MINIMUM TEMPERATURE (F)    3       -30      1917


SUNRISE AND SUNSET
DECEMBER 29 2014......SUNRISE   753 AM CST   SUNSET   428 PM CST
DECEMBER 30 2014......SUNRISE   753 AM CST   SUNSET   429 PM CST


-  INDICATES NEGATIVE NUMBERS.
R  INDICATES RECORD WAS SET OR TIED.
MM INDICATES DATA IS MISSING.
T  INDICATES TRACE AMOUNT.




$$
