000
CDUS43 KDLH 242227
CLIDLH


CLIMATE REPORT
NATIONAL WEATHER SERVICE DULUTH MN
526 PM CDT FRI OCT 24 2014


...................................

...THE DULUTH MN CLIMATE SUMMARY FOR OCTOBER 24 2014...
VALID TODAY AS OF 0500 PM LOCAL TIME.

CLIMATE NORMAL PERIOD 1981 TO 2010
CLIMATE RECORD PERIOD 1870 TO 2014


WEATHER ITEM   OBSERVED TIME   RECORD YEAR NORMAL DEPARTURE LAST
                VALUE   (LST)  VALUE       VALUE  FROM      YEAR
                                                  NORMAL
..................................................................
TEMPERATURE (F)
 TODAY
  MAXIMUM         69    217 PM  71    1998  48     21       42
  MINIMUM         47    529 AM  12    1887  32     15       30
  AVERAGE         58                        40     18       36

PRECIPITATION (IN)
  TODAY            0.00          0.91 1919   0.08  -0.08      T
  MONTH TO DATE    1.65                      2.31  -0.66     3.72
  SINCE SEP 1      3.29                      6.42  -3.13     4.98
  SINCE JAN 1     28.24                     27.12   1.12    26.57

SNOWFALL (IN)
  TODAY            0.0           1.7  1995   0.1   -0.1       T
  MONTH TO DATE    T                         1.3   -1.3      0.2
  SINCE JUL 1      T                         1.4   -1.4      0.2
  SNOW DEPTH       0

DEGREE DAYS
 HEATING
  TODAY            7                        25    -18       29
  MONTH TO DATE  453                       491    -38      412
  SINCE SEP 1    680                       789   -109      580
  SINCE JUL 1    757                       938   -181      654

 COOLING
  TODAY            0                         0      0        0
  MONTH TO DATE    0                         0      0        0
  SINCE SEP 1      9                        14     -5       24
  SINCE JAN 1    179                       204    -25      375
..................................................................


WIND (MPH)
  HIGHEST WIND SPEED    18   HIGHEST WIND DIRECTION     W (260)
  HIGHEST GUST SPEED    23   HIGHEST GUST DIRECTION     W (250)
  AVERAGE WIND SPEED    10.9


SKY COVER
  POSSIBLE SUNSHINE  MM
  AVERAGE SKY COVER 0.3


WEATHER CONDITIONS
 THE FOLLOWING WEATHER WAS RECORDED TODAY.
  FOG
  FOG W/VISIBILITY <= 1/4 MILE
  HAZE


RELATIVE HUMIDITY (PERCENT)
 HIGHEST    93          1200 AM
 LOWEST     53           200 PM
 AVERAGE    73

..........................................................


THE DULUTH MN CLIMATE NORMALS FOR TOMORROW
                         NORMAL    RECORD    YEAR
 MAXIMUM TEMPERATURE (F)   47        72      1989
 MINIMUM TEMPERATURE (F)   32         8      1887


SUNRISE AND SUNSET
OCTOBER 24 2014.......SUNRISE   739 AM CDT   SUNSET   606 PM CDT
OCTOBER 25 2014.......SUNRISE   741 AM CDT   SUNSET   604 PM CDT


-  INDICATES NEGATIVE NUMBERS.
R  INDICATES RECORD WAS SET OR TIED.
MM INDICATES DATA IS MISSING.
T  INDICATES TRACE AMOUNT.




$$
