000
CDUS43 KDLH 010620
CLIDLH


CLIMATE REPORT
NATIONAL WEATHER SERVICE DULUTH MN
117 AM CDT SUN MAY 1 2016


...................................

...THE DULUTH MN CLIMATE SUMMARY FOR APRIL 30 2016...

CLIMATE NORMAL PERIOD 1981 TO 2010
CLIMATE RECORD PERIOD 1870 TO 2016


WEATHER ITEM   OBSERVED TIME   RECORD YEAR NORMAL DEPARTURE LAST
                VALUE   (LST)  VALUE       VALUE  FROM      YEAR
                                                  NORMAL
..................................................................
TEMPERATURE (F)
 YESTERDAY
  MAXIMUM         50        MM  85    1952  57     -7       56
                                      1934
  MINIMUM         35        MM  22    1966  36     -1       32
  AVERAGE         43                        46     -3       44

PRECIPITATION (IN)
  YESTERDAY        0.00          1.85 1954   0.10  -0.10     0.00
  MONTH TO DATE    2.40                      2.43  -0.03     1.03
  SINCE MAR 1      6.36                      3.92   2.44     1.82
  SINCE JAN 1      8.24                      5.69   2.55     2.66

SNOWFALL (IN)
  YESTERDAY        0.0           5.5  1909   0.1   -0.1      0.0
  MONTH TO DATE    9.8                       6.9    2.9      1.2
  SINCE MAR 1     27.1                      20.1    7.0      9.3
  SINCE JUL 1     81.3                      85.7   -4.4     49.2
  SNOW DEPTH       0

DEGREE DAYS
 HEATING
  YESTERDAY       22                        19      3       21
  MONTH TO DATE  809                       762     47      675
  SINCE MAR 1   1837                      1972   -135     1734
  SINCE JUL 1   7674                      8839  -1165     8573

 COOLING
  YESTERDAY        0                         0      0        0
  MONTH TO DATE    0                         0      0        0
  SINCE MAR 1      0                         0      0        0
  SINCE JAN 1      0                         0      0        0
..................................................................


WIND (MPH)
  HIGHEST WIND SPEED    25   HIGHEST WIND DIRECTION     E (80)
  HIGHEST GUST SPEED    37   HIGHEST GUST DIRECTION     E (90)
  AVERAGE WIND SPEED    16.1


SKY COVER
  AVERAGE SKY COVER 0.2


WEATHER CONDITIONS
 THE FOLLOWING WEATHER WAS RECORDED YESTERDAY.
  NO SIGNIFICANT WEATHER WAS OBSERVED.


RELATIVE HUMIDITY (PERCENT)
 HIGHEST    76           600 AM
 LOWEST     45           200 PM
 AVERAGE    61

..........................................................


THE DULUTH MN CLIMATE NORMALS FOR TODAY
                         NORMAL    RECORD    YEAR
 MAXIMUM TEMPERATURE (F)   57        86      1959
 MINIMUM TEMPERATURE (F)   36        19      1966
                                             1909


SUNRISE AND SUNSET
MAY  1 2016...........SUNRISE   553 AM CDT   SUNSET   820 PM CDT
MAY  2 2016...........SUNRISE   551 AM CDT   SUNSET   821 PM CDT


-  INDICATES NEGATIVE NUMBERS.
R  INDICATES RECORD WAS SET OR TIED.
MM INDICATES DATA IS MISSING.
T  INDICATES TRACE AMOUNT.




$$
