638
CDUS43 KDLH 232234
CLIDLH


CLIMATE REPORT
NATIONAL WEATHER SERVICE DULUTH MN
430 PM CST TUE JAN 23 2018


...................................

...THE DULUTH CLIMATE SUMMARY FOR JANUARY 23 2018...
VALID TODAY AS OF 0400 PM LOCAL TIME.

CLIMATE NORMAL PERIOD 1981 TO 2010
CLIMATE RECORD PERIOD 1870 TO 2018


WEATHER ITEM   OBSERVED TIME   RECORD YEAR NORMAL DEPARTURE LAST
                VALUE   (LST)  VALUE       VALUE  FROM      YEAR
                                                  NORMAL
..................................................................
TEMPERATURE (F)
 TODAY
  MAXIMUM         23    359 PM  55    1942  19      4       38
  MINIMUM          3    830 AM -38    1935   1      2       32
  AVERAGE         13                        10      3       35

PRECIPITATION (IN)
  TODAY            0.00          1.18 1969   0.03  -0.03     0.02
  MONTH TO DATE    0.52                      0.75  -0.23     0.81
  SINCE DEC 1      1.35                      1.96  -0.61     2.88
  SINCE JAN 1      0.52                      0.75  -0.23     0.81

SNOWFALL (IN)
  TODAY            0.0          10.1  1969   0.5   -0.5       T
  MONTH TO DATE    7.2                      15.1   -7.9     10.2
  SINCE JUL 1     42.2                      48.9   -6.7     39.6
  SNOW DEPTH       8

DEGREE DAYS
 HEATING
  TODAY           52                        55     -3       30
  MONTH TO DATE 1267                      1262      5     1169
  SINCE DEC 1   2950                      2818    132     2681
  SINCE JUL 1   5096                      5031     65     4163

 COOLING
  TODAY            0                         0      0        0
  MONTH TO DATE    0                         0      0        0
  SINCE DEC 1      0                         0      0        0
  SINCE JAN 1      0                         0      0        0
..................................................................


WIND (MPH)
  HIGHEST WIND SPEED    18   HIGHEST WIND DIRECTION     N (340)
  HIGHEST GUST SPEED    23   HIGHEST GUST DIRECTION     N (340)
  AVERAGE WIND SPEED    10.7


SKY COVER
  AVERAGE SKY COVER 0.4


WEATHER CONDITIONS
 THE FOLLOWING WEATHER WAS RECORDED TODAY.
  NO SIGNIFICANT WEATHER WAS OBSERVED.


RELATIVE HUMIDITY (PERCENT)
 HIGHEST    86           700 AM
 LOWEST     50           300 PM
 AVERAGE    68

..........................................................


THE DULUTH CLIMATE NORMALS FOR TOMORROW
                         NORMAL    RECORD    YEAR
 MAXIMUM TEMPERATURE (F)   19        50      1892
 MINIMUM TEMPERATURE (F)    1       -37      1904


SUNRISE AND SUNSET
JANUARY 23 2018.......SUNRISE   743 AM CST   SUNSET   459 PM CST
JANUARY 24 2018.......SUNRISE   742 AM CST   SUNSET   500 PM CST


-  INDICATES NEGATIVE NUMBERS.
R  INDICATES RECORD WAS SET OR TIED.
MM INDICATES DATA IS MISSING.
T  INDICATES TRACE AMOUNT.




$$
