000
CDUS43 KDLH 270620
CLIDLH


CLIMATE REPORT
NATIONAL WEATHER SERVICE DULUTH MN
120 AM CDT FRI MAR 27 2015


...................................

...THE DULUTH MN CLIMATE SUMMARY FOR MARCH 26 2015...

CLIMATE NORMAL PERIOD 1981 TO 2010
CLIMATE RECORD PERIOD 1870 TO 2015


WEATHER ITEM   OBSERVED TIME   RECORD YEAR NORMAL DEPARTURE LAST
                VALUE   (LST)  VALUE       VALUE  FROM      YEAR
                                                  NORMAL
..................................................................
TEMPERATURE (F)
 YESTERDAY
  MAXIMUM         30    422 PM  72    2007  39     -9       29
  MINIMUM         17   1159 PM -19    1965  22     -5       -1
  AVERAGE         24                        30     -6       14

PRECIPITATION (IN)
  YESTERDAY        T             1.41 1950   0.05  -0.05     0.00
  MONTH TO DATE    0.66                      1.22  -0.56     0.91
  SINCE MAR 1      0.66                      1.22  -0.56     0.91
  SINCE JAN 1      1.50                      2.99  -1.49     3.76

SNOWFALL (IN)
  YESTERDAY        T             4.5  1995   0.4   -0.4      0.0
  MONTH TO DATE    7.3                      11.7   -4.4     14.9
  SINCE MAR 1      7.3                      11.7   -4.4     14.9
  SINCE JUL 1     47.2                      77.3  -30.1     98.7
  SNOW DEPTH       T

DEGREE DAYS
 HEATING
  YESTERDAY       41                        35      6       51
  MONTH TO DATE  905                      1043   -138     1266
  SINCE MAR 1    905                      1043   -138     1266
  SINCE JUL 1   7744                      7910   -166     8707

 COOLING
  YESTERDAY        0                         0      0        0
  MONTH TO DATE    0                         0      0        0
  SINCE MAR 1      0                         0      0        0
  SINCE JAN 1      0                         0      0        0
..................................................................


WIND (MPH)
  HIGHEST WIND SPEED    23   HIGHEST WIND DIRECTION     N (350)
  HIGHEST GUST SPEED    32   HIGHEST GUST DIRECTION    NW (320)
  AVERAGE WIND SPEED    13.6


SKY COVER
  AVERAGE SKY COVER 0.5


WEATHER CONDITIONS
 THE FOLLOWING WEATHER WAS RECORDED YESTERDAY.
  LIGHT SNOW


RELATIVE HUMIDITY (PERCENT)
 HIGHEST    75           100 AM
 LOWEST     31           400 PM
 AVERAGE    53

..........................................................


THE DULUTH MN CLIMATE NORMALS FOR TODAY
                         NORMAL    RECORD    YEAR
 MAXIMUM TEMPERATURE (F)   39        79      1946
 MINIMUM TEMPERATURE (F)   22        -8      1982


SUNRISE AND SUNSET
MARCH 27 2015.........SUNRISE   658 AM CDT   SUNSET   730 PM CDT
MARCH 28 2015.........SUNRISE   656 AM CDT   SUNSET   732 PM CDT


-  INDICATES NEGATIVE NUMBERS.
R  INDICATES RECORD WAS SET OR TIED.
MM INDICATES DATA IS MISSING.
T  INDICATES TRACE AMOUNT.




$$
