000
CDUS43 KDLH 240658
CLIDLH


CLIMATE REPORT
NATIONAL WEATHER SERVICE DULUTH MN
158 AM CDT WED AUG 24 2016


...................................

...THE DULUTH MN CLIMATE SUMMARY FOR AUGUST 23 2016...

CLIMATE NORMAL PERIOD 1981 TO 2010
CLIMATE RECORD PERIOD 1870 TO 2016


WEATHER ITEM   OBSERVED TIME   RECORD YEAR NORMAL DEPARTURE LAST
                VALUE   (LST)  VALUE       VALUE  FROM      YEAR
                                                  NORMAL
..................................................................
TEMPERATURE (F)
 YESTERDAY
  MAXIMUM         85    326 PM  94    1947  73     12       60
  MINIMUM         66    627 AM  36    1977  54     12       51
  AVERAGE         76                        63     13       56

PRECIPITATION (IN)
  YESTERDAY        0.00          2.72 1978   0.12  -0.12     0.01
  MONTH TO DATE    2.91                      2.70   0.21     4.03
  SINCE JUN 1     11.76                     10.78   0.98    10.68
  SINCE JAN 1     21.87                     19.70   2.17    17.07

SNOWFALL (IN)
  YESTERDAY        0.0           T    1998   0.0    0.0      0.0
  MONTH TO DATE    0.0                       0.0    0.0      0.0
  SINCE JUN 1      T                         0.0    0.0       T
  SINCE JUL 1      0.0                       0.0    0.0      0.0
  SNOW DEPTH       0

DEGREE DAYS
 HEATING
  YESTERDAY        0                         3     -3        9
  MONTH TO DATE   16                        53    -37       47
  SINCE JUN 1    187                       295   -108      183
  SINCE JUL 1     45                       116    -71       62

 COOLING
  YESTERDAY       11                         2      9        0
  MONTH TO DATE   98                        56     42       76
  SINCE JUN 1    244                       176     68      254
  SINCE JAN 1    253                       180     73      258
..................................................................


WIND (MPH)
  HIGHEST WIND SPEED    23   HIGHEST WIND DIRECTION     S (200)
  HIGHEST GUST SPEED    27   HIGHEST GUST DIRECTION     S (190)
  AVERAGE WIND SPEED    13.6


SKY COVER
  AVERAGE SKY COVER 0.1


WEATHER CONDITIONS
 THE FOLLOWING WEATHER WAS RECORDED YESTERDAY.
  NO SIGNIFICANT WEATHER WAS OBSERVED.


RELATIVE HUMIDITY (PERCENT)
 HIGHEST    84          1100 PM
 LOWEST     55           300 PM
 AVERAGE    70

..........................................................


THE DULUTH MN CLIMATE NORMALS FOR TODAY
                         NORMAL    RECORD    YEAR
 MAXIMUM TEMPERATURE (F)   73        94      1948
 MINIMUM TEMPERATURE (F)   53        35      1977


SUNRISE AND SUNSET
AUGUST 24 2016........SUNRISE   618 AM CDT   SUNSET   802 PM CDT
AUGUST 25 2016........SUNRISE   620 AM CDT   SUNSET   800 PM CDT


-  INDICATES NEGATIVE NUMBERS.
R  INDICATES RECORD WAS SET OR TIED.
MM INDICATES DATA IS MISSING.
T  INDICATES TRACE AMOUNT.




$$
