000
CDUS43 KDLH 250622
CLIDLH


CLIMATE REPORT
NATIONAL WEATHER SERVICE DULUTH MN
1220 AM CST THU DEC 25 2014


...................................

...THE DULUTH MN CLIMATE SUMMARY FOR DECEMBER 24 2014...

CLIMATE NORMAL PERIOD 1981 TO 2010
CLIMATE RECORD PERIOD 1870 TO 2014


WEATHER ITEM   OBSERVED TIME   RECORD YEAR NORMAL DEPARTURE LAST
                VALUE   (LST)  VALUE       VALUE  FROM      YEAR
                                                  NORMAL
..................................................................
TEMPERATURE (F)
 YESTERDAY
  MAXIMUM         34    233 PM  47    1881  20     14        7
  MINIMUM         31    856 PM -24    1933   4     27      -17
                                      1924
  AVERAGE         33                        12     21       -5

PRECIPITATION (IN)
  YESTERDAY        T             0.77 2009   0.04  -0.04     0.04
  MONTH TO DATE    1.25                      0.95   0.30     2.84
  SINCE DEC 1      1.25                      0.95   0.30     2.84
  SINCE JAN 1     30.62                     30.70  -0.08    30.44

SNOWFALL (IN)
  YESTERDAY        0.1          11.0  2009   0.6   -0.5      0.7
  MONTH TO DATE    8.6                      13.3   -4.7     37.8
  SINCE DEC 1      8.6                      13.3   -4.7     37.8
  SINCE JUL 1     25.1                      29.4   -4.3     42.8
  SNOW DEPTH       6

DEGREE DAYS
 HEATING
  YESTERDAY       32                        53    -21       70
  MONTH TO DATE  970                      1183   -213     1429
  SINCE DEC 1    970                      1183   -213     1429
  SINCE JUL 1   3185                      3396   -211     3386

 COOLING
  YESTERDAY        0                         0      0        0
  MONTH TO DATE    0                         0      0        0
  SINCE DEC 1      0                         0      0        0
  SINCE JAN 1    179                       204    -25      375
..................................................................


WIND (MPH)
  HIGHEST WIND SPEED    16   HIGHEST WIND DIRECTION     W (250)
  HIGHEST GUST SPEED    20   HIGHEST GUST DIRECTION    SW (240)
  AVERAGE WIND SPEED     7.9


SKY COVER
  AVERAGE SKY COVER 1.0


WEATHER CONDITIONS
 THE FOLLOWING WEATHER WAS RECORDED YESTERDAY.
  LIGHT SNOW
  FOG
  HAZE


RELATIVE HUMIDITY (PERCENT)
 HIGHEST    92           700 PM
 LOWEST     75          1100 AM
 AVERAGE    84

..........................................................


THE DULUTH MN CLIMATE NORMALS FOR TODAY
                         NORMAL    RECORD    YEAR
 MAXIMUM TEMPERATURE (F)   20        44      1999
                                             1881
 MINIMUM TEMPERATURE (F)    4       -34      1879


SUNRISE AND SUNSET
DECEMBER 25 2014......SUNRISE   753 AM CST   SUNSET   425 PM CST
DECEMBER 26 2014......SUNRISE   753 AM CST   SUNSET   426 PM CST


-  INDICATES NEGATIVE NUMBERS.
R  INDICATES RECORD WAS SET OR TIED.
MM INDICATES DATA IS MISSING.
T  INDICATES TRACE AMOUNT.




$$
