119
CDUS43 KDLH 222235
CLIDLH


CLIMATE REPORT
NATIONAL WEATHER SERVICE DULUTH MN
425 PM CST THU FEB 22 2018


...................................

...THE DULUTH CLIMATE SUMMARY FOR FEBRUARY 22 2018...
VALID TODAY AS OF 0400 PM LOCAL TIME.

CLIMATE NORMAL PERIOD 1981 TO 2010
CLIMATE RECORD PERIOD 1870 TO 2018


WEATHER ITEM   OBSERVED TIME   RECORD YEAR NORMAL DEPARTURE LAST
                VALUE   (LST)  VALUE       VALUE  FROM      YEAR
                                                  NORMAL
..................................................................
TEMPERATURE (F)
 TODAY
  MAXIMUM         23    332 PM  52    1961  26     -3       46
  MINIMUM         -7    404 AM -27    1889   9    -16       33
  AVERAGE          8                        17     -9       40

PRECIPITATION (IN)
  TODAY            0.00          0.85 1922   0.04  -0.04     0.24
  MONTH TO DATE    0.88                      0.58   0.30     1.42
  SINCE DEC 1      2.34                      2.75  -0.41     4.65
  SINCE JAN 1      1.51                      1.54  -0.03     2.58

SNOWFALL (IN)
  TODAY            0.0           7.6  1979   0.5   -0.5      1.5
  MONTH TO DATE   12.1                       9.3    2.8      7.1
  SINCE JUL 1     56.2                      62.5   -6.3     52.0
  SNOW DEPTH      14

DEGREE DAYS
 HEATING
  TODAY           57                        48      9       25
  MONTH TO DATE 1285                      1122    163      917
  SINCE DEC 1   4634                      4377    257     3940
  SINCE JUL 1   6780                      6590    190     5422

 COOLING
  TODAY            0                         0      0        0
  MONTH TO DATE    0                         0      0        0
  SINCE DEC 1      0                         0      0        0
  SINCE JAN 1      0                         0      0        0
..................................................................


WIND (MPH)
  HIGHEST WIND SPEED    12   HIGHEST WIND DIRECTION    SE (150)
  HIGHEST GUST SPEED    13   HIGHEST GUST DIRECTION    SE (150)
  AVERAGE WIND SPEED     4.2


SKY COVER
  AVERAGE SKY COVER 0.2


WEATHER CONDITIONS
 THE FOLLOWING WEATHER WAS RECORDED TODAY.
  NO SIGNIFICANT WEATHER WAS OBSERVED.


RELATIVE HUMIDITY (PERCENT)
 HIGHEST    91           800 AM
 LOWEST     45          1200 PM
 AVERAGE    68

..........................................................


THE DULUTH CLIMATE NORMALS FOR TOMORROW
                         NORMAL    RECORD    YEAR
 MAXIMUM TEMPERATURE (F)   27        53      1958
 MINIMUM TEMPERATURE (F)    9       -30      1889


SUNRISE AND SUNSET
FEBRUARY 22 2018......SUNRISE   701 AM CST   SUNSET   544 PM CST
FEBRUARY 23 2018......SUNRISE   659 AM CST   SUNSET   546 PM CST


-  INDICATES NEGATIVE NUMBERS.
R  INDICATES RECORD WAS SET OR TIED.
MM INDICATES DATA IS MISSING.
T  INDICATES TRACE AMOUNT.




$$
