000
CDUS43 KDLH 180630
CLIDLH


CLIMATE REPORT
NATIONAL WEATHER SERVICE DULUTH MN
1228 AM CST SAT FEB 18 2017


...................................

...THE DULUTH MN CLIMATE SUMMARY FOR FEBRUARY 17 2017...

CLIMATE NORMAL PERIOD 1981 TO 2010
CLIMATE RECORD PERIOD 1870 TO 2017


WEATHER ITEM   OBSERVED TIME   RECORD YEAR NORMAL DEPARTURE LAST
                VALUE   (LST)  VALUE       VALUE  FROM      YEAR
                                                  NORMAL
..................................................................
TEMPERATURE (F)
 YESTERDAY
  MAXIMUM         52R   411 PM  52    1981  25     27       23
  MINIMUM         23    520 AM -29    1936   7     16      -13
  AVERAGE         38                        16     22        5

PRECIPITATION (IN)
  YESTERDAY        0.00          0.63 1972   0.03  -0.03     0.00
  MONTH TO DATE    0.41                      0.42  -0.01     0.39
  SINCE DEC 1      3.64                      2.59   1.05     5.14
  SINCE JAN 1      1.57                      1.38   0.19     1.44

SNOWFALL (IN)
  YESTERDAY        0.0           6.0  2014   0.5   -0.5      0.0
                                      1972
  MONTH TO DATE    5.6                       7.0   -1.4      7.5
  SINCE DEC 1     42.4                      44.1   -1.7     45.1
  SINCE JUL 1     50.5                      60.2   -9.7     49.5
  SNOW DEPTH      12

DEGREE DAYS
 HEATING
  YESTERDAY       27                        49    -22       60
  MONTH TO DATE  795                       880    -85      917
  SINCE DEC 1   3818                      4135   -317     3715
  SINCE JUL 1   5300                      6348  -1048     5378

 COOLING
  YESTERDAY        0                         0      0        0
  MONTH TO DATE    0                         0      0        0
  SINCE DEC 1      0                         0      0        0
  SINCE JAN 1      0                         0      0        0
..................................................................


WIND (MPH)
  HIGHEST WIND SPEED    18   HIGHEST WIND DIRECTION     W (280)
  HIGHEST GUST SPEED    26   HIGHEST GUST DIRECTION     W (280)
  AVERAGE WIND SPEED     7.2


SKY COVER
  AVERAGE SKY COVER 0.0


WEATHER CONDITIONS
 THE FOLLOWING WEATHER WAS RECORDED YESTERDAY.
  NO SIGNIFICANT WEATHER WAS OBSERVED.


RELATIVE HUMIDITY (PERCENT)
 HIGHEST    81          1200 AM
 LOWEST     44           300 PM
 AVERAGE    63

..........................................................


THE DULUTH MN CLIMATE NORMALS FOR TODAY
                         NORMAL    RECORD    YEAR
 MAXIMUM TEMPERATURE (F)   25        53      1981
 MINIMUM TEMPERATURE (F)    7       -25      1966


SUNRISE AND SUNSET
FEBRUARY 18 2017......SUNRISE   707 AM CST   SUNSET   538 PM CST
FEBRUARY 19 2017......SUNRISE   705 AM CST   SUNSET   540 PM CST


-  INDICATES NEGATIVE NUMBERS.
R  INDICATES RECORD WAS SET OR TIED.
MM INDICATES DATA IS MISSING.
T  INDICATES TRACE AMOUNT.




$$

WM
