000
CDUS43 KDLH 012225
CLIDLH


CLIMATE REPORT
NATIONAL WEATHER SERVICE DULUTH MN
524 PM CDT WED JUL 1 2015


...................................

...THE DULUTH MN CLIMATE SUMMARY FOR JULY 1 2015...
VALID TODAY AS OF 0500 PM LOCAL TIME.

CLIMATE NORMAL PERIOD 1981 TO 2010
CLIMATE RECORD PERIOD 1870 TO 2015


WEATHER ITEM   OBSERVED TIME   RECORD YEAR NORMAL DEPARTURE LAST
                VALUE   (LST)  VALUE       VALUE  FROM      YEAR
                                                  NORMAL
..................................................................
TEMPERATURE (F)
 TODAY
  MAXIMUM         72    403 PM  99    1883  75     -3       71
  MINIMUM         48    224 AM  35    1988  54     -6       54
  AVERAGE         60                        64     -4       63

PRECIPITATION (IN)
  TODAY            0.00          2.09 1953   0.15  -0.15     0.01
  MONTH TO DATE    0.00                      0.15  -0.15     0.01
  SINCE JUN 1      3.64                      4.38  -0.74     4.48
  SINCE JAN 1     10.03                     13.30  -3.27    16.91

SNOWFALL (IN)
  TODAY            0.0           T    1953   0.0    0.0      0.0
  MONTH TO DATE    0.0                       0.0    0.0      0.0
  SINCE JUL 1      0.0                       0.0    0.0      0.0
  SNOW DEPTH       0

DEGREE DAYS
 HEATING
  TODAY            5                         3      2        2
  MONTH TO DATE    5                         3      2        2
  SINCE JUN 1    126                       182    -56      164
  SINCE JUL 1      5                         3      2        2

 COOLING
  TODAY            0                         2     -2        0
  MONTH TO DATE    0                         2     -2        0
  SINCE JUN 1     22                        32    -10       29
  SINCE JAN 1     26                        36    -10       47
..................................................................


WIND (MPH)
  HIGHEST WIND SPEED    13   HIGHEST WIND DIRECTION    SE (150)
  HIGHEST GUST SPEED    14   HIGHEST GUST DIRECTION     S (160)
  AVERAGE WIND SPEED     4.7


SKY COVER
  POSSIBLE SUNSHINE  MM
  AVERAGE SKY COVER 0.2


WEATHER CONDITIONS
 THE FOLLOWING WEATHER WAS RECORDED TODAY.
  NO SIGNIFICANT WEATHER WAS OBSERVED.


RELATIVE HUMIDITY (PERCENT)
 HIGHEST    93           100 AM
 LOWEST     53           400 PM
 AVERAGE    73

..........................................................


THE DULUTH MN CLIMATE NORMALS FOR TOMORROW
                         NORMAL    RECORD    YEAR
 MAXIMUM TEMPERATURE (F)   75        90      1937
 MINIMUM TEMPERATURE (F)   54        42      1994
                                             1980
                                             1971


SUNRISE AND SUNSET
JULY  1 2015..........SUNRISE   518 AM CDT   SUNSET   906 PM CDT
JULY  2 2015..........SUNRISE   519 AM CDT   SUNSET   906 PM CDT


-  INDICATES NEGATIVE NUMBERS.
R  INDICATES RECORD WAS SET OR TIED.
MM INDICATES DATA IS MISSING.
T  INDICATES TRACE AMOUNT.




$$
