000
CDUS43 KDLH 162247
CLIDLH


CLIMATE REPORT
NATIONAL WEATHER SERVICE DULUTH MN
446 PM CST THU NOV 16 2017


...................................

...THE DULUTH CLIMATE SUMMARY FOR NOVEMBER 16 2017...
VALID TODAY AS OF 0400 PM LOCAL TIME.

CLIMATE NORMAL PERIOD 1981 TO 2010
CLIMATE RECORD PERIOD 1870 TO 2017


WEATHER ITEM   OBSERVED TIME   RECORD YEAR NORMAL DEPARTURE LAST
                VALUE   (LST)  VALUE       VALUE  FROM      YEAR
                                                  NORMAL
..................................................................
TEMPERATURE (F)
 TODAY
  MAXIMUM         25    359 PM  64    1931  35    -10       48
  MINIMUM         17    716 AM -10    1933  22     -5       31
  AVERAGE         21                        28     -7       40

PRECIPITATION (IN)
  TODAY            T             1.57 1996   0.07  -0.07     0.00
  MONTH TO DATE    1.12                      1.19  -0.07     0.10
  SINCE SEP 1      8.07                      8.15  -0.08     5.17
  SINCE JAN 1     35.76                     28.85   6.91    29.09

SNOWFALL (IN)
  TODAY            T             6.6  1909   0.6   -0.6      0.0
  MONTH TO DATE    9.4                       5.9    3.5      0.0
  SINCE JUL 1     20.5                       8.3   12.2       T
  SNOW DEPTH       2

DEGREE DAYS
 HEATING
  TODAY           44                        36      8       25
  MONTH TO DATE  653                       520    133      280
  SINCE SEP 1   1459                      1496    -37      973
  SINCE JUL 1   1629                      1645    -16     1027

 COOLING
  TODAY            0                         0      0        0
  MONTH TO DATE    0                         0      0        0
  SINCE SEP 1     26                        14     12       14
  SINCE JAN 1    126                       204    -78      281
..................................................................


WIND (MPH)
  HIGHEST WIND SPEED    21   HIGHEST WIND DIRECTION    SE (120)
  HIGHEST GUST SPEED    29   HIGHEST GUST DIRECTION     N (340)
  AVERAGE WIND SPEED    10.2


SKY COVER
  AVERAGE SKY COVER 0.9


WEATHER CONDITIONS
 THE FOLLOWING WEATHER WAS RECORDED TODAY.
  LIGHT SNOW
  FOG


RELATIVE HUMIDITY (PERCENT)
 HIGHEST   100          1200 PM
 LOWEST     77           400 AM
 AVERAGE    89

..........................................................


THE DULUTH CLIMATE NORMALS FOR TOMORROW
                         NORMAL    RECORD    YEAR
 MAXIMUM TEMPERATURE (F)   35        68      1953
 MINIMUM TEMPERATURE (F)   21        -9      1959


SUNRISE AND SUNSET
NOVEMBER 16 2017......SUNRISE   713 AM CST   SUNSET   433 PM CST
NOVEMBER 17 2017......SUNRISE   715 AM CST   SUNSET   432 PM CST


-  INDICATES NEGATIVE NUMBERS.
R  INDICATES RECORD WAS SET OR TIED.
MM INDICATES DATA IS MISSING.
T  INDICATES TRACE AMOUNT.




$$
