000
CDUS43 KDLH 032224
CLIDLH


CLIMATE REPORT
NATIONAL WEATHER SERVICE DULUTH MN
522 PM CDT FRI JUL 3 2015


...................................

...THE DULUTH MN CLIMATE SUMMARY FOR JULY 3 2015...
VALID TODAY AS OF 0500 PM LOCAL TIME.

CLIMATE NORMAL PERIOD 1981 TO 2010
CLIMATE RECORD PERIOD 1870 TO 2015


WEATHER ITEM   OBSERVED TIME   RECORD YEAR NORMAL DEPARTURE LAST
                VALUE   (LST)  VALUE       VALUE  FROM      YEAR
                                                  NORMAL
..................................................................
TEMPERATURE (F)
 TODAY
  MAXIMUM         81    242 PM  93    1990  75      6       75
  MINIMUM         60    616 AM  40    1963  54      6       51
  AVERAGE         71                        65      6       63

PRECIPITATION (IN)
  TODAY            0.12          3.41 1897   0.15  -0.03     0.00
  MONTH TO DATE    0.12                      0.45  -0.33     0.01
  SINCE JUN 1      3.76                      4.68  -0.92     4.48
  SINCE JAN 1     10.15                     13.60  -3.45    16.91

SNOWFALL (IN)
  TODAY            0.0                       0.0    0.0      0.0
  MONTH TO DATE    0.0                       0.0    0.0      0.0
  SINCE JUL 1      0.0                       0.0    0.0      0.0
  SNOW DEPTH       0

DEGREE DAYS
 HEATING
  TODAY            0                         3     -3        2
  MONTH TO DATE    5                         9     -4        6
  SINCE JUN 1    126                       188    -62      168
  SINCE JUL 1      5                         9     -4        6

 COOLING
  TODAY            6                         2      4        0
  MONTH TO DATE    6                         6      0        0
  SINCE JUN 1     28                        36     -8       29
  SINCE JAN 1     32                        40     -8       47
..................................................................


WIND (MPH)
  HIGHEST WIND SPEED    16   HIGHEST WIND DIRECTION     W (270)
  HIGHEST GUST SPEED    20   HIGHEST GUST DIRECTION     W (260)
  AVERAGE WIND SPEED     9.0


SKY COVER
  POSSIBLE SUNSHINE  MM
  AVERAGE SKY COVER 0.5


WEATHER CONDITIONS
 THE FOLLOWING WEATHER WAS RECORDED TODAY.
  LIGHT RAIN
  HAZE


RELATIVE HUMIDITY (PERCENT)
 HIGHEST    78           100 AM
 LOWEST     51           300 PM
 AVERAGE    65

..........................................................


THE DULUTH MN CLIMATE NORMALS FOR TOMORROW
                         NORMAL    RECORD    YEAR
 MAXIMUM TEMPERATURE (F)   75        95      1881
 MINIMUM TEMPERATURE (F)   54        40      1972


SUNRISE AND SUNSET
JULY  3 2015..........SUNRISE   520 AM CDT   SUNSET   906 PM CDT
JULY  4 2015..........SUNRISE   520 AM CDT   SUNSET   906 PM CDT


-  INDICATES NEGATIVE NUMBERS.
R  INDICATES RECORD WAS SET OR TIED.
MM INDICATES DATA IS MISSING.
T  INDICATES TRACE AMOUNT.




$$
