633
CDUS43 KDLH 060635
CLIDLH


CLIMATE REPORT
NATIONAL WEATHER SERVICE DULUTH MN
1232 AM CST TUE DEC 6 2016


...................................

...THE DULUTH MN CLIMATE SUMMARY FOR DECEMBER 5 2016...

CLIMATE NORMAL PERIOD 1981 TO 2010
CLIMATE RECORD PERIOD 1870 TO 2016


WEATHER ITEM   OBSERVED TIME   RECORD YEAR NORMAL DEPARTURE LAST
                VALUE   (LST)  VALUE       VALUE  FROM      YEAR
                                                  NORMAL
..................................................................
TEMPERATURE (F)
 YESTERDAY
  MAXIMUM         35   1159 PM  52    1913  26      9       42
  MINIMUM         30    915 AM -13    1964  12     18       35
  AVERAGE         33                        18     15       39

PRECIPITATION (IN)
  YESTERDAY        0.16          1.18 1909   0.04   0.12     0.00
  MONTH TO DATE    0.37                      0.23   0.14     0.99
  SINCE DEC 1      0.37                      0.23   0.14     0.99
  SINCE JAN 1     31.96                     29.98   1.98    29.58

SNOWFALL (IN)
  YESTERDAY        1.7           6.6  1950   0.6    1.1      0.0
  MONTH TO DATE    4.4                       2.7    1.7      5.4
  SINCE DEC 1      4.4                       2.7    1.7      5.4
  SINCE JUL 1     12.5                      18.8   -6.3      9.8
  SNOW DEPTH       2

DEGREE DAYS
 HEATING
  YESTERDAY       32                        47    -15       26
  MONTH TO DATE  175                       229    -54      157
  SINCE DEC 1    175                       229    -54      157
  SINCE JUL 1   1657                      2442   -785     1820

 COOLING
  YESTERDAY        0                         0      0        0
  MONTH TO DATE    0                         0      0        0
  SINCE DEC 1      0                         0      0        0
  SINCE JAN 1    281                       204     77      336
..................................................................


WIND (MPH)
  HIGHEST WIND SPEED    22   HIGHEST WIND DIRECTION     E (110)
  HIGHEST GUST SPEED    27   HIGHEST GUST DIRECTION     E (110)
  AVERAGE WIND SPEED    11.5


SKY COVER
  AVERAGE SKY COVER 0.7


WEATHER CONDITIONS
 THE FOLLOWING WEATHER WAS RECORDED YESTERDAY.
  LIGHT SNOW
  FOG
  FOG W/VISIBILITY <= 1/4 MILE


RELATIVE HUMIDITY (PERCENT)
 HIGHEST   100           700 PM
 LOWEST     75          1100 AM
 AVERAGE    88

..........................................................


THE DULUTH MN CLIMATE NORMALS FOR TODAY
                         NORMAL    RECORD    YEAR
 MAXIMUM TEMPERATURE (F)   25        56      1939
 MINIMUM TEMPERATURE (F)   11       -20      1972


SUNRISE AND SUNSET
DECEMBER  6 2016......SUNRISE   739 AM CST   SUNSET   420 PM CST
DECEMBER  7 2016......SUNRISE   740 AM CST   SUNSET   420 PM CST


-  INDICATES NEGATIVE NUMBERS.
R  INDICATES RECORD WAS SET OR TIED.
MM INDICATES DATA IS MISSING.
T  INDICATES TRACE AMOUNT.




$$
