000
CDUS43 KDLH 270631
CLIDLH


CLIMATE REPORT
NATIONAL WEATHER SERVICE DULUTH MN
131 AM CDT WED APR 27 2016


...................................

...THE DULUTH MN CLIMATE SUMMARY FOR APRIL 26 2016...

CLIMATE NORMAL PERIOD 1981 TO 2010
CLIMATE RECORD PERIOD 1870 TO 2016


WEATHER ITEM   OBSERVED TIME   RECORD YEAR NORMAL DEPARTURE LAST
                VALUE   (LST)  VALUE       VALUE  FROM      YEAR
                                                  NORMAL
..................................................................
TEMPERATURE (F)
 YESTERDAY
  MAXIMUM         44    224 PM  79    1952  55    -11       55
  MINIMUM         34   1159 PM  20    1996  34      0       29
                                      1950
  AVERAGE         39                        45     -6       42

PRECIPITATION (IN)
  YESTERDAY        T             1.29 1994   0.09  -0.09     0.00
  MONTH TO DATE    2.40                      2.03   0.37     1.03
  SINCE MAR 1      6.36                      3.52   2.84     1.82
  SINCE JAN 1      8.24                      5.29   2.95     2.66

SNOWFALL (IN)
  YESTERDAY        0.0           6.2  1893   0.2   -0.2      0.0
  MONTH TO DATE    9.8                       6.5    3.3      1.2
  SINCE MAR 1     27.1                      19.7    7.4      9.3
  SINCE JUL 1     81.3                      85.3   -4.0     49.2
  SNOW DEPTH       0

DEGREE DAYS
 HEATING
  YESTERDAY       26                        20      6       23
  MONTH TO DATE  712                       684     28      609
  SINCE MAR 1   1740                      1894   -154     1668
  SINCE JUL 1   7577                      8761  -1184     8507

 COOLING
  YESTERDAY        0                         0      0        0
  MONTH TO DATE    0                         0      0        0
  SINCE MAR 1      0                         0      0        0
  SINCE JAN 1      0                         0      0        0
..................................................................


WIND (MPH)
  HIGHEST WIND SPEED    28   HIGHEST WIND DIRECTION     E (70)
  HIGHEST GUST SPEED    36   HIGHEST GUST DIRECTION    SE (120)
  AVERAGE WIND SPEED    16.2


SKY COVER
  AVERAGE SKY COVER 0.5


WEATHER CONDITIONS
 THE FOLLOWING WEATHER WAS RECORDED YESTERDAY.
  LIGHT RAIN


RELATIVE HUMIDITY (PERCENT)
 HIGHEST    96           200 AM
 LOWEST     36           500 PM
 AVERAGE    66

..........................................................


THE DULUTH MN CLIMATE NORMALS FOR TODAY
                         NORMAL    RECORD    YEAR
 MAXIMUM TEMPERATURE (F)   55        88      1952
 MINIMUM TEMPERATURE (F)   35        18      1909


SUNRISE AND SUNSET
APRIL 27 2016.........SUNRISE   559 AM CDT   SUNSET   814 PM CDT
APRIL 28 2016.........SUNRISE   557 AM CDT   SUNSET   815 PM CDT


-  INDICATES NEGATIVE NUMBERS.
R  INDICATES RECORD WAS SET OR TIED.
MM INDICATES DATA IS MISSING.
T  INDICATES TRACE AMOUNT.




$$
