000
CDUS43 KDLH 280625
CLIDLH


CLIMATE REPORT
NATIONAL WEATHER SERVICE DULUTH MN
1224 AM CST WED JAN 28 2015


...................................

...THE DULUTH MN CLIMATE SUMMARY FOR JANUARY 27 2015...

CLIMATE NORMAL PERIOD 1981 TO 2010
CLIMATE RECORD PERIOD 1870 TO 2015


WEATHER ITEM   OBSERVED TIME   RECORD YEAR NORMAL DEPARTURE LAST
                VALUE   (LST)  VALUE       VALUE  FROM      YEAR
                                                  NORMAL
..................................................................
TEMPERATURE (F)
 YESTERDAY
  MAXIMUM         28    552 PM  46    1906  20      8       -7
  MINIMUM         25    907 AM -33    1885   2     23      -21
  AVERAGE         27                        10     17      -14

PRECIPITATION (IN)
  YESTERDAY        T             0.87 1916   0.03  -0.03      T
  MONTH TO DATE    0.46                      0.86  -0.40     0.73
  SINCE DEC 1      1.72                      2.07  -0.35     3.61
  SINCE JAN 1      0.46                      0.86  -0.40     0.73

SNOWFALL (IN)
  YESTERDAY        T             9.0  1916   0.6   -0.6       T
  MONTH TO DATE    6.6                      17.4  -10.8      9.4
  SINCE DEC 1     15.2                      35.1  -19.9     49.3
  SINCE JUL 1     31.7                      51.2  -19.5     54.3
  SNOW DEPTH       7

DEGREE DAYS
 HEATING
  YESTERDAY       38                        55    -17       79
  MONTH TO DATE 1420                      1482    -62     1689
  SINCE DEC 1   2761                      3038   -277     3555
  SINCE JUL 1   4976                      5251   -275     5512

 COOLING
  YESTERDAY        0                         0      0        0
  MONTH TO DATE    0                         0      0        0
  SINCE DEC 1      0                         0      0        0
  SINCE JAN 1      0                         0      0        0
..................................................................


WIND (MPH)
  HIGHEST WIND SPEED    13   HIGHEST WIND DIRECTION     S (180)
  HIGHEST GUST SPEED    15   HIGHEST GUST DIRECTION     S (180)
  AVERAGE WIND SPEED     5.8


SKY COVER
  AVERAGE SKY COVER 1.0


WEATHER CONDITIONS
 THE FOLLOWING WEATHER WAS RECORDED YESTERDAY.
  LIGHT SNOW


RELATIVE HUMIDITY (PERCENT)
 HIGHEST    88           600 AM
 LOWEST     75          1200 PM
 AVERAGE    82

..........................................................


THE DULUTH MN CLIMATE NORMALS FOR TODAY
                         NORMAL    RECORD    YEAR
 MAXIMUM TEMPERATURE (F)   20        51      1877
 MINIMUM TEMPERATURE (F)    2       -37      1966


SUNRISE AND SUNSET
JANUARY 28 2015.......SUNRISE   738 AM CST   SUNSET   505 PM CST
JANUARY 29 2015.......SUNRISE   737 AM CST   SUNSET   507 PM CST


-  INDICATES NEGATIVE NUMBERS.
R  INDICATES RECORD WAS SET OR TIED.
MM INDICATES DATA IS MISSING.
T  INDICATES TRACE AMOUNT.




$$
