303
CDUS43 KDLH 240656
CLIDLH


CLIMATE REPORT
NATIONAL WEATHER SERVICE DULUTH MN
156 AM CDT SAT SEP 24 2016


...................................

...THE DULUTH MN CLIMATE SUMMARY FOR SEPTEMBER 23 2016...

CLIMATE NORMAL PERIOD 1981 TO 2010
CLIMATE RECORD PERIOD 1870 TO 2016


WEATHER ITEM   OBSERVED TIME   RECORD YEAR NORMAL DEPARTURE LAST
                VALUE   (LST)  VALUE       VALUE  FROM      YEAR
                                                  NORMAL
..................................................................
TEMPERATURE (F)
 YESTERDAY
  MAXIMUM         64    128 PM  85    1891  62      2       54
  MINIMUM         53    702 AM  28    1928  43     10       49
  AVERAGE         59                        52      7       52

PRECIPITATION (IN)
  YESTERDAY        0.00          2.12 1940   0.13  -0.13     1.32
  MONTH TO DATE    2.55                      3.21  -0.66     6.51
  SINCE SEP 1      2.55                      3.21  -0.66     6.51
  SINCE JAN 1     26.47                     23.91   2.56    23.64

SNOWFALL (IN)
  YESTERDAY        0.0           0.0  2002   0.1   -0.1      0.0
                                      2001
  MONTH TO DATE    0.0                       0.1   -0.1      0.0
  SINCE SEP 1      0.0                       0.1   -0.1      0.0
  SINCE JUL 1      0.0                       0.1   -0.1      0.0
  SNOW DEPTH       0

DEGREE DAYS
 HEATING
  YESTERDAY        6                        13     -7       13
  MONTH TO DATE   90                       197   -107       87
  SINCE SEP 1     90                       197   -107       87
  SINCE JUL 1    144                       346   -202      183

 COOLING
  YESTERDAY        0                         0      0        0
  MONTH TO DATE   14                        13      1       52
  SINCE SEP 1     14                        13      1       52
  SINCE JAN 1    281                       203     78      330
..................................................................


WIND (MPH)
  HIGHEST WIND SPEED    23   HIGHEST WIND DIRECTION     E (100)
  HIGHEST GUST SPEED    29   HIGHEST GUST DIRECTION     E (100)
  AVERAGE WIND SPEED    13.6


SKY COVER
  AVERAGE SKY COVER 0.6


WEATHER CONDITIONS
 THE FOLLOWING WEATHER WAS RECORDED YESTERDAY.
  NO SIGNIFICANT WEATHER WAS OBSERVED.


RELATIVE HUMIDITY (PERCENT)
 HIGHEST   100          1200 AM
 LOWEST     60           100 PM
 AVERAGE    80

..........................................................


THE DULUTH MN CLIMATE NORMALS FOR TODAY
                         NORMAL    RECORD    YEAR
 MAXIMUM TEMPERATURE (F)   61        85      1892
 MINIMUM TEMPERATURE (F)   43        26      2000


SUNRISE AND SUNSET
SEPTEMBER 24 2016.....SUNRISE   659 AM CDT   SUNSET   701 PM CDT
SEPTEMBER 25 2016.....SUNRISE   700 AM CDT   SUNSET   659 PM CDT


-  INDICATES NEGATIVE NUMBERS.
R  INDICATES RECORD WAS SET OR TIED.
MM INDICATES DATA IS MISSING.
T  INDICATES TRACE AMOUNT.




$$
