000
CDUS43 KDLH 102223
CLIDLH


CLIMATE REPORT
NATIONAL WEATHER SERVICE DULUTH MN
522 PM CDT THU JUL 10 2014


...................................

...THE DULUTH MN CLIMATE SUMMARY FOR JULY 10 2014...
VALID TODAY AS OF 0500 PM LOCAL TIME.

CLIMATE NORMAL PERIOD 1981 TO 2010
CLIMATE RECORD PERIOD 1870 TO 2014


WEATHER ITEM   OBSERVED TIME   RECORD YEAR NORMAL DEPARTURE LAST
                VALUE   (LST)  VALUE       VALUE  FROM      YEAR
                                                  NORMAL
..................................................................
TEMPERATURE (F)
 TODAY
  MAXIMUM         78    238 PM  95    1980  76      2       80
                                      1936
  MINIMUM         54    418 AM  41    1968  55     -1       58
  AVERAGE         66                        66      0       69

PRECIPITATION (IN)
  TODAY            0.00          1.47 1879   0.13  -0.13      T
  MONTH TO DATE    1.54                      1.42   0.12     0.56
  SINCE JUN 1      6.01                      5.65   0.36     5.10
  SINCE JAN 1     18.44                     14.57   3.87    18.44

SNOWFALL (IN)
  TODAY            0.0           0.0  2002   0.0    0.0      0.0
                                      2001
  MONTH TO DATE    0.0                       0.0    0.0      0.0
  SINCE JUL 1      0.0                       0.0    0.0      0.0
  SNOW DEPTH       0

DEGREE DAYS
 HEATING
  TODAY            0                         2     -2        0
  MONTH TO DATE   12                        26    -14        9
  SINCE JUN 1    174                       205    -31      155
  SINCE JUL 1     12                        26    -14        9

 COOLING
  TODAY            1                         3     -2        4
  MONTH TO DATE   25                        27     -2       34
  SINCE JUN 1     54                        57     -3       87
  SINCE JAN 1     72                        61     11       88
..................................................................


WIND (MPH)
  HIGHEST WIND SPEED    16   HIGHEST WIND DIRECTION     S (200)
  HIGHEST GUST SPEED    23   HIGHEST GUST DIRECTION     S (170)
  AVERAGE WIND SPEED     5.8


SKY COVER
  POSSIBLE SUNSHINE  MM
  AVERAGE SKY COVER 0.3


WEATHER CONDITIONS
 THE FOLLOWING WEATHER WAS RECORDED TODAY.
  NO SIGNIFICANT WEATHER WAS OBSERVED.


RELATIVE HUMIDITY (PERCENT)
 HIGHEST    78           700 AM
 LOWEST     48           200 PM
 AVERAGE    63

..........................................................


THE DULUTH MN CLIMATE NORMALS FOR TOMORROW
                         NORMAL    RECORD    YEAR
 MAXIMUM TEMPERATURE (F)   76        92      1936
 MINIMUM TEMPERATURE (F)   55        41      1985


SUNRISE AND SUNSET
JULY 10 2014..........SUNRISE   525 AM CDT   SUNSET   902 PM CDT
JULY 11 2014..........SUNRISE   526 AM CDT   SUNSET   902 PM CDT


-  INDICATES NEGATIVE NUMBERS.
R  INDICATES RECORD WAS SET OR TIED.
MM INDICATES DATA IS MISSING.
T  INDICATES TRACE AMOUNT.




$$
