000
CDUS43 KDLH 180622
CLIDLH


CLIMATE REPORT
NATIONAL WEATHER SERVICE DULUTH MN
121 AM CDT THU SEP 18 2014


...................................

...THE DULUTH MN CLIMATE SUMMARY FOR SEPTEMBER 17 2014...

CLIMATE NORMAL PERIOD 1981 TO 2010
CLIMATE RECORD PERIOD 1870 TO 2014


WEATHER ITEM   OBSERVED TIME   RECORD YEAR NORMAL DEPARTURE LAST
                VALUE   (LST)  VALUE       VALUE  FROM      YEAR
                                                  NORMAL
..................................................................
TEMPERATURE (F)
 YESTERDAY
  MAXIMUM         70   1148 AM  90    1891  65      5       70
  MINIMUM         45   1159 PM  28    1959  46     -1       44
  AVERAGE         58                        55      3       57

PRECIPITATION (IN)
  YESTERDAY        0.00          1.39 1923   0.14  -0.14     0.00
  MONTH TO DATE    0.68                      2.38  -1.70     0.58
  SINCE SEP 1      0.68                      2.38  -1.70     0.58
  SINCE JAN 1     25.63                     23.08   2.55    22.17

SNOWFALL (IN)
  YESTERDAY        0.0                       0.0    0.0      0.0
  MONTH TO DATE    0.0                       0.0    0.0      0.0
  SINCE SEP 1      0.0                       0.0    0.0      0.0
  SINCE JUL 1      0.0                       0.0    0.0      0.0
  SNOW DEPTH       0

DEGREE DAYS
 HEATING
  YESTERDAY        7                        10     -3        8
  MONTH TO DATE  134                       127      7       91
  SINCE SEP 1    134                       127      7       91
  SINCE JUL 1    211                       276    -65      165

 COOLING
  YESTERDAY        0                         0      0        0
  MONTH TO DATE    5                        13     -8       22
  SINCE SEP 1      5                        13     -8       22
  SINCE JAN 1    175                       203    -28      373
..................................................................


WIND (MPH)
  HIGHEST WIND SPEED    21   HIGHEST WIND DIRECTION     E (70)
  HIGHEST GUST SPEED    24   HIGHEST GUST DIRECTION     E (100)
  AVERAGE WIND SPEED    10.8


SKY COVER
  AVERAGE SKY COVER 0.5


WEATHER CONDITIONS
 THE FOLLOWING WEATHER WAS RECORDED YESTERDAY.
  NO SIGNIFICANT WEATHER WAS OBSERVED.


RELATIVE HUMIDITY (PERCENT)
 HIGHEST    83           600 PM
 LOWEST     44          1200 PM
 AVERAGE    64

..........................................................


THE DULUTH MN CLIMATE NORMALS FOR TODAY
                         NORMAL    RECORD    YEAR
 MAXIMUM TEMPERATURE (F)   64        84      2000
                                             1984
 MINIMUM TEMPERATURE (F)   45        29      1929


SUNRISE AND SUNSET
SEPTEMBER 18 2014.....SUNRISE   650 AM CDT   SUNSET   714 PM CDT
SEPTEMBER 19 2014.....SUNRISE   652 AM CDT   SUNSET   712 PM CDT


-  INDICATES NEGATIVE NUMBERS.
R  INDICATES RECORD WAS SET OR TIED.
MM INDICATES DATA IS MISSING.
T  INDICATES TRACE AMOUNT.




$$
