000
CDUS43 KDLH 270631
CLIDLH


CLIMATE REPORT
NATIONAL WEATHER SERVICE DULUTH MN
130 AM CDT THU APR 27 2017


...................................

...THE DULUTH MN CLIMATE SUMMARY FOR APRIL 26 2017...

CLIMATE NORMAL PERIOD 1981 TO 2010
CLIMATE RECORD PERIOD 1870 TO 2017


WEATHER ITEM   OBSERVED TIME   RECORD YEAR NORMAL DEPARTURE LAST
                VALUE   (LST)  VALUE       VALUE  FROM      YEAR
                                                  NORMAL
..................................................................
TEMPERATURE (F)
 YESTERDAY
  MAXIMUM         36   1220 AM  79    1952  55    -19       44
  MINIMUM         25   1159 PM  20    1996  34     -9       34
                                      1950
  AVERAGE         31                        45    -14       39

PRECIPITATION (IN)
  YESTERDAY        0.44          1.29 1994   0.09   0.35      T
  MONTH TO DATE    3.02                      2.03   0.99     2.40
  SINCE MAR 1      4.07                      3.52   0.55     6.36
  SINCE JAN 1      7.03                      5.29   1.74     8.24

SNOWFALL (IN)
  YESTERDAY        0.7           6.2  1893   0.2    0.5      0.0
  MONTH TO DATE    1.9                       6.5   -4.6      9.8
  SINCE MAR 1      7.2                      19.7  -12.5     27.1
  SINCE JUL 1     66.2                      85.3  -19.1     81.3
  SNOW DEPTH       T

DEGREE DAYS
 HEATING
  YESTERDAY       34                        20     14       26
  MONTH TO DATE  563                       684   -121      712
  SINCE MAR 1   1756                      1894   -138     1740
  SINCE JUL 1   7446                      8761  -1315     7577

 COOLING
  YESTERDAY        0                         0      0        0
  MONTH TO DATE    0                         0      0        0
  SINCE MAR 1      0                         0      0        0
  SINCE JAN 1      0                         0      0        0
..................................................................


WIND (MPH)
  HIGHEST WIND SPEED    25   HIGHEST WIND DIRECTION     E (70)
  HIGHEST GUST SPEED    32   HIGHEST GUST DIRECTION     E (70)
  AVERAGE WIND SPEED    12.3


SKY COVER
  AVERAGE SKY COVER 1.0


WEATHER CONDITIONS
 THE FOLLOWING WEATHER WAS RECORDED YESTERDAY.
  LIGHT RAIN
  FREEZING RAIN
  LT FREEZING RAIN
  SNOW
  LIGHT SNOW
  SLEET
  FOG


RELATIVE HUMIDITY (PERCENT)
 HIGHEST    92          1200 AM
 LOWEST     84           900 PM
 AVERAGE    88

..........................................................


THE DULUTH MN CLIMATE NORMALS FOR TODAY
                         NORMAL    RECORD    YEAR
 MAXIMUM TEMPERATURE (F)   55        88      1952
 MINIMUM TEMPERATURE (F)   35        18      1909


SUNRISE AND SUNSET
APRIL 27 2017.........SUNRISE   559 AM CDT   SUNSET   813 PM CDT
APRIL 28 2017.........SUNRISE   558 AM CDT   SUNSET   815 PM CDT


-  INDICATES NEGATIVE NUMBERS.
R  INDICATES RECORD WAS SET OR TIED.
MM INDICATES DATA IS MISSING.
T  INDICATES TRACE AMOUNT.




$$
