000
CDUS43 KDLH 162226
CLIDLH


CLIMATE REPORT
NATIONAL WEATHER SERVICE DULUTH MN
423 PM CST THU FEB 16 2017


...................................

...THE DULUTH MN CLIMATE SUMMARY FOR FEBRUARY 16 2017...
VALID TODAY AS OF 0400 PM LOCAL TIME.

CLIMATE NORMAL PERIOD 1981 TO 2010
CLIMATE RECORD PERIOD 1870 TO 2017


WEATHER ITEM   OBSERVED TIME   RECORD YEAR NORMAL DEPARTURE LAST
                VALUE   (LST)  VALUE       VALUE  FROM      YEAR
                                                  NORMAL
..................................................................
TEMPERATURE (F)
 TODAY
  MAXIMUM         32    359 PM  52    2011  24      8       28
  MINIMUM         20    450 AM -30    1973   6     14        4
  AVERAGE         26                        15     11       16

PRECIPITATION (IN)
  TODAY            0.00          0.24 1956   0.03  -0.03      T
  MONTH TO DATE    0.41                      0.39   0.02     0.39
  SINCE DEC 1      3.64                      2.56   1.08     5.14
  SINCE JAN 1      1.57                      1.35   0.22     1.44

SNOWFALL (IN)
  TODAY            0.0           5.2  1999   0.4   -0.4       T
  MONTH TO DATE    5.6                       6.5   -0.9      7.5
  SINCE JUL 1     50.5                      59.7   -9.2     49.5
  SNOW DEPTH      12

DEGREE DAYS
 HEATING
  TODAY           39                        50    -11       49
  MONTH TO DATE  768                       831    -63      857
  SINCE DEC 1   3791                      4086   -295     3655
  SINCE JUL 1   5273                      6299  -1026     5318

 COOLING
  TODAY            0                         0      0        0
  MONTH TO DATE    0                         0      0        0
  SINCE DEC 1      0                         0      0        0
  SINCE JAN 1      0                         0      0        0
..................................................................


WIND (MPH)
  HIGHEST WIND SPEED    16   HIGHEST WIND DIRECTION    SE (120)
  HIGHEST GUST SPEED    19   HIGHEST GUST DIRECTION    SE (130)
  AVERAGE WIND SPEED    11.2


SKY COVER
  POSSIBLE SUNSHINE  MM
  AVERAGE SKY COVER 0.4


WEATHER CONDITIONS
 THE FOLLOWING WEATHER WAS RECORDED TODAY.
  NO SIGNIFICANT WEATHER WAS OBSERVED.


RELATIVE HUMIDITY (PERCENT)
 HIGHEST    84           200 AM
 LOWEST     53           200 PM
 AVERAGE    69

..........................................................


THE DULUTH MN CLIMATE NORMALS FOR TOMORROW
                         NORMAL    RECORD    YEAR
 MAXIMUM TEMPERATURE (F)   25        52      1981
 MINIMUM TEMPERATURE (F)    7       -29      1936


SUNRISE AND SUNSET
FEBRUARY 16 2017......SUNRISE   710 AM CST   SUNSET   535 PM CST
FEBRUARY 17 2017......SUNRISE   709 AM CST   SUNSET   537 PM CST


-  INDICATES NEGATIVE NUMBERS.
R  INDICATES RECORD WAS SET OR TIED.
MM INDICATES DATA IS MISSING.
T  INDICATES TRACE AMOUNT.




$$
