000
CDUS43 KDLH 260638
CLIDLH


CLIMATE REPORT
NATIONAL WEATHER SERVICE DULUTH MN
138 AM CDT TUE AUG 26 2014


...................................

...THE DULUTH MN CLIMATE SUMMARY FOR AUGUST 25 2014...

CLIMATE NORMAL PERIOD 1981 TO 2010
CLIMATE RECORD PERIOD 1870 TO 2014


WEATHER ITEM   OBSERVED TIME   RECORD YEAR NORMAL DEPARTURE LAST
                VALUE   (LST)  VALUE       VALUE  FROM      YEAR
                                                  NORMAL
..................................................................
TEMPERATURE (F)
 YESTERDAY
  MAXIMUM         76   1120 AM  95    1888  73      3       94
  MINIMUM         57   1151 PM  40    1950  53      4       77
  AVERAGE         67                        63      4       86

PRECIPITATION (IN)
  YESTERDAY        T             1.68 1995   0.12  -0.12     0.05
  MONTH TO DATE    4.04                      2.95   1.09     0.60
  SINCE JUN 1     11.93                     11.03   0.90     6.87
  SINCE JAN 1     24.36                     19.95   4.41    20.21

SNOWFALL (IN)
  YESTERDAY        0.0           0.0  2002   0.0    0.0      0.0
                                      2001
  MONTH TO DATE    0.0                       0.0    0.0      0.0
  SINCE JUN 1      T                         0.0    0.0      0.0
  SINCE JUL 1      0.0                       0.0    0.0      0.0
  SNOW DEPTH       0

DEGREE DAYS
 HEATING
  YESTERDAY        0                         4     -4        0
  MONTH TO DATE   20                        60    -40       27
  SINCE JUN 1    222                       302    -80      220
  SINCE JUL 1     60                       123    -63       74

 COOLING
  YESTERDAY        2                         2      0       21
  MONTH TO DATE   38                        60    -22       97
  SINCE JUN 1    152                       180    -28      291
  SINCE JAN 1    170                       184    -14      292
..................................................................


WIND (MPH)
  HIGHEST WIND SPEED    29   HIGHEST WIND DIRECTION     W (250)
  HIGHEST GUST SPEED    38   HIGHEST GUST DIRECTION     W (250)
  AVERAGE WIND SPEED    13.1


SKY COVER
  AVERAGE SKY COVER 0.5


WEATHER CONDITIONS
 THE FOLLOWING WEATHER WAS RECORDED YESTERDAY.
  LIGHT RAIN
  FOG


RELATIVE HUMIDITY (PERCENT)
 HIGHEST   100           100 AM
 LOWEST     46          1200 PM
 AVERAGE    73

..........................................................


THE DULUTH MN CLIMATE NORMALS FOR TODAY
                         NORMAL    RECORD    YEAR
 MAXIMUM TEMPERATURE (F)   73        93      1937
 MINIMUM TEMPERATURE (F)   53        36      1968


SUNRISE AND SUNSET
AUGUST 26 2014........SUNRISE   620 AM CDT   SUNSET   759 PM CDT
AUGUST 27 2014........SUNRISE   622 AM CDT   SUNSET   757 PM CDT


-  INDICATES NEGATIVE NUMBERS.
R  INDICATES RECORD WAS SET OR TIED.
MM INDICATES DATA IS MISSING.
T  INDICATES TRACE AMOUNT.




$$
