000
CDUS43 KDLH 140624
CLIDLH


CLIMATE REPORT
NATIONAL WEATHER SERVICE DULUTH MN
123 AM CDT SUN SEP 14 2014


...................................

...THE DULUTH MN CLIMATE SUMMARY FOR SEPTEMBER 13 2014...

CLIMATE NORMAL PERIOD 1981 TO 2010
CLIMATE RECORD PERIOD 1870 TO 2014


WEATHER ITEM   OBSERVED TIME   RECORD YEAR NORMAL DEPARTURE LAST
                VALUE   (LST)  VALUE       VALUE  FROM      YEAR
                                                  NORMAL
..................................................................
TEMPERATURE (F)
 YESTERDAY
  MAXIMUM         56    335 PM  84    1990  66    -10       67
  MINIMUM         34    446 AM  30    1975  47    -13       38
                                      1963
                                      1923
  AVERAGE         45                        57    -12       53

PRECIPITATION (IN)
  YESTERDAY        0.00          2.34 1998   0.15  -0.15     0.00
  MONTH TO DATE    0.67                      1.81  -1.14     0.34
  SINCE SEP 1      0.67                      1.81  -1.14     0.34
  SINCE JAN 1     25.62                     22.51   3.11    21.93

SNOWFALL (IN)
  YESTERDAY        0.0           T    1949   0.0    0.0      0.0
  MONTH TO DATE    0.0                       0.0    0.0      0.0
  SINCE SEP 1      0.0                       0.0    0.0      0.0
  SINCE JUL 1      0.0                       0.0    0.0      0.0
  SNOW DEPTH       0

DEGREE DAYS
 HEATING
  YESTERDAY       20                         9     11       12
  MONTH TO DATE   91                        88      3       46
  SINCE SEP 1     91                        88      3       46
  SINCE JUL 1    168                       237    -69      120

 COOLING
  YESTERDAY        0                         1     -1        0
  MONTH TO DATE    5                        13     -8       22
  SINCE SEP 1      5                        13     -8       22
  SINCE JAN 1    175                       203    -28      373
..................................................................


WIND (MPH)
  HIGHEST WIND SPEED    17   HIGHEST WIND DIRECTION     S (190)
  HIGHEST GUST SPEED    23   HIGHEST GUST DIRECTION     S (190)
  AVERAGE WIND SPEED     7.4


SKY COVER
  AVERAGE SKY COVER 0.6


WEATHER CONDITIONS
 THE FOLLOWING WEATHER WAS RECORDED YESTERDAY.
  FOG


RELATIVE HUMIDITY (PERCENT)
 HIGHEST    89           300 AM
 LOWEST     41          1000 AM
 AVERAGE    65

..........................................................


THE DULUTH MN CLIMATE NORMALS FOR TODAY
                         NORMAL    RECORD    YEAR
 MAXIMUM TEMPERATURE (F)   66        84      1920
 MINIMUM TEMPERATURE (F)   47        30      1964


SUNRISE AND SUNSET
SEPTEMBER 14 2014.....SUNRISE   645 AM CDT   SUNSET   722 PM CDT
SEPTEMBER 15 2014.....SUNRISE   646 AM CDT   SUNSET   720 PM CDT


-  INDICATES NEGATIVE NUMBERS.
R  INDICATES RECORD WAS SET OR TIED.
MM INDICATES DATA IS MISSING.
T  INDICATES TRACE AMOUNT.




$$
