000
CDUS43 KDLH 260620
CLIDLH


CLIMATE REPORT
NATIONAL WEATHER SERVICE DULUTH MN
120 AM CDT THU MAY 26 2016


...................................

...THE DULUTH MN CLIMATE SUMMARY FOR MAY 25 2016...

CLIMATE NORMAL PERIOD 1981 TO 2010
CLIMATE RECORD PERIOD 1870 TO 2016


WEATHER ITEM   OBSERVED TIME   RECORD YEAR NORMAL DEPARTURE LAST
                VALUE   (LST)  VALUE       VALUE  FROM      YEAR
                                                  NORMAL
..................................................................
TEMPERATURE (F)
 YESTERDAY
  MAXIMUM         53   1220 PM  86    2010  65    -12       59
  MINIMUM         46   1011 PM  30    1992  43      3       49
                                      1988
  AVERAGE         50                        54     -4       54

PRECIPITATION (IN)
  YESTERDAY        0.17          1.34 1880   0.11   0.06     0.74
  MONTH TO DATE    1.31                      2.57  -1.26     3.70
  SINCE MAR 1      7.67                      6.49   1.18     5.52
  SINCE JAN 1      9.55                      8.26   1.29     6.36

SNOWFALL (IN)
  YESTERDAY        0.0           T    1924   0.0    0.0      0.0
  MONTH TO DATE    0.1                       0.4   -0.3       T
  SINCE MAR 1     27.2                      20.5    6.7      9.3
  SINCE JUL 1     81.4                      86.1   -4.7     49.2
  SNOW DEPTH       0

DEGREE DAYS
 HEATING
  YESTERDAY       15                        11      4       11
  MONTH TO DATE  322                       364    -42      343
  SINCE MAR 1   2159                      2336   -177     2077
  SINCE JUL 1   7996                      9203  -1207     8916

 COOLING
  YESTERDAY        0                         0      0        0
  MONTH TO DATE    8                         0      8        1
  SINCE MAR 1      8                         0      8        1
  SINCE JAN 1      8                         0      8        1
..................................................................


WIND (MPH)
  HIGHEST WIND SPEED    24   HIGHEST WIND DIRECTION     E (100)
  HIGHEST GUST SPEED    34   HIGHEST GUST DIRECTION     E (90)
  AVERAGE WIND SPEED    14.0


SKY COVER
  AVERAGE SKY COVER 1.0


WEATHER CONDITIONS
 THE FOLLOWING WEATHER WAS RECORDED YESTERDAY.
  RAIN
  LIGHT RAIN
  FOG
  FOG W/VISIBILITY <= 1/4 MILE


RELATIVE HUMIDITY (PERCENT)
 HIGHEST   100           400 AM
 LOWEST     89           100 PM
 AVERAGE    95

..........................................................


THE DULUTH MN CLIMATE NORMALS FOR TODAY
                         NORMAL    RECORD    YEAR
 MAXIMUM TEMPERATURE (F)   65        85      2014
                                             1978
 MINIMUM TEMPERATURE (F)   43        28      1992


SUNRISE AND SUNSET
MAY 26 2016...........SUNRISE   522 AM CDT   SUNSET   850 PM CDT
MAY 27 2016...........SUNRISE   521 AM CDT   SUNSET   851 PM CDT


-  INDICATES NEGATIVE NUMBERS.
R  INDICATES RECORD WAS SET OR TIED.
MM INDICATES DATA IS MISSING.
T  INDICATES TRACE AMOUNT.




$$
