558
CDUS43 KDLH 020645
CLIDLH


CLIMATE REPORT
NATIONAL WEATHER SERVICE DULUTH MN
140 AM CDT MON MAY 2 2016


...................................

...THE DULUTH MN CLIMATE SUMMARY FOR MAY 1 2016...

CLIMATE NORMAL PERIOD 1981 TO 2010
CLIMATE RECORD PERIOD 1870 TO 2016


WEATHER ITEM   OBSERVED TIME   RECORD YEAR NORMAL DEPARTURE LAST
                VALUE   (LST)  VALUE       VALUE  FROM      YEAR
                                                  NORMAL
..................................................................
TEMPERATURE (F)
 YESTERDAY
  MAXIMUM         54    352 PM  86    1959  57     -3       68
  MINIMUM         32    511 AM  19    1966  36     -4       35
                                      1909
  AVERAGE         43                        47     -4       52

PRECIPITATION (IN)
  YESTERDAY        0.00          1.76 1955   0.10  -0.10     0.00
  MONTH TO DATE    0.00                      0.10  -0.10     0.00
  SINCE MAR 1      6.36                      4.02   2.34     1.82
  SINCE JAN 1      8.24                      5.79   2.45     2.66

SNOWFALL (IN)
  YESTERDAY        0.0           1.6  1970   0.0    0.0      0.0
  MONTH TO DATE    0.0                       0.0    0.0      0.0
  SINCE MAR 1     27.1                      20.1    7.0      9.3
  SINCE JUL 1     81.3                      85.7   -4.4     49.2
  SNOW DEPTH       0

DEGREE DAYS
 HEATING
  YESTERDAY       22                        18      4       13
  MONTH TO DATE   22                        18      4       13
  SINCE MAR 1   1859                      1990   -131     1747
  SINCE JUL 1   7696                      8857  -1161     8586

 COOLING
  YESTERDAY        0                         0      0        0
  MONTH TO DATE    0                         0      0        0
  SINCE MAR 1      0                         0      0        0
  SINCE JAN 1      0                         0      0        0
..................................................................


WIND (MPH)
  HIGHEST WIND SPEED    18   HIGHEST WIND DIRECTION    SE (120)
  HIGHEST GUST SPEED    24   HIGHEST GUST DIRECTION    SE (120)
  AVERAGE WIND SPEED     8.7


SKY COVER
  AVERAGE SKY COVER 0.2


WEATHER CONDITIONS
 THE FOLLOWING WEATHER WAS RECORDED YESTERDAY.
  NO SIGNIFICANT WEATHER WAS OBSERVED.


RELATIVE HUMIDITY (PERCENT)
 HIGHEST    76           700 AM
 LOWEST     45           300 PM
 AVERAGE    61

..........................................................


THE DULUTH MN CLIMATE NORMALS FOR TODAY
                         NORMAL    RECORD    YEAR
 MAXIMUM TEMPERATURE (F)   58        86      1880
 MINIMUM TEMPERATURE (F)   37        21      2002
                                             1967


SUNRISE AND SUNSET
MAY  2 2016...........SUNRISE   551 AM CDT   SUNSET   820 PM CDT
MAY  3 2016...........SUNRISE   550 AM CDT   SUNSET   822 PM CDT


-  INDICATES NEGATIVE NUMBERS.
R  INDICATES RECORD WAS SET OR TIED.
MM INDICATES DATA IS MISSING.
T  INDICATES TRACE AMOUNT.




$$
