000
CDUS43 KDLH 172236
CLIDLH


CLIMATE REPORT
NATIONAL WEATHER SERVICE DULUTH MN
532 PM CDT SUN SEP 17 2017


...................................

...THE DULUTH CLIMATE SUMMARY FOR SEPTEMBER 17 2017...
VALID TODAY AS OF 0500 PM LOCAL TIME.

CLIMATE NORMAL PERIOD 1981 TO 2010
CLIMATE RECORD PERIOD 1870 TO 2017


WEATHER ITEM   OBSERVED TIME   RECORD YEAR NORMAL DEPARTURE LAST
                VALUE   (LST)  VALUE       VALUE  FROM      YEAR
                                                  NORMAL
..................................................................
TEMPERATURE (F)
 TODAY
  MAXIMUM         61    236 PM  90    1891  65     -4       65
  MINIMUM         47    525 AM  28    1959  46      1       51
  AVERAGE         54                        55     -1       58

PRECIPITATION (IN)
  TODAY            0.00          1.39 1923   0.14  -0.14     0.05
  MONTH TO DATE    0.99                      2.38  -1.39     2.47
  SINCE SEP 1      0.99                      2.38  -1.39     2.47
  SINCE JAN 1     28.68                     23.08   5.60    26.39

SNOWFALL (IN)
  TODAY            0.0           0.0  2002   0.0    0.0      0.0
                                      2001
  MONTH TO DATE    0.0                       0.0    0.0      0.0
  SINCE JUL 1      T                         0.0    0.0      0.0
  SNOW DEPTH       0

DEGREE DAYS
 HEATING
  TODAY           11                        10      1        7
  MONTH TO DATE  103                       127    -24       57
  SINCE SEP 1    103                       127    -24       57
  SINCE JUL 1    273                       276     -3      111

 COOLING
  TODAY            0                         0      0        0
  MONTH TO DATE    8                        13     -5       14
  SINCE SEP 1      8                        13     -5       14
  SINCE JAN 1    108                       203    -95      281
..................................................................


WIND (MPH)
  HIGHEST WIND SPEED    24   HIGHEST WIND DIRECTION     W (280)
  HIGHEST GUST SPEED    29   HIGHEST GUST DIRECTION     W (280)
  AVERAGE WIND SPEED    14.4


SKY COVER
  AVERAGE SKY COVER 0.6


WEATHER CONDITIONS
 THE FOLLOWING WEATHER WAS RECORDED TODAY.
  NO SIGNIFICANT WEATHER WAS OBSERVED.


RELATIVE HUMIDITY (PERCENT)
 HIGHEST    96           200 AM
 LOWEST     51           200 PM
 AVERAGE    74

..........................................................


THE DULUTH CLIMATE NORMALS FOR TOMORROW
                         NORMAL    RECORD    YEAR
 MAXIMUM TEMPERATURE (F)   64        84      2000
                                             1984
 MINIMUM TEMPERATURE (F)   45        29      1929


SUNRISE AND SUNSET
SEPTEMBER 17 2017.....SUNRISE   649 AM CDT   SUNSET   716 PM CDT
SEPTEMBER 18 2017.....SUNRISE   651 AM CDT   SUNSET   714 PM CDT


-  INDICATES NEGATIVE NUMBERS.
R  INDICATES RECORD WAS SET OR TIED.
MM INDICATES DATA IS MISSING.
T  INDICATES TRACE AMOUNT.




$$
