000
CDUS43 KDLH 072240
CLIDLH


CLIMATE REPORT
NATIONAL WEATHER SERVICE DULUTH MN
436 PM CST SUN JAN 7 2018


...................................

...THE DULUTH CLIMATE SUMMARY FOR JANUARY 7 2018...
VALID TODAY AS OF 0400 PM LOCAL TIME.

CLIMATE NORMAL PERIOD 1981 TO 2010
CLIMATE RECORD PERIOD 1870 TO 2018


WEATHER ITEM   OBSERVED TIME   RECORD YEAR NORMAL DEPARTURE LAST
                VALUE   (LST)  VALUE       VALUE  FROM      YEAR
                                                  NORMAL
..................................................................
TEMPERATURE (F)
 TODAY
  MAXIMUM         25    357 PM  46    2003  19      6        3
  MINIMUM         10    115 AM -36    1912   2      8       -9
  AVERAGE         18                        10      8       -3

PRECIPITATION (IN)
  TODAY            0.01          0.70 1989   0.03  -0.02      T
  MONTH TO DATE    0.03                      0.25  -0.22     0.16
  SINCE DEC 1      0.86                      1.46  -0.60     2.23
  SINCE JAN 1      0.03                      0.25  -0.22     0.16

SNOWFALL (IN)
  TODAY            T            11.6  1989   0.7   -0.7       T
  MONTH TO DATE    0.4                       4.7   -4.3      1.8
  SINCE JUL 1     35.4                      38.5   -3.1     31.2
  SNOW DEPTH       5

DEGREE DAYS
 HEATING
  TODAY           47                        55     -8       68
  MONTH TO DATE  473                       382     91      428
  SINCE DEC 1   2156                      1938    218     1940
  SINCE JUL 1   4302                      4151    151     3422

 COOLING
  TODAY            0                         0      0        0
  MONTH TO DATE    0                         0      0        0
  SINCE DEC 1      0                         0      0        0
  SINCE JAN 1      0                         0      0        0
..................................................................


WIND (MPH)
  HIGHEST WIND SPEED    28   HIGHEST WIND DIRECTION    SW (240)
  HIGHEST GUST SPEED    36   HIGHEST GUST DIRECTION    SW (220)
  AVERAGE WIND SPEED    15.0


SKY COVER
  AVERAGE SKY COVER 0.9


WEATHER CONDITIONS
 THE FOLLOWING WEATHER WAS RECORDED TODAY.
  LIGHT SNOW


RELATIVE HUMIDITY (PERCENT)
 HIGHEST    80          1000 AM
 LOWEST     63          1200 AM
 AVERAGE    72

..........................................................


THE DULUTH CLIMATE NORMALS FOR TOMORROW
                         NORMAL    RECORD    YEAR
 MAXIMUM TEMPERATURE (F)   19        48      2003
 MINIMUM TEMPERATURE (F)    2       -31      1974


SUNRISE AND SUNSET
JANUARY  7 2018.......SUNRISE   753 AM CST   SUNSET   437 PM CST
JANUARY  8 2018.......SUNRISE   753 AM CST   SUNSET   439 PM CST


-  INDICATES NEGATIVE NUMBERS.
R  INDICATES RECORD WAS SET OR TIED.
MM INDICATES DATA IS MISSING.
T  INDICATES TRACE AMOUNT.




$$
