000
CDUS43 KDLH 202236
CLIDLH


CLIMATE REPORT
NATIONAL WEATHER SERVICE DULUTH MN
525 PM CDT WED SEP 20 2017


...................................

...THE DULUTH CLIMATE SUMMARY FOR SEPTEMBER 20 2017...
VALID TODAY AS OF 0500 PM LOCAL TIME.

CLIMATE NORMAL PERIOD 1981 TO 2010
CLIMATE RECORD PERIOD 1870 TO 2017


WEATHER ITEM   OBSERVED TIME   RECORD YEAR NORMAL DEPARTURE LAST
                VALUE   (LST)  VALUE       VALUE  FROM      YEAR
                                                  NORMAL
..................................................................
TEMPERATURE (F)
 TODAY
  MAXIMUM         71    304 PM  87    1891  63      8       72
  MINIMUM         59    538 AM  23    1962  44     15       46
  AVERAGE         65                        54     11       59

PRECIPITATION (IN)
  TODAY            0.56          3.77 1972   0.14   0.42      T
  MONTH TO DATE    1.57                      2.80  -1.23     2.51
  SINCE SEP 1      1.57                      2.80  -1.23     2.51
  SINCE JAN 1     29.26                     23.50   5.76    26.43

SNOWFALL (IN)
  TODAY            T             0.0  2002   0.0    0.0      0.0
                                      2001
  MONTH TO DATE    T                         0.0    0.0      0.0
  SINCE JUL 1      T                         0.0    0.0      0.0
  SNOW DEPTH       0

DEGREE DAYS
 HEATING
  TODAY            0                        11    -11        6
  MONTH TO DATE  126                       160    -34       73
  SINCE SEP 1    126                       160    -34       73
  SINCE JUL 1    296                       309    -13      127

 COOLING
  TODAY            0                         0      0        0
  MONTH TO DATE    8                        13     -5       14
  SINCE SEP 1      8                        13     -5       14
  SINCE JAN 1    108                       203    -95      281
..................................................................


WIND (MPH)
  HIGHEST WIND SPEED    37   HIGHEST WIND DIRECTION    SW (240)
  HIGHEST GUST SPEED    54   HIGHEST GUST DIRECTION     W (250)
  AVERAGE WIND SPEED    14.2


SKY COVER
  AVERAGE SKY COVER 0.7


WEATHER CONDITIONS
 THE FOLLOWING WEATHER WAS RECORDED TODAY.
  THUNDERSTORM
  HEAVY RAIN
  RAIN
  LIGHT RAIN
  FOG
  FOG W/VISIBILITY <= 1/4 MILE
  HAIL


RELATIVE HUMIDITY (PERCENT)
 HIGHEST   100           800 AM
 LOWEST     47           300 PM
 AVERAGE    74

..........................................................


THE DULUTH CLIMATE NORMALS FOR TOMORROW
                         NORMAL    RECORD    YEAR
 MAXIMUM TEMPERATURE (F)   63        88      1908
 MINIMUM TEMPERATURE (F)   44        28      1974


SUNRISE AND SUNSET
SEPTEMBER 20 2017.....SUNRISE   653 AM CDT   SUNSET   710 PM CDT
SEPTEMBER 21 2017.....SUNRISE   655 AM CDT   SUNSET   708 PM CDT


-  INDICATES NEGATIVE NUMBERS.
R  INDICATES RECORD WAS SET OR TIED.
MM INDICATES DATA IS MISSING.
T  INDICATES TRACE AMOUNT.




$$
