000
CDUS43 KDLH 162234
CLIDLH


CLIMATE REPORT
NATIONAL WEATHER SERVICE DULUTH MN
530 PM CDT SAT SEP 16 2017


...................................

...THE DULUTH CLIMATE SUMMARY FOR SEPTEMBER 16 2017...
VALID TODAY AS OF 0500 PM LOCAL TIME.

CLIMATE NORMAL PERIOD 1981 TO 2010
CLIMATE RECORD PERIOD 1870 TO 2017


WEATHER ITEM   OBSERVED TIME   RECORD YEAR NORMAL DEPARTURE LAST
                VALUE   (LST)  VALUE       VALUE  FROM      YEAR
                                                  NORMAL
..................................................................
TEMPERATURE (F)
 TODAY
  MAXIMUM         73    232 PM  89    1948  65      8       69
  MINIMUM         55    116 AM  30    1959  46      9       59
  AVERAGE         64                        56      8       64

PRECIPITATION (IN)
  TODAY            0.07          2.16 1955   0.14  -0.07     0.12
  MONTH TO DATE    0.95                      2.24  -1.29     2.42
  SINCE SEP 1      0.95                      2.24  -1.29     2.42
  SINCE JAN 1     28.64                     22.94   5.70    26.34

SNOWFALL (IN)
  TODAY            0.0           0.0  2002   0.0    0.0      0.0
                                      2001
  MONTH TO DATE    0.0                       0.0    0.0      0.0
  SINCE JUL 1      T                         0.0    0.0      0.0
  SNOW DEPTH       0

DEGREE DAYS
 HEATING
  TODAY            1                        10     -9        1
  MONTH TO DATE   92                       117    -25       50
  SINCE SEP 1     92                       117    -25       50
  SINCE JUL 1    262                       266     -4      104

 COOLING
  TODAY            0                         0      0        0
  MONTH TO DATE    8                        13     -5       14
  SINCE SEP 1      8                        13     -5       14
  SINCE JAN 1    108                       203    -95      281
..................................................................


WIND (MPH)
  HIGHEST WIND SPEED    22   HIGHEST WIND DIRECTION     E (100)
  HIGHEST GUST SPEED    27   HIGHEST GUST DIRECTION     E (100)
  AVERAGE WIND SPEED    12.4


SKY COVER
  AVERAGE SKY COVER 1.0


WEATHER CONDITIONS
 THE FOLLOWING WEATHER WAS RECORDED TODAY.
  THUNDERSTORM
  LIGHT RAIN
  FOG
  FOG W/VISIBILITY <= 1/4 MILE


RELATIVE HUMIDITY (PERCENT)
 HIGHEST   100          1200 AM
 LOWEST     79           300 PM
 AVERAGE    90

..........................................................


THE DULUTH CLIMATE NORMALS FOR TOMORROW
                         NORMAL    RECORD    YEAR
 MAXIMUM TEMPERATURE (F)   65        90      1891
 MINIMUM TEMPERATURE (F)   46        28      1959


SUNRISE AND SUNSET
SEPTEMBER 16 2017.....SUNRISE   648 AM CDT   SUNSET   718 PM CDT
SEPTEMBER 17 2017.....SUNRISE   649 AM CDT   SUNSET   716 PM CDT


-  INDICATES NEGATIVE NUMBERS.
R  INDICATES RECORD WAS SET OR TIED.
MM INDICATES DATA IS MISSING.
T  INDICATES TRACE AMOUNT.




$$
