000
CDUS43 KDLH 160625
CLIDLH


CLIMATE REPORT
NATIONAL WEATHER SERVICE DULUTH MN
124 AM CDT SAT JUL 16 2016


...................................

...THE DULUTH MN CLIMATE SUMMARY FOR JULY 15 2016...

CLIMATE NORMAL PERIOD 1981 TO 2010
CLIMATE RECORD PERIOD 1870 TO 2016


WEATHER ITEM   OBSERVED TIME   RECORD YEAR NORMAL DEPARTURE LAST
                VALUE   (LST)  VALUE       VALUE  FROM      YEAR
                                                  NORMAL
..................................................................
TEMPERATURE (F)
 YESTERDAY
  MAXIMUM         70    353 PM  96    2006  77     -7       73
  MINIMUM         52   1159 PM  43    1962  56     -4       55
                                      1912
  AVERAGE         61                        66     -5       64

PRECIPITATION (IN)
  YESTERDAY        T             1.31 1907   0.12  -0.12     0.00
  MONTH TO DATE    3.29                      2.04   1.25     2.93
  SINCE JUN 1      7.75                      6.27   1.48     6.57
  SINCE JAN 1     17.86                     15.19   2.67    12.96

SNOWFALL (IN)
  YESTERDAY        0.0           0.0  2002   0.0    0.0      0.0
                                      2001
  MONTH TO DATE    0.0                       0.0    0.0      0.0
  SINCE JUN 1      T                         0.0    0.0       T
  SINCE JUL 1      0.0                       0.0    0.0      0.0
  SNOW DEPTH       0

DEGREE DAYS
 HEATING
  YESTERDAY        4                         2      2        1
  MONTH TO DATE   20                        36    -16       15
  SINCE JUN 1    162                       215    -53      136
  SINCE JUL 1     20                        36    -16       15

 COOLING
  YESTERDAY        0                         3     -3        0
  MONTH TO DATE   28                        42    -14       46
  SINCE JUN 1     71                        72     -1       68
  SINCE JAN 1     80                        76      4       72
..................................................................


WIND (MPH)
  HIGHEST WIND SPEED    12   HIGHEST WIND DIRECTION    SE (140)
  HIGHEST GUST SPEED    14   HIGHEST GUST DIRECTION     S (160)
  AVERAGE WIND SPEED     4.7


SKY COVER
  AVERAGE SKY COVER 0.5


WEATHER CONDITIONS
 THE FOLLOWING WEATHER WAS RECORDED YESTERDAY.
  LIGHT RAIN


RELATIVE HUMIDITY (PERCENT)
 HIGHEST   100           200 AM
 LOWEST     66           100 PM
 AVERAGE    83

..........................................................


THE DULUTH MN CLIMATE NORMALS FOR TODAY
                         NORMAL    RECORD    YEAR
 MAXIMUM TEMPERATURE (F)   77        97      1936
 MINIMUM TEMPERATURE (F)   56        44      1958


SUNRISE AND SUNSET
JULY 16 2016..........SUNRISE   531 AM CDT   SUNSET   858 PM CDT
JULY 17 2016..........SUNRISE   532 AM CDT   SUNSET   857 PM CDT


-  INDICATES NEGATIVE NUMBERS.
R  INDICATES RECORD WAS SET OR TIED.
MM INDICATES DATA IS MISSING.
T  INDICATES TRACE AMOUNT.




$$
