000
CDUS43 KDLH 242219
CLIDLH


CLIMATE REPORT
NATIONAL WEATHER SERVICE DULUTH MN
519 PM CDT WED MAY 24 2017


...................................

...THE DULUTH MN CLIMATE SUMMARY FOR MAY 24 2017...
VALID TODAY AS OF 0500 PM LOCAL TIME.

CLIMATE NORMAL PERIOD 1981 TO 2010
CLIMATE RECORD PERIOD 1870 TO 2017


WEATHER ITEM   OBSERVED TIME   RECORD YEAR NORMAL DEPARTURE LAST
                VALUE   (LST)  VALUE       VALUE  FROM      YEAR
                                                  NORMAL
..................................................................
TEMPERATURE (F)
 TODAY
  MAXIMUM         59    358 PM  84    2014  65     -6       76
                                      1875
  MINIMUM         45    454 AM  31    1949  43      2       50
  AVERAGE         52                        54     -2       63

PRECIPITATION (IN)
  TODAY            0.00          1.81 1989   0.10  -0.10     0.13
  MONTH TO DATE    3.78                      2.46   1.32     1.14
  SINCE MAR 1      7.85                      6.38   1.47     7.50
  SINCE JAN 1     10.81                      8.15   2.66     9.38

SNOWFALL (IN)
  TODAY            0.0           T    2002   0.0    0.0      0.0
                                      1949
  MONTH TO DATE    0.8                       0.4    0.4      0.1
  SINCE JUL 1     67.0                      86.1  -19.1     81.4
  SNOW DEPTH       0

DEGREE DAYS
 HEATING
  TODAY           13                        11      2        2
  MONTH TO DATE  382                       353     29      307
  SINCE MAR 1   2253                      2325    -72     2144
  SINCE JUL 1   7943                      9192  -1249     7981

 COOLING
  TODAY            0                         0      0        0
  MONTH TO DATE    0                         0      0        8
  SINCE MAR 1      0                         0      0        8
  SINCE JAN 1      0                         0      0        8
..................................................................


WIND (MPH)
  HIGHEST WIND SPEED    22   HIGHEST WIND DIRECTION     E (90)
  HIGHEST GUST SPEED    27   HIGHEST GUST DIRECTION     E (100)
  AVERAGE WIND SPEED    10.7


SKY COVER
  POSSIBLE SUNSHINE  MM
  AVERAGE SKY COVER 0.7


WEATHER CONDITIONS
 THE FOLLOWING WEATHER WAS RECORDED TODAY.
  HAZE


RELATIVE HUMIDITY (PERCENT)
 HIGHEST   100           200 AM
 LOWEST     53           400 PM
 AVERAGE    77

..........................................................


THE DULUTH MN CLIMATE NORMALS FOR TOMORROW
                         NORMAL    RECORD    YEAR
 MAXIMUM TEMPERATURE (F)   65        86      2010
 MINIMUM TEMPERATURE (F)   43        30      1992
                                             1988


SUNRISE AND SUNSET
MAY 24 2017...........SUNRISE   524 AM CDT   SUNSET   848 PM CDT
MAY 25 2017...........SUNRISE   523 AM CDT   SUNSET   849 PM CDT


-  INDICATES NEGATIVE NUMBERS.
R  INDICATES RECORD WAS SET OR TIED.
MM INDICATES DATA IS MISSING.
T  INDICATES TRACE AMOUNT.




$$
