000
CDUS43 KDLH 050622
CLIDLH


CLIMATE REPORT
NATIONAL WEATHER SERVICE DULUTH MN
121 AM CDT SAT JUL 5 2014


...................................

...THE DULUTH MN CLIMATE SUMMARY FOR JULY 4 2014...

CLIMATE NORMAL PERIOD 1981 TO 2010
CLIMATE RECORD PERIOD 1870 TO 2014


WEATHER ITEM   OBSERVED TIME   RECORD YEAR NORMAL DEPARTURE LAST
                VALUE   (LST)  VALUE       VALUE  FROM      YEAR
                                                  NORMAL
..................................................................
TEMPERATURE (F)
 YESTERDAY
  MAXIMUM         78    236 PM  95    1881  75      3       86
  MINIMUM         52    356 AM  40    1972  54     -2       54
  AVERAGE         65                        65      0       70

PRECIPITATION (IN)
  YESTERDAY        T             1.87 1949   0.15  -0.15     0.00
                                      1913
  MONTH TO DATE    0.01                      0.60  -0.59     0.00
  SINCE JUN 1      4.48                      4.83  -0.35     4.54
  SINCE JAN 1     16.91                     13.75   3.16    17.88

SNOWFALL (IN)
  YESTERDAY        0.0                       0.0    0.0      0.0
  MONTH TO DATE    0.0                       0.0    0.0      0.0
  SINCE JUN 1      T                         0.0    0.0      0.0
  SINCE JUL 1      0.0                       0.0    0.0      0.0
  SNOW DEPTH       0

DEGREE DAYS
 HEATING
  YESTERDAY        0                         3     -3        0
  MONTH TO DATE    6                        12     -6        4
  SINCE JUN 1    168                       191    -23      150
  SINCE JUL 1      6                        12     -6        4

 COOLING
  YESTERDAY        0                         3     -3        5
  MONTH TO DATE    0                         9     -9        6
  SINCE JUN 1     29                        39    -10       59
  SINCE JAN 1     47                        43      4       60
..................................................................


WIND (MPH)
  HIGHEST WIND SPEED    22   HIGHEST WIND DIRECTION     S (200)
  HIGHEST GUST SPEED    29   HIGHEST GUST DIRECTION    SW (230)
  AVERAGE WIND SPEED     9.7


SKY COVER
  AVERAGE SKY COVER 0.4


WEATHER CONDITIONS
 THE FOLLOWING WEATHER WAS RECORDED YESTERDAY.
  THUNDERSTORM


RELATIVE HUMIDITY (PERCENT)
 HIGHEST    83           400 AM
 LOWEST     33           100 PM
 AVERAGE    58

..........................................................


THE DULUTH MN CLIMATE NORMALS FOR TODAY
                         NORMAL    RECORD    YEAR
 MAXIMUM TEMPERATURE (F)   76        94      1886
 MINIMUM TEMPERATURE (F)   54        36      1967


SUNRISE AND SUNSET
JULY  5 2014..........SUNRISE   521 AM CDT   SUNSET   905 PM CDT
JULY  6 2014..........SUNRISE   522 AM CDT   SUNSET   905 PM CDT


-  INDICATES NEGATIVE NUMBERS.
R  INDICATES RECORD WAS SET OR TIED.
MM INDICATES DATA IS MISSING.
T  INDICATES TRACE AMOUNT.




$$
