000
CDUS43 KDLH 070708
CLIDLH


CLIMATE REPORT
NATIONAL WEATHER SERVICE DULUTH MN
107 AM CST SUN FEB 7 2016


...................................

...THE DULUTH MN CLIMATE SUMMARY FOR FEBRUARY 6 2016...

CLIMATE NORMAL PERIOD 1981 TO 2010
CLIMATE RECORD PERIOD 1870 TO 2016


WEATHER ITEM   OBSERVED TIME   RECORD YEAR NORMAL DEPARTURE LAST
                VALUE   (LST)  VALUE       VALUE  FROM      YEAR
                                                  NORMAL
..................................................................
TEMPERATURE (F)
 YESTERDAY
  MAXIMUM         34    411 PM  51    1925  22     12       19
  MINIMUM         16    435 AM -31    1936   3     13       11
  AVERAGE         25                        12     13       15

PRECIPITATION (IN)
  YESTERDAY        0.05          0.35 1927   0.02   0.03     0.02
                                      1897
  MONTH TO DATE    0.15                      0.14   0.01     0.02
  SINCE DEC 1      4.90                      2.31   2.59     1.74
  SINCE JAN 1      1.20                      1.10   0.10     0.48

SNOWFALL (IN)
  YESTERDAY        0.6           2.8  2013   0.4    0.2      0.2
  MONTH TO DATE    3.1                       2.6    0.5      0.3
  SINCE DEC 1     40.7                      39.7    1.0     15.5
  SINCE JUL 1     45.1                      55.8  -10.7     32.0
  SNOW DEPTH       0

DEGREE DAYS
 HEATING
  YESTERDAY       40                        53    -13       50
  MONTH TO DATE  288                       320    -32      356
  SINCE DEC 1   3086                      3575   -489     3313
  SINCE JUL 1   4749                      5788  -1039     5528

 COOLING
  YESTERDAY        0                         0      0        0
  MONTH TO DATE    0                         0      0        0
  SINCE DEC 1      0                         0      0        0
  SINCE JAN 1      0                         0      0        0
..................................................................


WIND (MPH)
  HIGHEST WIND SPEED    20   HIGHEST WIND DIRECTION    SW (220)
  HIGHEST GUST SPEED    26   HIGHEST GUST DIRECTION    SW (220)
  AVERAGE WIND SPEED    11.4


SKY COVER
  AVERAGE SKY COVER 0.8


WEATHER CONDITIONS
 THE FOLLOWING WEATHER WAS RECORDED YESTERDAY.
  LIGHT SNOW
  FOG


RELATIVE HUMIDITY (PERCENT)
 HIGHEST    92          1100 PM
 LOWEST     64           200 PM
 AVERAGE    78

..........................................................


THE DULUTH MN CLIMATE NORMALS FOR TODAY
                         NORMAL    RECORD    YEAR
 MAXIMUM TEMPERATURE (F)   22        55      1886
 MINIMUM TEMPERATURE (F)    4       -30      1933


SUNRISE AND SUNSET
FEBRUARY  7 2016......SUNRISE   726 AM CST   SUNSET   521 PM CST
FEBRUARY  8 2016......SUNRISE   724 AM CST   SUNSET   522 PM CST


-  INDICATES NEGATIVE NUMBERS.
R  INDICATES RECORD WAS SET OR TIED.
MM INDICATES DATA IS MISSING.
T  INDICATES TRACE AMOUNT.




$$
