000
CDUS43 KDLH 270633
CLIDLH


CLIMATE REPORT
NATIONAL WEATHER SERVICE DULUTH MN
1232 AM CST THU NOV 27 2014


...................................

...THE DULUTH MN CLIMATE SUMMARY FOR NOVEMBER 26 2014...

CLIMATE NORMAL PERIOD 1981 TO 2010
CLIMATE RECORD PERIOD 1870 TO 2014


WEATHER ITEM   OBSERVED TIME   RECORD YEAR NORMAL DEPARTURE LAST
                VALUE   (LST)  VALUE       VALUE  FROM      YEAR
                                                  NORMAL
..................................................................
TEMPERATURE (F)
 YESTERDAY
  MAXIMUM         20   1122 AM  55    1960  30    -10       21
                                      1899
  MINIMUM         -2   1159 PM  -9    1977  16    -18       10
  AVERAGE          9                        23    -14       16

PRECIPITATION (IN)
  YESTERDAY        0.01          1.47 1965   0.06  -0.05     0.01
  MONTH TO DATE    0.90                      1.86  -0.96     0.71
  SINCE SEP 1      4.34                      8.82  -4.48     5.90
  SINCE JAN 1     29.29                     29.52  -0.23    27.49

SNOWFALL (IN)
  YESTERDAY        0.1          14.7  1965   0.6   -0.5       T
  MONTH TO DATE   15.1                      11.4    3.7      1.7
  SINCE SEP 1     15.2                      13.8    1.4      2.0
  SINCE JUL 1     15.2                      13.8    1.4      2.0
  SNOW DEPTH       4

DEGREE DAYS
 HEATING
  YESTERDAY       56                        42     14       49
  MONTH TO DATE 1079                       916    163      914
  SINCE SEP 1   1928                      1892     36     1692
  SINCE JUL 1   2005                      2041    -36     1766

 COOLING
  YESTERDAY        0                         0      0        0
  MONTH TO DATE    0                         0      0        0
  SINCE SEP 1      9                        14     -5       24
  SINCE JAN 1    179                       204    -25      375
..................................................................


WIND (MPH)
  HIGHEST WIND SPEED    17   HIGHEST WIND DIRECTION     N (340)
  HIGHEST GUST SPEED    21   HIGHEST GUST DIRECTION     N (340)
  AVERAGE WIND SPEED     8.5


SKY COVER
  AVERAGE SKY COVER 0.7


WEATHER CONDITIONS
 THE FOLLOWING WEATHER WAS RECORDED YESTERDAY.
  LIGHT SNOW
  FOG


RELATIVE HUMIDITY (PERCENT)
 HIGHEST    80           600 AM
 LOWEST     61           300 PM
 AVERAGE    71

..........................................................


THE DULUTH MN CLIMATE NORMALS FOR TODAY
                         NORMAL    RECORD    YEAR
 MAXIMUM TEMPERATURE (F)   29        60      1998
 MINIMUM TEMPERATURE (F)   16       -12      1985


SUNRISE AND SUNSET
NOVEMBER 27 2014......SUNRISE   728 AM CST   SUNSET   424 PM CST
NOVEMBER 28 2014......SUNRISE   729 AM CST   SUNSET   424 PM CST


-  INDICATES NEGATIVE NUMBERS.
R  INDICATES RECORD WAS SET OR TIED.
MM INDICATES DATA IS MISSING.
T  INDICATES TRACE AMOUNT.




$$
