000
CDUS43 KDLH 240620
CLIDLH


CLIMATE REPORT
NATIONAL WEATHER SERVICE DULUTH MN
119 AM CDT TUE OCT 24 2017


...................................

...THE DULUTH MN CLIMATE SUMMARY FOR OCTOBER 23 2017...

CLIMATE NORMAL PERIOD 1981 TO 2010
CLIMATE RECORD PERIOD 1870 TO 2017


WEATHER ITEM   OBSERVED TIME   RECORD YEAR NORMAL DEPARTURE LAST
                VALUE   (LST)  VALUE       VALUE  FROM      YEAR
                                                  NORMAL
..................................................................
TEMPERATURE (F)
 YESTERDAY
  MAXIMUM         60        MM  78    1963  48     12       48
  MINIMUM         41        MM   9    1936  33      8       31
  AVERAGE         51                        40     11       40

PRECIPITATION (IN)
  YESTERDAY        T             0.85 1886   0.08  -0.08      T
  MONTH TO DATE    2.82                      2.23   0.59     1.34
  SINCE SEP 1      6.37                      6.34   0.03     4.86
  SINCE JAN 1     34.06                     27.04   7.02    28.78

SNOWFALL (IN)
  YESTERDAY        0.0           8.0  1933   0.1   -0.1      0.0
  MONTH TO DATE    0.0                       1.2   -1.2       T
  SINCE SEP 1      T                         1.3   -1.3       T
  SINCE JUL 1      T                         1.3   -1.3       T
  SNOW DEPTH       0

DEGREE DAYS
 HEATING
  YESTERDAY       14                        25    -11       25
  MONTH TO DATE  340                       466   -126      362
  SINCE SEP 1    552                       764   -212      524
  SINCE JUL 1    722                       913   -191      578

 COOLING
  YESTERDAY        0                         0      0        0
  MONTH TO DATE    0                         0      0        0
  SINCE SEP 1     26                        14     12       14
  SINCE JAN 1    126                       204    -78      281
..................................................................


WIND (MPH)
  HIGHEST WIND SPEED    22   HIGHEST WIND DIRECTION    NW (310)
  HIGHEST GUST SPEED    37   HIGHEST GUST DIRECTION    NW (320)
  AVERAGE WIND SPEED    15.1


SKY COVER
  AVERAGE SKY COVER 0.8


WEATHER CONDITIONS
 THE FOLLOWING WEATHER WAS RECORDED YESTERDAY.
  LIGHT RAIN
  FOG


RELATIVE HUMIDITY (PERCENT)
 HIGHEST    93           500 PM
 LOWEST     48          1200 AM
 AVERAGE    71

..........................................................


THE DULUTH MN CLIMATE NORMALS FOR TODAY
                         NORMAL    RECORD    YEAR
 MAXIMUM TEMPERATURE (F)   48        71      1998
 MINIMUM TEMPERATURE (F)   32        12      1887


SUNRISE AND SUNSET
OCTOBER 24 2017.......SUNRISE   740 AM CDT   SUNSET   605 PM CDT
OCTOBER 25 2017.......SUNRISE   741 AM CDT   SUNSET   604 PM CDT


-  INDICATES NEGATIVE NUMBERS.
R  INDICATES RECORD WAS SET OR TIED.
MM INDICATES DATA IS MISSING.
T  INDICATES TRACE AMOUNT.




$$
