000
CDUS43 KDLH 202231
CLIDLH


CLIMATE REPORT
NATIONAL WEATHER SERVICE DULUTH MN
430 PM CST SAT JAN 20 2018


...................................

...THE DULUTH CLIMATE SUMMARY FOR JANUARY 20 2018...
VALID TODAY AS OF 0400 PM LOCAL TIME.

CLIMATE NORMAL PERIOD 1981 TO 2010
CLIMATE RECORD PERIOD 1870 TO 2018


WEATHER ITEM   OBSERVED TIME   RECORD YEAR NORMAL DEPARTURE LAST
                VALUE   (LST)  VALUE       VALUE  FROM      YEAR
                                                  NORMAL
..................................................................
TEMPERATURE (F)
 TODAY
  MAXIMUM         41    359 PM  46    1908  19     22       36
                                      1891
  MINIMUM         26    616 AM -35    1996   1     25       33
  AVERAGE         34                        10     24       35

PRECIPITATION (IN)
  TODAY            0.00          0.44 1894   0.03  -0.03     0.18
  MONTH TO DATE    0.43                      0.67  -0.24     0.78
  SINCE DEC 1      1.26                      1.88  -0.62     2.85
  SINCE JAN 1      0.43                      0.67  -0.24     0.78

SNOWFALL (IN)
  TODAY            0.0           7.2  1982   0.7   -0.7      0.1
  MONTH TO DATE    6.2                      13.4   -7.2     10.2
  SINCE JUL 1     41.2                      47.2   -6.0     39.6
  SNOW DEPTH       7

DEGREE DAYS
 HEATING
  TODAY           31                        55    -24       30
  MONTH TO DATE 1136                      1097     39     1080
  SINCE DEC 1   2819                      2653    166     2592
  SINCE JUL 1   4965                      4866     99     4074

 COOLING
  TODAY            0                         0      0        0
  MONTH TO DATE    0                         0      0        0
  SINCE DEC 1      0                         0      0        0
  SINCE JAN 1      0                         0      0        0
..................................................................


WIND (MPH)
  HIGHEST WIND SPEED    16   HIGHEST WIND DIRECTION    NW (320)
  HIGHEST GUST SPEED    23   HIGHEST GUST DIRECTION    NW (310)
  AVERAGE WIND SPEED     8.1


SKY COVER
  AVERAGE SKY COVER 0.3


WEATHER CONDITIONS
 THE FOLLOWING WEATHER WAS RECORDED TODAY.
  NO SIGNIFICANT WEATHER WAS OBSERVED.


RELATIVE HUMIDITY (PERCENT)
 HIGHEST    92           400 AM
 LOWEST     60           300 PM
 AVERAGE    76

..........................................................


THE DULUTH CLIMATE NORMALS FOR TOMORROW
                         NORMAL    RECORD    YEAR
 MAXIMUM TEMPERATURE (F)   19        45      1900
 MINIMUM TEMPERATURE (F)    1       -33      1883


SUNRISE AND SUNSET
JANUARY 20 2018.......SUNRISE   746 AM CST   SUNSET   454 PM CST
JANUARY 21 2018.......SUNRISE   745 AM CST   SUNSET   456 PM CST


-  INDICATES NEGATIVE NUMBERS.
R  INDICATES RECORD WAS SET OR TIED.
MM INDICATES DATA IS MISSING.
T  INDICATES TRACE AMOUNT.




$$
