000
CDUS43 KDLH 310629
CLIDLH


CLIMATE REPORT
NATIONAL WEATHER SERVICE DULUTH MN
128 AM CDT SUN AUG 31 2014


...................................

...THE DULUTH MN CLIMATE SUMMARY FOR AUGUST 30 2014...

CLIMATE NORMAL PERIOD 1981 TO 2010
CLIMATE RECORD PERIOD 1870 TO 2014


WEATHER ITEM   OBSERVED TIME   RECORD YEAR NORMAL DEPARTURE LAST
                VALUE   (LST)  VALUE       VALUE  FROM      YEAR
                                                  NORMAL
..................................................................
TEMPERATURE (F)
 YESTERDAY
  MAXIMUM         68   1156 AM  95    1961  71     -3       80
  MINIMUM         60   1159 PM  38    2009  52      8       64
  AVERAGE         64                        62      2       72

PRECIPITATION (IN)
  YESTERDAY        0.01          2.18 1944   0.12  -0.11     0.00
  MONTH TO DATE    4.63                      3.57   1.06     1.93
  SINCE JUN 1     12.52                     11.65   0.87     8.20
  SINCE JAN 1     24.95                     20.57   4.38    21.54

SNOWFALL (IN)
  YESTERDAY        0.0           0.0  2002   0.0    0.0      0.0
                                      2001
  MONTH TO DATE    0.0                       0.0    0.0      0.0
  SINCE JUN 1      T                         0.0    0.0      0.0
  SINCE JUL 1      0.0                       0.0    0.0      0.0
  SNOW DEPTH       0

DEGREE DAYS
 HEATING
  YESTERDAY        1                         5     -4        0
  MONTH TO DATE   36                        81    -45       27
  SINCE JUN 1    238                       323    -85      220
  SINCE JUL 1     76                       144    -68       74

 COOLING
  YESTERDAY        0                         1     -1        7
  MONTH TO DATE   38                        66    -28      147
  SINCE JUN 1    152                       186    -34      341
  SINCE JAN 1    170                       190    -20      342
..................................................................


WIND (MPH)
  HIGHEST WIND SPEED    14   HIGHEST WIND DIRECTION    SE (120)
  HIGHEST GUST SPEED    18   HIGHEST GUST DIRECTION     E (110)
  AVERAGE WIND SPEED     7.3


SKY COVER
  AVERAGE SKY COVER 0.9


WEATHER CONDITIONS
 THE FOLLOWING WEATHER WAS RECORDED YESTERDAY.
  LIGHT RAIN
  FOG


RELATIVE HUMIDITY (PERCENT)
 HIGHEST    93           100 AM
 LOWEST     76          1200 PM
 AVERAGE    85

..........................................................


THE DULUTH MN CLIMATE NORMALS FOR TODAY
                         NORMAL    RECORD    YEAR
 MAXIMUM TEMPERATURE (F)   71        92      1961
 MINIMUM TEMPERATURE (F)   52        33      1970


SUNRISE AND SUNSET
AUGUST 31 2014........SUNRISE   627 AM CDT   SUNSET   750 PM CDT
SEPTEMBER  1 2014.....SUNRISE   628 AM CDT   SUNSET   748 PM CDT


-  INDICATES NEGATIVE NUMBERS.
R  INDICATES RECORD WAS SET OR TIED.
MM INDICATES DATA IS MISSING.
T  INDICATES TRACE AMOUNT.




$$
