226
CDUS43 KDLH 260628
CLIDLH


CLIMATE REPORT
NATIONAL WEATHER SERVICE DULUTH MN
127 AM CDT WED APR 26 2017


...................................

...THE DULUTH MN CLIMATE SUMMARY FOR APRIL 25 2017...

CLIMATE NORMAL PERIOD 1981 TO 2010
CLIMATE RECORD PERIOD 1870 TO 2017


WEATHER ITEM   OBSERVED TIME   RECORD YEAR NORMAL DEPARTURE LAST
                VALUE   (LST)  VALUE       VALUE  FROM      YEAR
                                                  NORMAL
..................................................................
TEMPERATURE (F)
 YESTERDAY
  MAXIMUM         59    131 PM  81    1990  54      5       36
  MINIMUM         36   1159 PM  12    1972  34      2       32
  AVERAGE         48                        44      4       34

PRECIPITATION (IN)
  YESTERDAY        0.40          0.83 1990   0.10   0.30     0.32
                                      1953
  MONTH TO DATE    2.58                      1.94   0.64     2.40
  SINCE MAR 1      3.63                      3.43   0.20     6.36
  SINCE JAN 1      6.59                      5.20   1.39     8.24

SNOWFALL (IN)
  YESTERDAY        0.0           6.8  1950   0.1   -0.1      0.0
  MONTH TO DATE    1.2                       6.3   -5.1      9.8
  SINCE MAR 1      6.5                      19.5  -13.0     27.1
  SINCE JUL 1     65.5                      85.1  -19.6     81.3
  SNOW DEPTH       0

DEGREE DAYS
 HEATING
  YESTERDAY       17                        21     -4       31
  MONTH TO DATE  529                       664   -135      686
  SINCE MAR 1   1722                      1874   -152     1714
  SINCE JUL 1   7412                      8741  -1329     7551

 COOLING
  YESTERDAY        0                         0      0        0
  MONTH TO DATE    0                         0      0        0
  SINCE MAR 1      0                         0      0        0
  SINCE JAN 1      0                         0      0        0
..................................................................


WIND (MPH)
  HIGHEST WIND SPEED    22   HIGHEST WIND DIRECTION    NE (60)
  HIGHEST GUST SPEED    30   HIGHEST GUST DIRECTION     E (70)
  AVERAGE WIND SPEED    10.7


SKY COVER
  AVERAGE SKY COVER 0.9


WEATHER CONDITIONS
 THE FOLLOWING WEATHER WAS RECORDED YESTERDAY.
  LIGHT RAIN
  FOG


RELATIVE HUMIDITY (PERCENT)
 HIGHEST    93           600 PM
 LOWEST     55           100 PM
 AVERAGE    74

..........................................................


THE DULUTH MN CLIMATE NORMALS FOR TODAY
                         NORMAL    RECORD    YEAR
 MAXIMUM TEMPERATURE (F)   55        79      1952
 MINIMUM TEMPERATURE (F)   34        20      1996
                                             1950


SUNRISE AND SUNSET
APRIL 26 2017.........SUNRISE   601 AM CDT   SUNSET   812 PM CDT
APRIL 27 2017.........SUNRISE   559 AM CDT   SUNSET   813 PM CDT


-  INDICATES NEGATIVE NUMBERS.
R  INDICATES RECORD WAS SET OR TIED.
MM INDICATES DATA IS MISSING.
T  INDICATES TRACE AMOUNT.




$$
