000
CDUS43 KDLH 132313
CLIDLH


CLIMATE REPORT
NATIONAL WEATHER SERVICE DULUTH MN
613 PM CDT FRI OCT 13 2017


...................................

...THE DULUTH CLIMATE SUMMARY FOR OCTOBER 13 2017...
VALID TODAY AS OF 0500 PM LOCAL TIME.

CLIMATE NORMAL PERIOD 1981 TO 2010
CLIMATE RECORD PERIOD 1870 TO 2017


WEATHER ITEM   OBSERVED TIME   RECORD YEAR NORMAL DEPARTURE LAST
                VALUE   (LST)  VALUE       VALUE  FROM      YEAR
                                                  NORMAL
..................................................................
TEMPERATURE (F)
 TODAY
  MAXIMUM         57    220 PM  80    1956  53      4       51
  MINIMUM         45    854 AM  19    1917  36      9       34
  AVERAGE         51                        44      7       43

PRECIPITATION (IN)
  TODAY            0.00          2.27 1920   0.09  -0.09     0.00
  MONTH TO DATE    2.22                      1.36   0.86     0.69
  SINCE SEP 1      5.77                      5.47   0.30     4.21
  SINCE JAN 1     33.46                     26.17   7.29    28.13

SNOWFALL (IN)
  TODAY            0.0           1.0  1997   0.0    0.0      0.0
  MONTH TO DATE    0.0                       0.4   -0.4       T
  SINCE JUL 1      T                         0.5   -0.5       T
  SNOW DEPTH       0

DEGREE DAYS
 HEATING
  TODAY           14                        21     -7       22
  MONTH TO DATE  201                       238    -37      186
  SINCE SEP 1    413                       536   -123      348
  SINCE JUL 1    583                       685   -102      402

 COOLING
  TODAY            0                         0      0        0
  MONTH TO DATE    0                         0      0        0
  SINCE SEP 1     26                        14     12       14
  SINCE JAN 1    126                       204    -78      281
..................................................................


WIND (MPH)
  HIGHEST WIND SPEED    18   HIGHEST WIND DIRECTION    NW (300)
  HIGHEST GUST SPEED    23   HIGHEST GUST DIRECTION    SW (220)
  AVERAGE WIND SPEED    11.8


SKY COVER
  AVERAGE SKY COVER 0.4


WEATHER CONDITIONS
 THE FOLLOWING WEATHER WAS RECORDED TODAY.
  NO SIGNIFICANT WEATHER WAS OBSERVED.


RELATIVE HUMIDITY (PERCENT)
 HIGHEST    93          1200 AM
 LOWEST     35           200 PM
 AVERAGE    64

..........................................................


THE DULUTH CLIMATE NORMALS FOR TOMORROW
                         NORMAL    RECORD    YEAR
 MAXIMUM TEMPERATURE (F)   53        80      1947
 MINIMUM TEMPERATURE (F)   36        21      1978


SUNRISE AND SUNSET
OCTOBER 13 2017.......SUNRISE   724 AM CDT   SUNSET   625 PM CDT
OCTOBER 14 2017.......SUNRISE   726 AM CDT   SUNSET   623 PM CDT


-  INDICATES NEGATIVE NUMBERS.
R  INDICATES RECORD WAS SET OR TIED.
MM INDICATES DATA IS MISSING.
T  INDICATES TRACE AMOUNT.




$$
