237
CDUS43 KDLH 182255
CLIDLH


CLIMATE REPORT
NATIONAL WEATHER SERVICE DULUTH MN
445 PM CST SAT FEB 18 2017


...................................

...THE DULUTH MN CLIMATE SUMMARY FOR FEBRUARY 18 2017...
VALID TODAY AS OF 0400 PM LOCAL TIME.

CLIMATE NORMAL PERIOD 1981 TO 2010
CLIMATE RECORD PERIOD 1870 TO 2017


WEATHER ITEM   OBSERVED TIME   RECORD YEAR NORMAL DEPARTURE LAST
                VALUE   (LST)  VALUE       VALUE  FROM      YEAR
                                                  NORMAL
..................................................................
TEMPERATURE (F)
 TODAY
  MAXIMUM         52    240 PM  53    1981  25     27       33
  MINIMUM         36    743 AM -25    1966   7     29       16
  AVERAGE         44                        16     28       25

PRECIPITATION (IN)
  TODAY            0.00          0.40 1909   0.03  -0.03     0.06
  MONTH TO DATE    0.41                      0.45  -0.04     0.45
  SINCE DEC 1      3.64                      2.62   1.02     5.20
  SINCE JAN 1      1.57                      1.41   0.16     1.50

SNOWFALL (IN)
  TODAY            0.0           3.0  1955   0.4   -0.4       T
  MONTH TO DATE    5.6                       7.4   -1.8      7.5
  SINCE JUL 1     50.5                      60.6  -10.1     49.5
  SNOW DEPTH      11

DEGREE DAYS
 HEATING
  TODAY           21                        49    -28       40
  MONTH TO DATE  816                       929   -113      957
  SINCE DEC 1   3839                      4184   -345     3755
  SINCE JUL 1   5321                      6397  -1076     5418

 COOLING
  TODAY            0                         0      0        0
  MONTH TO DATE    0                         0      0        0
  SINCE DEC 1      0                         0      0        0
  SINCE JAN 1      0                         0      0        0
..................................................................


WIND (MPH)
  HIGHEST WIND SPEED    21   HIGHEST WIND DIRECTION     W (280)
  HIGHEST GUST SPEED    29   HIGHEST GUST DIRECTION     W (290)
  AVERAGE WIND SPEED    15.0


SKY COVER
  POSSIBLE SUNSHINE  MM
  AVERAGE SKY COVER 0.0


WEATHER CONDITIONS
 THE FOLLOWING WEATHER WAS RECORDED TODAY.
  NO SIGNIFICANT WEATHER WAS OBSERVED.


RELATIVE HUMIDITY (PERCENT)
 HIGHEST    85           300 AM
 LOWEST     44           300 PM
 AVERAGE    65

..........................................................


THE DULUTH MN CLIMATE NORMALS FOR TOMORROW
                         NORMAL    RECORD    YEAR
 MAXIMUM TEMPERATURE (F)   25        51      1930
 MINIMUM TEMPERATURE (F)    7       -28      1966


SUNRISE AND SUNSET
FEBRUARY 18 2017......SUNRISE   707 AM CST   SUNSET   538 PM CST
FEBRUARY 19 2017......SUNRISE   706 AM CST   SUNSET   540 PM CST


-  INDICATES NEGATIVE NUMBERS.
R  INDICATES RECORD WAS SET OR TIED.
MM INDICATES DATA IS MISSING.
T  INDICATES TRACE AMOUNT.




$$
