000
CDUS43 KDLH 240635
CLIDLH


CLIMATE REPORT
NATIONAL WEATHER SERVICE DULUTH MN
1235 AM CST SAT JAN 24 2015


...................................

...THE DULUTH MN CLIMATE SUMMARY FOR JANUARY 23 2015...

CLIMATE NORMAL PERIOD 1981 TO 2010
CLIMATE RECORD PERIOD 1870 TO 2015


WEATHER ITEM   OBSERVED TIME   RECORD YEAR NORMAL DEPARTURE LAST
                VALUE   (LST)  VALUE       VALUE  FROM      YEAR
                                                  NORMAL
..................................................................
TEMPERATURE (F)
 YESTERDAY
  MAXIMUM         40    224 PM  55    1942  19     21       -3
  MINIMUM         28   1240 AM -38    1935   1     27      -21
  AVERAGE         34                        10     24      -12

PRECIPITATION (IN)
  YESTERDAY        0.01          1.18 1969   0.03  -0.02     0.00
  MONTH TO DATE    0.31                      0.75  -0.44     0.59
  SINCE DEC 1      1.57                      1.96  -0.39     3.47
  SINCE JAN 1      0.31                      0.75  -0.44     0.59

SNOWFALL (IN)
  YESTERDAY        0.0          10.1  1969   0.5   -0.5      0.0
  MONTH TO DATE    4.8                      15.1  -10.3      6.6
  SINCE DEC 1     13.4                      32.8  -19.4     46.5
  SINCE JUL 1     29.9                      48.9  -19.0     51.5
  SNOW DEPTH       7

DEGREE DAYS
 HEATING
  YESTERDAY       31                        55    -24       77
  MONTH TO DATE 1260                      1262     -2     1427
  SINCE DEC 1   2601                      2818   -217     3293
  SINCE JUL 1   4816                      5031   -215     5250

 COOLING
  YESTERDAY        0                         0      0        0
  MONTH TO DATE    0                         0      0        0
  SINCE DEC 1      0                         0      0        0
  SINCE JAN 1      0                         0      0        0
..................................................................


WIND (MPH)
  HIGHEST WIND SPEED    29   HIGHEST WIND DIRECTION    SW (230)
  HIGHEST GUST SPEED    36   HIGHEST GUST DIRECTION    SW (240)
  AVERAGE WIND SPEED    15.5


SKY COVER
  AVERAGE SKY COVER 0.7


WEATHER CONDITIONS
 THE FOLLOWING WEATHER WAS RECORDED YESTERDAY.
  LT FREEZING RAIN
  SNOW
  LIGHT SNOW


RELATIVE HUMIDITY (PERCENT)
 HIGHEST    82           800 PM
 LOWEST     64          1100 AM
 AVERAGE    73

..........................................................


THE DULUTH MN CLIMATE NORMALS FOR TODAY
                         NORMAL    RECORD    YEAR
 MAXIMUM TEMPERATURE (F)   19        50      1892
 MINIMUM TEMPERATURE (F)    1       -37      1904


SUNRISE AND SUNSET
JANUARY 24 2015.......SUNRISE   742 AM CST   SUNSET   500 PM CST
JANUARY 25 2015.......SUNRISE   741 AM CST   SUNSET   501 PM CST


-  INDICATES NEGATIVE NUMBERS.
R  INDICATES RECORD WAS SET OR TIED.
MM INDICATES DATA IS MISSING.
T  INDICATES TRACE AMOUNT.




$$
