000
CDUS43 KDLH 170620
CLIDLH


CLIMATE REPORT
NATIONAL WEATHER SERVICE DULUTH MN
119 AM CDT SAT JUN 17 2017


...................................

...THE DULUTH MN CLIMATE SUMMARY FOR JUNE 16 2017...

CLIMATE NORMAL PERIOD 1981 TO 2010
CLIMATE RECORD PERIOD 1870 TO 2017


WEATHER ITEM   OBSERVED TIME   RECORD YEAR NORMAL DEPARTURE LAST
                VALUE   (LST)  VALUE       VALUE  FROM      YEAR
                                                  NORMAL
..................................................................
TEMPERATURE (F)
 YESTERDAY
  MAXIMUM         79    222 PM  88    1910  71      8       73
                                      1907
  MINIMUM         55    423 AM  35    1982  50      5       50
                                      1980
  AVERAGE         67                        60      7       62

PRECIPITATION (IN)
  YESTERDAY        T             1.09 1952   0.14  -0.14     0.01
  MONTH TO DATE    2.40                      2.09   0.31     3.26
  SINCE JUN 1      2.40                      2.09   0.31     3.26
  SINCE JAN 1     13.54                     11.01   2.53    13.37

SNOWFALL (IN)
  YESTERDAY        0.0           0.0  2002   0.0    0.0      0.0
                                      2001
  MONTH TO DATE    T                         0.0    0.0       T
  SINCE JUN 1      T                         0.0    0.0       T
  SINCE JUL 1     67.0                      86.1  -19.1     81.4
  SNOW DEPTH       0

DEGREE DAYS
 HEATING
  YESTERDAY        0                         6     -6        3
  MONTH TO DATE   50                       120    -70      124
  SINCE JUN 1     50                       120    -70      124
  SINCE JUL 1   8057                      9385  -1328     8168

 COOLING
  YESTERDAY        2                         1      1        0
  MONTH TO DATE   12                         7      5        5
  SINCE JUN 1     12                         7      5        5
  SINCE JAN 1     12                        11      1       14
..................................................................


WIND (MPH)
  HIGHEST WIND SPEED    23   HIGHEST WIND DIRECTION     W (280)
  HIGHEST GUST SPEED    28   HIGHEST GUST DIRECTION     W (280)
  AVERAGE WIND SPEED     9.3


SKY COVER
  AVERAGE SKY COVER 0.3


WEATHER CONDITIONS
 THE FOLLOWING WEATHER WAS RECORDED YESTERDAY.
  LIGHT RAIN


RELATIVE HUMIDITY (PERCENT)
 HIGHEST    86          1200 AM
 LOWEST     40           200 PM
 AVERAGE    63

..........................................................


THE DULUTH MN CLIMATE NORMALS FOR TODAY
                         NORMAL    RECORD    YEAR
 MAXIMUM TEMPERATURE (F)   71        93      1995
 MINIMUM TEMPERATURE (F)   50        35      2000
                                             1972


SUNRISE AND SUNSET
JUNE 17 2017..........SUNRISE   514 AM CDT   SUNSET   905 PM CDT
JUNE 18 2017..........SUNRISE   514 AM CDT   SUNSET   906 PM CDT


-  INDICATES NEGATIVE NUMBERS.
R  INDICATES RECORD WAS SET OR TIED.
MM INDICATES DATA IS MISSING.
T  INDICATES TRACE AMOUNT.




$$
