000
CDUS43 KDLH 160622
CLIDLH


CLIMATE REPORT
NATIONAL WEATHER SERVICE DULUTH MN
121 AM CDT THU MAR 16 2017


...................................

...THE DULUTH MN CLIMATE SUMMARY FOR MARCH 15 2017...

CLIMATE NORMAL PERIOD 1981 TO 2010
CLIMATE RECORD PERIOD 1870 TO 2017


WEATHER ITEM   OBSERVED TIME   RECORD YEAR NORMAL DEPARTURE LAST
                VALUE   (LST)  VALUE       VALUE  FROM      YEAR
                                                  NORMAL
..................................................................
TEMPERATURE (F)
 YESTERDAY
  MAXIMUM         36    451 PM  64    2015  34      2       42
  MINIMUM          3    637 AM -11    1956  17    -14       37
                                      1897
                                      1879
  AVERAGE         20                        26     -6       40

PRECIPITATION (IN)
  YESTERDAY        0.00          1.82 1945   0.05  -0.05     1.17
  MONTH TO DATE    0.31                      0.67  -0.36     1.53
  SINCE MAR 1      0.31                      0.67  -0.36     1.53
  SINCE JAN 1      3.27                      2.44   0.83     3.41

SNOWFALL (IN)
  YESTERDAY        0.0           6.1  2000   0.5   -0.5      0.0
  MONTH TO DATE    1.3                       7.6   -6.3      3.2
  SINCE MAR 1      1.3                       7.6   -6.3      3.2
  SINCE JUL 1     60.3                      73.2  -12.9     57.4
  SNOW DEPTH       4

DEGREE DAYS
 HEATING
  YESTERDAY       45                        40      5       25
  MONTH TO DATE  702                       635     67      487
  SINCE MAR 1    702                       635     67      487
  SINCE JUL 1   6392                      7502  -1110     6324

 COOLING
  YESTERDAY        0                         0      0        0
  MONTH TO DATE    0                         0      0        0
  SINCE MAR 1      0                         0      0        0
  SINCE JAN 1      0                         0      0        0
..................................................................


WIND (MPH)
  HIGHEST WIND SPEED    13   HIGHEST WIND DIRECTION     W (260)
  HIGHEST GUST SPEED    16   HIGHEST GUST DIRECTION    SW (240)
  AVERAGE WIND SPEED     4.5


SKY COVER
  AVERAGE SKY COVER 0.0


WEATHER CONDITIONS
 THE FOLLOWING WEATHER WAS RECORDED YESTERDAY.
  NO SIGNIFICANT WEATHER WAS OBSERVED.


RELATIVE HUMIDITY (PERCENT)
 HIGHEST    72           600 AM
 LOWEST     23           300 PM
 AVERAGE    48

..........................................................


THE DULUTH MN CLIMATE NORMALS FOR TODAY
                         NORMAL    RECORD    YEAR
 MAXIMUM TEMPERATURE (F)   34        60      2003
 MINIMUM TEMPERATURE (F)   18       -17      1885


SUNRISE AND SUNSET
MARCH 16 2017.........SUNRISE   719 AM CDT   SUNSET   716 PM CDT
MARCH 17 2017.........SUNRISE   717 AM CDT   SUNSET   717 PM CDT


-  INDICATES NEGATIVE NUMBERS.
R  INDICATES RECORD WAS SET OR TIED.
MM INDICATES DATA IS MISSING.
T  INDICATES TRACE AMOUNT.




$$
