000
CDUS43 KDLH 160635
CLIDLH


CLIMATE REPORT
NATIONAL WEATHER SERVICE DULUTH MN
1226 AM CST THU FEB 16 2017


...................................

...THE DULUTH MN CLIMATE SUMMARY FOR FEBRUARY 15 2017...

CLIMATE NORMAL PERIOD 1981 TO 2010
CLIMATE RECORD PERIOD 1870 TO 2017


WEATHER ITEM   OBSERVED TIME   RECORD YEAR NORMAL DEPARTURE LAST
                VALUE   (LST)  VALUE       VALUE  FROM      YEAR
                                                  NORMAL
..................................................................
TEMPERATURE (F)
 YESTERDAY
  MAXIMUM         25    539 PM  46    1931  24      1       27
  MINIMUM          9    742 AM -30    1936   6      3       14
  AVERAGE         17                        15      2       21

PRECIPITATION (IN)
  YESTERDAY        0.00          0.83 1910   0.02  -0.02     0.01
  MONTH TO DATE    0.41                      0.36   0.05     0.39
  SINCE DEC 1      3.64                      2.53   1.11     5.14
  SINCE JAN 1      1.57                      1.32   0.25     1.44

SNOWFALL (IN)
  YESTERDAY        0.0           7.3  2000   0.4   -0.4      0.1
  MONTH TO DATE    5.6                       6.1   -0.5      7.5
  SINCE DEC 1     42.4                      43.2   -0.8     45.1
  SINCE JUL 1     50.5                      59.3   -8.8     49.5
  SNOW DEPTH      12

DEGREE DAYS
 HEATING
  YESTERDAY       48                        50     -2       44
  MONTH TO DATE  729                       781    -52      808
  SINCE DEC 1   3752                      4036   -284     3606
  SINCE JUL 1   5234                      6249  -1015     5269

 COOLING
  YESTERDAY        0                         0      0        0
  MONTH TO DATE    0                         0      0        0
  SINCE DEC 1      0                         0      0        0
  SINCE JAN 1      0                         0      0        0
..................................................................


WIND (MPH)
  HIGHEST WIND SPEED    15   HIGHEST WIND DIRECTION    NW (310)
  HIGHEST GUST SPEED    19   HIGHEST GUST DIRECTION    NW (320)
  AVERAGE WIND SPEED     7.8


SKY COVER
  AVERAGE SKY COVER 0.6


WEATHER CONDITIONS
 THE FOLLOWING WEATHER WAS RECORDED YESTERDAY.
  NO SIGNIFICANT WEATHER WAS OBSERVED.


RELATIVE HUMIDITY (PERCENT)
 HIGHEST    73           600 AM
 LOWEST     42           400 PM
 AVERAGE    58

..........................................................


THE DULUTH MN CLIMATE NORMALS FOR TODAY
                         NORMAL    RECORD    YEAR
 MAXIMUM TEMPERATURE (F)   24        52      2011
 MINIMUM TEMPERATURE (F)    6       -30      1973


SUNRISE AND SUNSET
FEBRUARY 16 2017......SUNRISE   710 AM CST   SUNSET   535 PM CST
FEBRUARY 17 2017......SUNRISE   709 AM CST   SUNSET   537 PM CST


-  INDICATES NEGATIVE NUMBERS.
R  INDICATES RECORD WAS SET OR TIED.
MM INDICATES DATA IS MISSING.
T  INDICATES TRACE AMOUNT.




$$
