000
CDUS43 KDLH 122230
CLIDLH


CLIMATE REPORT
NATIONAL WEATHER SERVICE DULUTH MN
427 PM CST FRI JAN 12 2018


...................................

...THE DULUTH CLIMATE SUMMARY FOR JANUARY 12 2018...
VALID TODAY AS OF 0400 PM LOCAL TIME.

CLIMATE NORMAL PERIOD 1981 TO 2010
CLIMATE RECORD PERIOD 1870 TO 2018


WEATHER ITEM   OBSERVED TIME   RECORD YEAR NORMAL DEPARTURE LAST
                VALUE   (LST)  VALUE       VALUE  FROM      YEAR
                                                  NORMAL
..................................................................
TEMPERATURE (F)
 TODAY
  MAXIMUM         -2    354 PM  45    1987  19    -21        9
  MINIMUM        -19    843 AM -34    1912   1    -20      -15
  AVERAGE        -10                        10    -20       -3

PRECIPITATION (IN)
  TODAY            T             0.95 1972   0.04  -0.04     0.00
  MONTH TO DATE    0.30                      0.42  -0.12     0.60
  SINCE DEC 1      1.13                      1.63  -0.50     2.67
  SINCE JAN 1      0.30                      0.42  -0.12     0.60

SNOWFALL (IN)
  TODAY            T            13.4  1972   0.7   -0.7      0.0
  MONTH TO DATE    3.6                       8.1   -4.5     10.1
  SINCE JUL 1     38.6                      41.9   -3.3     39.5
  SNOW DEPTH       8

DEGREE DAYS
 HEATING
  TODAY           75                        55     20       68
  MONTH TO DATE  721                       657     64      733
  SINCE DEC 1   2404                      2213    191     2245
  SINCE JUL 1   4550                      4426    124     3727

 COOLING
  TODAY            0                         0      0        0
  MONTH TO DATE    0                         0      0        0
  SINCE DEC 1      0                         0      0        0
  SINCE JAN 1      0                         0      0        0
..................................................................


WIND (MPH)
  HIGHEST WIND SPEED    17   HIGHEST WIND DIRECTION     N (340)
  HIGHEST GUST SPEED    24   HIGHEST GUST DIRECTION    NW (330)
  AVERAGE WIND SPEED    12.3


SKY COVER
  AVERAGE SKY COVER 0.0


WEATHER CONDITIONS
 THE FOLLOWING WEATHER WAS RECORDED TODAY.
  NO SIGNIFICANT WEATHER WAS OBSERVED.


RELATIVE HUMIDITY (PERCENT)
 HIGHEST    87           300 AM
 LOWEST     56           200 PM
 AVERAGE    72

..........................................................


THE DULUTH CLIMATE NORMALS FOR TOMORROW
                         NORMAL    RECORD    YEAR
 MAXIMUM TEMPERATURE (F)   19        48      1894
 MINIMUM TEMPERATURE (F)    1       -34      1929


SUNRISE AND SUNSET
JANUARY 12 2018.......SUNRISE   751 AM CST   SUNSET   444 PM CST
JANUARY 13 2018.......SUNRISE   751 AM CST   SUNSET   445 PM CST


-  INDICATES NEGATIVE NUMBERS.
R  INDICATES RECORD WAS SET OR TIED.
MM INDICATES DATA IS MISSING.
T  INDICATES TRACE AMOUNT.




$$
