000
CDUS43 KDLH 110628
CLIDLH


CLIMATE REPORT
NATIONAL WEATHER SERVICE DULUTH MN
128 AM CDT THU SEP 11 2014


...................................

...THE DULUTH MN CLIMATE SUMMARY FOR SEPTEMBER 10 2014...

CLIMATE NORMAL PERIOD 1981 TO 2010
CLIMATE RECORD PERIOD 1870 TO 2014


WEATHER ITEM   OBSERVED TIME   RECORD YEAR NORMAL DEPARTURE LAST
                VALUE   (LST)  VALUE       VALUE  FROM      YEAR
                                                  NORMAL
..................................................................
TEMPERATURE (F)
 YESTERDAY
  MAXIMUM         53   1207 AM  85    1908  67    -14       79
  MINIMUM         44   1029 AM  31    1917  48     -4       60
  AVERAGE         49                        58     -9       70

PRECIPITATION (IN)
  YESTERDAY        0.22          1.80 1951   0.14   0.08      T
  MONTH TO DATE    0.66                      1.38  -0.72     0.32
  SINCE SEP 1      0.66                      1.38  -0.72     0.32
  SINCE JAN 1     25.61                     22.08   3.53    21.91

SNOWFALL (IN)
  YESTERDAY        0.0           0.0  2002   0.0    0.0      0.0
                                      2001
  MONTH TO DATE    0.0                       0.0    0.0      0.0
  SINCE SEP 1      0.0                       0.0    0.0      0.0
  SINCE JUL 1      0.0                       0.0    0.0      0.0
  SNOW DEPTH       0

DEGREE DAYS
 HEATING
  YESTERDAY       16                         8      8        0
  MONTH TO DATE   29                        63    -34       24
  SINCE SEP 1     29                        63    -34       24
  SINCE JUL 1    106                       212   -106       98

 COOLING
  YESTERDAY        0                         1     -1        5
  MONTH TO DATE    5                        10     -5       21
  SINCE SEP 1      5                        10     -5       21
  SINCE JAN 1    175                       200    -25      372
..................................................................


WIND (MPH)
  HIGHEST WIND SPEED    23   HIGHEST WIND DIRECTION     N (10)
  HIGHEST GUST SPEED    29   HIGHEST GUST DIRECTION     N (10)
  AVERAGE WIND SPEED    13.3


SKY COVER
  AVERAGE SKY COVER 0.9


WEATHER CONDITIONS
 THE FOLLOWING WEATHER WAS RECORDED YESTERDAY.
  LIGHT RAIN
  FOG


RELATIVE HUMIDITY (PERCENT)
 HIGHEST    93           500 AM
 LOWEST     65          1000 PM
 AVERAGE    79

..........................................................


THE DULUTH MN CLIMATE NORMALS FOR TODAY
                         NORMAL    RECORD    YEAR
 MAXIMUM TEMPERATURE (F)   67        92      1931
 MINIMUM TEMPERATURE (F)   48        31      1965


SUNRISE AND SUNSET
SEPTEMBER 11 2014.....SUNRISE   641 AM CDT   SUNSET   728 PM CDT
SEPTEMBER 12 2014.....SUNRISE   643 AM CDT   SUNSET   726 PM CDT


-  INDICATES NEGATIVE NUMBERS.
R  INDICATES RECORD WAS SET OR TIED.
MM INDICATES DATA IS MISSING.
T  INDICATES TRACE AMOUNT.




$$
