000
CDUS43 KDLH 102220
CLIDLH


CLIMATE REPORT
NATIONAL WEATHER SERVICE DULUTH MN
519 PM CDT SUN SEP 10 2017


...................................

...THE DULUTH CLIMATE SUMMARY FOR SEPTEMBER 10 2017...
VALID TODAY AS OF 0500 PM LOCAL TIME.

CLIMATE NORMAL PERIOD 1981 TO 2010
CLIMATE RECORD PERIOD 1870 TO 2017


WEATHER ITEM   OBSERVED TIME   RECORD YEAR NORMAL DEPARTURE LAST
                VALUE   (LST)  VALUE       VALUE  FROM      YEAR
                                                  NORMAL
..................................................................
TEMPERATURE (F)
 TODAY
  MAXIMUM         72    138 PM  85    1908  67      5       68
  MINIMUM         53    613 AM  31    1917  48      5       51
  AVERAGE         63                        58      5       60

PRECIPITATION (IN)
  TODAY            0.00          1.80 1951   0.14  -0.14     0.09
  MONTH TO DATE    0.84                      1.38  -0.54     2.21
  SINCE SEP 1      0.84                      1.38  -0.54     2.21
  SINCE JAN 1     28.53                     22.08   6.45    26.13

SNOWFALL (IN)
  TODAY            0.0           0.0  2002   0.0    0.0      0.0
                                      2001
  MONTH TO DATE    0.0                       0.0    0.0      0.0
  SINCE JUL 1      T                         0.0    0.0      0.0
  SNOW DEPTH       0

DEGREE DAYS
 HEATING
  TODAY            2                         8     -6        5
  MONTH TO DATE   82                        63     19       14
  SINCE SEP 1     82                        63     19       14
  SINCE JUL 1    252                       212     40       68

 COOLING
  TODAY            0                         1     -1        0
  MONTH TO DATE    1                        10     -9       14
  SINCE SEP 1      1                        10     -9       14
  SINCE JAN 1    101                       200    -99      281
..................................................................


WIND (MPH)
  HIGHEST WIND SPEED    16   HIGHEST WIND DIRECTION     S (170)
  HIGHEST GUST SPEED    20   HIGHEST GUST DIRECTION     S (170)
  AVERAGE WIND SPEED    10.0


SKY COVER
  AVERAGE SKY COVER 0.1


WEATHER CONDITIONS
 THE FOLLOWING WEATHER WAS RECORDED TODAY.
  NO SIGNIFICANT WEATHER WAS OBSERVED.


RELATIVE HUMIDITY (PERCENT)
 HIGHEST    93          1200 AM
 LOWEST     68          1100 AM
 AVERAGE    81

..........................................................


THE DULUTH CLIMATE NORMALS FOR TOMORROW
                         NORMAL    RECORD    YEAR
 MAXIMUM TEMPERATURE (F)   67        92      1931
 MINIMUM TEMPERATURE (F)   48        31      1965


SUNRISE AND SUNSET
SEPTEMBER 10 2017.....SUNRISE   640 AM CDT   SUNSET   730 PM CDT
SEPTEMBER 11 2017.....SUNRISE   642 AM CDT   SUNSET   728 PM CDT


-  INDICATES NEGATIVE NUMBERS.
R  INDICATES RECORD WAS SET OR TIED.
MM INDICATES DATA IS MISSING.
T  INDICATES TRACE AMOUNT.




$$
