524
CDUS43 KDLH 142239
CLIDLH


CLIMATE REPORT
NATIONAL WEATHER SERVICE DULUTH MN
438 PM CST TUE NOV 14 2017


...................................

...THE DULUTH CLIMATE SUMMARY FOR NOVEMBER 14 2017...
VALID TODAY AS OF 0400 PM LOCAL TIME.

CLIMATE NORMAL PERIOD 1981 TO 2010
CLIMATE RECORD PERIOD 1870 TO 2017


WEATHER ITEM   OBSERVED TIME   RECORD YEAR NORMAL DEPARTURE LAST
                VALUE   (LST)  VALUE       VALUE  FROM      YEAR
                                                  NORMAL
..................................................................
TEMPERATURE (F)
 TODAY
  MAXIMUM         36    359 PM  63    1953  36      0       48
  MINIMUM         32   1229 AM  -3    1959  23      9       41
                                      1919
  AVERAGE         34                        30      4       45

PRECIPITATION (IN)
  TODAY            T             0.76 1909   0.07  -0.07     0.00
  MONTH TO DATE    1.09                      1.04   0.05     0.01
  SINCE SEP 1      8.04                      8.00   0.04     5.08
  SINCE JAN 1     35.73                     28.70   7.03    29.00

SNOWFALL (IN)
  TODAY            0.0           3.8  2010   0.4   -0.4      0.0
  MONTH TO DATE    9.4                       4.8    4.6      0.0
  SINCE JUL 1     20.5                       7.2   13.3       T
  SNOW DEPTH       4

DEGREE DAYS
 HEATING
  TODAY           31                        35     -4       20
  MONTH TO DATE  574                       448    126      234
  SINCE SEP 1   1380                      1424    -44      927
  SINCE JUL 1   1550                      1573    -23      981

 COOLING
  TODAY            0                         0      0        0
  MONTH TO DATE    0                         0      0        0
  SINCE SEP 1     26                        14     12       14
  SINCE JAN 1    126                       204    -78      281
..................................................................


WIND (MPH)
  HIGHEST WIND SPEED    15   HIGHEST WIND DIRECTION     S (200)
  HIGHEST GUST SPEED    19   HIGHEST GUST DIRECTION     S (190)
  AVERAGE WIND SPEED     9.4


SKY COVER
  AVERAGE SKY COVER 1.0


WEATHER CONDITIONS
 THE FOLLOWING WEATHER WAS RECORDED TODAY.
  FOG
  FOG W/VISIBILITY <= 1/4 MILE


RELATIVE HUMIDITY (PERCENT)
 HIGHEST   100          1200 AM
 LOWEST    100          1200 AM
 AVERAGE   100

..........................................................


THE DULUTH CLIMATE NORMALS FOR TOMORROW
                         NORMAL    RECORD    YEAR
 MAXIMUM TEMPERATURE (F)   36        64      1939
 MINIMUM TEMPERATURE (F)   22        -4      1933
                                             1932


SUNRISE AND SUNSET
NOVEMBER 14 2017......SUNRISE   711 AM CST   SUNSET   435 PM CST
NOVEMBER 15 2017......SUNRISE   712 AM CST   SUNSET   434 PM CST


-  INDICATES NEGATIVE NUMBERS.
R  INDICATES RECORD WAS SET OR TIED.
MM INDICATES DATA IS MISSING.
T  INDICATES TRACE AMOUNT.




$$
