030
CDUS43 KDLH 130616
CLIDLH


CLIMATE REPORT
NATIONAL WEATHER SERVICE DULUTH MN
115 AM CDT FRI OCT 13 2017


...................................

...THE DULUTH MN CLIMATE SUMMARY FOR OCTOBER 12 2017...

CLIMATE NORMAL PERIOD 1981 TO 2010
CLIMATE RECORD PERIOD 1870 TO 2017


WEATHER ITEM   OBSERVED TIME   RECORD YEAR NORMAL DEPARTURE LAST
                VALUE   (LST)  VALUE       VALUE  FROM      YEAR
                                                  NORMAL
..................................................................
TEMPERATURE (F)
 YESTERDAY
  MAXIMUM         55        MM  81    1995  53      2       45
  MINIMUM         50        MM  18    1988  36     14       37
                                      1936
  AVERAGE         53                        45      8       41

PRECIPITATION (IN)
  YESTERDAY        0.07          0.95 1899   0.10  -0.03      T
  MONTH TO DATE    2.22                      1.27   0.95     0.69
  SINCE SEP 1      5.77                      5.38   0.39     4.21
  SINCE JAN 1     33.46                     26.08   7.38    28.13

SNOWFALL (IN)
  YESTERDAY        0.0           2.3  2006   0.1   -0.1       T
  MONTH TO DATE    0.0                       0.4   -0.4       T
  SINCE SEP 1      T                         0.5   -0.5       T
  SINCE JUL 1      T                         0.5   -0.5       T
  SNOW DEPTH       0

DEGREE DAYS
 HEATING
  YESTERDAY       12                        20     -8       24
  MONTH TO DATE  187                       217    -30      164
  SINCE SEP 1    399                       515   -116      326
  SINCE JUL 1    569                       664    -95      380

 COOLING
  YESTERDAY        0                         0      0        0
  MONTH TO DATE    0                         0      0        0
  SINCE SEP 1     26                        14     12       14
  SINCE JAN 1    126                       204    -78      281
..................................................................


WIND (MPH)
  HIGHEST WIND SPEED    15   HIGHEST WIND DIRECTION     S (190)
  HIGHEST GUST SPEED    MM   HIGHEST GUST DIRECTION    MM
  AVERAGE WIND SPEED    11.3


SKY COVER
  AVERAGE SKY COVER 0.9


WEATHER CONDITIONS
 THE FOLLOWING WEATHER WAS RECORDED YESTERDAY.
  LIGHT RAIN
  FOG


RELATIVE HUMIDITY (PERCENT)
 HIGHEST   100           500 AM
 LOWEST     77          1200 AM
 AVERAGE    89

..........................................................


THE DULUTH MN CLIMATE NORMALS FOR TODAY
                         NORMAL    RECORD    YEAR
 MAXIMUM TEMPERATURE (F)   53        80      1956
 MINIMUM TEMPERATURE (F)   36        19      1917


SUNRISE AND SUNSET
OCTOBER 13 2017.......SUNRISE   724 AM CDT   SUNSET   625 PM CDT
OCTOBER 14 2017.......SUNRISE   726 AM CDT   SUNSET   623 PM CDT


-  INDICATES NEGATIVE NUMBERS.
R  INDICATES RECORD WAS SET OR TIED.
MM INDICATES DATA IS MISSING.
T  INDICATES TRACE AMOUNT.




$$
