000
CDUS43 KDLH 150647
CLIDLH


CLIMATE REPORT
NATIONAL WEATHER SERVICE DULUTH MN
144 AM CDT SAT APR 15 2017


...................................

...THE DULUTH MN CLIMATE SUMMARY FOR APRIL 14 2017...

CLIMATE NORMAL PERIOD 1981 TO 2010
CLIMATE RECORD PERIOD 1870 TO 2017


WEATHER ITEM   OBSERVED TIME   RECORD YEAR NORMAL DEPARTURE LAST
                VALUE   (LST)  VALUE       VALUE  FROM      YEAR
                                                  NORMAL
..................................................................
TEMPERATURE (F)
 YESTERDAY
  MAXIMUM         58    442 PM  82    1908  49      9       57
  MINIMUM         37    536 AM   8    2013  29      8       35
                                      1926
  AVERAGE         48                        39      9       46

PRECIPITATION (IN)
  YESTERDAY        T             1.61 1886   0.09  -0.09     0.00
  MONTH TO DATE    0.43                      0.99  -0.56     0.71
  SINCE MAR 1      1.48                      2.48  -1.00     4.67
  SINCE JAN 1      4.44                      4.25   0.19     6.55

SNOWFALL (IN)
  YESTERDAY        0.0          11.6  1983   0.2   -0.2      0.0
  MONTH TO DATE    0.0                       4.2   -4.2      9.8
  SINCE MAR 1      5.3                      17.4  -12.1     27.1
  SINCE JUL 1     64.3                      83.0  -18.7     81.3
  SNOW DEPTH       0

DEGREE DAYS
 HEATING
  YESTERDAY       17                        26     -9       19
  MONTH TO DATE  293                       408   -115      489
  SINCE MAR 1   1486                      1618   -132     1517
  SINCE JUL 1   7176                      8485  -1309     7354

 COOLING
  YESTERDAY        0                         0      0        0
  MONTH TO DATE    0                         0      0        0
  SINCE MAR 1      0                         0      0        0
  SINCE JAN 1      0                         0      0        0
..................................................................


WIND (MPH)
  HIGHEST WIND SPEED    22   HIGHEST WIND DIRECTION     E (100)
  HIGHEST GUST SPEED    25   HIGHEST GUST DIRECTION     E (110)
  AVERAGE WIND SPEED    11.7


SKY COVER
  AVERAGE SKY COVER 0.3


WEATHER CONDITIONS
 THE FOLLOWING WEATHER WAS RECORDED YESTERDAY.
  NO SIGNIFICANT WEATHER WAS OBSERVED.


RELATIVE HUMIDITY (PERCENT)
 HIGHEST    92           200 AM
 LOWEST     51           200 PM
 AVERAGE    72

..........................................................


THE DULUTH MN CLIMATE NORMALS FOR TODAY
                         NORMAL    RECORD    YEAR
 MAXIMUM TEMPERATURE (F)   49        79      1913
 MINIMUM TEMPERATURE (F)   30        11      1935


SUNRISE AND SUNSET
APRIL 15 2017.........SUNRISE   621 AM CDT   SUNSET   758 PM CDT
APRIL 16 2017.........SUNRISE   619 AM CDT   SUNSET   759 PM CDT


-  INDICATES NEGATIVE NUMBERS.
R  INDICATES RECORD WAS SET OR TIED.
MM INDICATES DATA IS MISSING.
T  INDICATES TRACE AMOUNT.




$$
