000
CDUS43 KDLH 170636
CLIDLH


CLIMATE REPORT
NATIONAL WEATHER SERVICE DULUTH MN
135 AM CDT SUN MAY 17 2015


...................................

...THE DULUTH MN CLIMATE SUMMARY FOR MAY 16 2015...

CLIMATE NORMAL PERIOD 1981 TO 2010
CLIMATE RECORD PERIOD 1870 TO 2015


WEATHER ITEM   OBSERVED TIME   RECORD YEAR NORMAL DEPARTURE LAST
                VALUE   (LST)  VALUE       VALUE  FROM      YEAR
                                                  NORMAL
..................................................................
TEMPERATURE (F)
 YESTERDAY
  MAXIMUM         64    106 PM  84    1962  62      2       53
  MINIMUM         40    413 AM  20    1929  41     -1       34
  AVERAGE         52                        52      0       44

PRECIPITATION (IN)
  YESTERDAY        0.02          0.86 1872   0.11  -0.09     0.00
  MONTH TO DATE    2.51                      1.62   0.89     2.31
  SINCE MAR 1      4.33                      5.54  -1.21     7.52
  SINCE JAN 1      5.17                      7.31  -2.14    10.37

SNOWFALL (IN)
  YESTERDAY        0.0           1.7  1950   0.0    0.0      0.0
  MONTH TO DATE    T                         0.4   -0.4       T
  SINCE MAR 1      9.3                      20.5  -11.2     47.2
  SINCE JUL 1     49.2                      86.1  -36.9    131.0
  SNOW DEPTH       0

DEGREE DAYS
 HEATING
  YESTERDAY       13                        14     -1       21
  MONTH TO DATE  239                       254    -15      326
  SINCE MAR 1   1973                      2226   -253     2651
  SINCE JUL 1   8812                      9093   -281    10092

 COOLING
  YESTERDAY        0                         0      0        0
  MONTH TO DATE    0                         0      0        0
  SINCE MAR 1      0                         0      0        0
  SINCE JAN 1      0                         0      0        0
..................................................................


WIND (MPH)
  HIGHEST WIND SPEED    23   HIGHEST WIND DIRECTION     E (90)
  HIGHEST GUST SPEED    29   HIGHEST GUST DIRECTION     E (90)
  AVERAGE WIND SPEED    10.8


SKY COVER
  AVERAGE SKY COVER 0.6


WEATHER CONDITIONS
 THE FOLLOWING WEATHER WAS RECORDED YESTERDAY.
  THUNDERSTORM
  LIGHT RAIN
  FOG
  FOG W/VISIBILITY <= 1/4 MILE


RELATIVE HUMIDITY (PERCENT)
 HIGHEST    96           600 AM
 LOWEST     57           600 PM
 AVERAGE    77

..........................................................


THE DULUTH MN CLIMATE NORMALS FOR TODAY
                         NORMAL    RECORD    YEAR
 MAXIMUM TEMPERATURE (F)   63        87      1972
                                             1897
 MINIMUM TEMPERATURE (F)   41        26      1988


SUNRISE AND SUNSET
MAY 17 2015...........SUNRISE   532 AM CDT   SUNSET   839 PM CDT
MAY 18 2015...........SUNRISE   531 AM CDT   SUNSET   840 PM CDT


-  INDICATES NEGATIVE NUMBERS.
R  INDICATES RECORD WAS SET OR TIED.
MM INDICATES DATA IS MISSING.
T  INDICATES TRACE AMOUNT.




$$
