000
CDUS43 KDLH 192219
CLIDLH


CLIMATE REPORT
NATIONAL WEATHER SERVICE DULUTH MN
518 PM CDT MON JUN 19 2017


...................................

...THE DULUTH MN CLIMATE SUMMARY FOR JUNE 19 2017...
VALID TODAY AS OF 0500 PM LOCAL TIME.

CLIMATE NORMAL PERIOD 1981 TO 2010
CLIMATE RECORD PERIOD 1870 TO 2017


WEATHER ITEM   OBSERVED TIME   RECORD YEAR NORMAL DEPARTURE LAST
                VALUE   (LST)  VALUE       VALUE  FROM      YEAR
                                                  NORMAL
..................................................................
TEMPERATURE (F)
 TODAY
  MAXIMUM         65    344 PM  95    1933  72     -7       89
  MINIMUM         54    555 AM  34    1992  50      4       68
  AVERAGE         60                        61     -1       79

PRECIPITATION (IN)
  TODAY            0.01          4.14 2012   0.15  -0.14      T
  MONTH TO DATE    2.77                      2.54   0.23     3.26
  SINCE JUN 1      2.77                      2.54   0.23     3.26
  SINCE JAN 1     13.91                     11.46   2.45    13.37

SNOWFALL (IN)
  TODAY            0.0           T    1955   0.0    0.0      0.0
  MONTH TO DATE    T                         0.0    0.0       T
  SINCE JUL 1     67.0                      86.1  -19.1     81.4
  SNOW DEPTH       0

DEGREE DAYS
 HEATING
  TODAY            5                         5      0        0
  MONTH TO DATE   58                       135    -77      124
  SINCE JUN 1     58                       135    -77      124
  SINCE JUL 1   8065                      9400  -1335     8168

 COOLING
  TODAY            0                         1     -1       14
  MONTH TO DATE   13                        10      3       27
  SINCE JUN 1     13                        10      3       27
  SINCE JAN 1     13                        14     -1       36
..................................................................


WIND (MPH)
  HIGHEST WIND SPEED    23   HIGHEST WIND DIRECTION     W (290)
  HIGHEST GUST SPEED    29   HIGHEST GUST DIRECTION     W (290)
  AVERAGE WIND SPEED    11.2


SKY COVER
  POSSIBLE SUNSHINE  MM
  AVERAGE SKY COVER 0.9


WEATHER CONDITIONS
 THE FOLLOWING WEATHER WAS RECORDED TODAY.
  LIGHT RAIN
  FOG


RELATIVE HUMIDITY (PERCENT)
 HIGHEST   100          1200 AM
 LOWEST     52           200 PM
 AVERAGE    76

..........................................................


THE DULUTH MN CLIMATE NORMALS FOR TOMORROW
                         NORMAL    RECORD    YEAR
 MAXIMUM TEMPERATURE (F)   72        88      1995
 MINIMUM TEMPERATURE (F)   51        31      1992


SUNRISE AND SUNSET
JUNE 19 2017..........SUNRISE   514 AM CDT   SUNSET   906 PM CDT
JUNE 20 2017..........SUNRISE   514 AM CDT   SUNSET   906 PM CDT


-  INDICATES NEGATIVE NUMBERS.
R  INDICATES RECORD WAS SET OR TIED.
MM INDICATES DATA IS MISSING.
T  INDICATES TRACE AMOUNT.




$$
