000
CDUS43 KDLH 270627
CLIDLH


CLIMATE REPORT
NATIONAL WEATHER SERVICE DULUTH MN
1225 AM CST SUN NOV 27 2016


...................................

...THE DULUTH MN CLIMATE SUMMARY FOR NOVEMBER 26 2016...

CLIMATE NORMAL PERIOD 1981 TO 2010
CLIMATE RECORD PERIOD 1870 TO 2016


WEATHER ITEM   OBSERVED TIME   RECORD YEAR NORMAL DEPARTURE LAST
                VALUE   (LST)  VALUE       VALUE  FROM      YEAR
                                                  NORMAL
..................................................................
TEMPERATURE (F)
 YESTERDAY
  MAXIMUM         37    305 PM  55    1960  30      7       34
                                      1899
  MINIMUM         30    506 AM  -9    1977  16     14       16
  AVERAGE         34                        23     11       25

PRECIPITATION (IN)
  YESTERDAY        0.00          1.47 1965   0.06  -0.06     0.02
  MONTH TO DATE    1.69                      1.86  -0.17     2.72
  SINCE SEP 1      6.76                      8.82  -2.06    11.43
  SINCE JAN 1     30.68                     29.52   1.16    28.56

SNOWFALL (IN)
  YESTERDAY        0.0          14.7  1965   0.6   -0.6      0.5
  MONTH TO DATE    8.1                      11.4   -3.3      4.2
  SINCE SEP 1      8.1                      13.8   -5.7      4.2
  SINCE JUL 1      8.1                      13.8   -5.7      4.2
  SNOW DEPTH       4

DEGREE DAYS
 HEATING
  YESTERDAY       31                        42    -11       40
  MONTH TO DATE  624                       916   -292      678
  SINCE SEP 1   1317                      1892   -575     1401
  SINCE JUL 1   1371                      2041   -670     1497

 COOLING
  YESTERDAY        0                         0      0        0
  MONTH TO DATE    0                         0      0        0
  SINCE SEP 1     14                        14      0       58
  SINCE JAN 1    281                       204     77      336
..................................................................


WIND (MPH)
  HIGHEST WIND SPEED    13   HIGHEST WIND DIRECTION     W (250)
  HIGHEST GUST SPEED    16   HIGHEST GUST DIRECTION     S (170)
  AVERAGE WIND SPEED     6.3


SKY COVER
  AVERAGE SKY COVER 0.8


WEATHER CONDITIONS
 THE FOLLOWING WEATHER WAS RECORDED YESTERDAY.
  FOG
  FOG W/VISIBILITY <= 1/4 MILE


RELATIVE HUMIDITY (PERCENT)
 HIGHEST   100           300 AM
 LOWEST     85           200 PM
 AVERAGE    93

..........................................................


THE DULUTH MN CLIMATE NORMALS FOR TODAY
                         NORMAL    RECORD    YEAR
 MAXIMUM TEMPERATURE (F)   29        60      1998
 MINIMUM TEMPERATURE (F)   16       -12      1985


SUNRISE AND SUNSET
NOVEMBER 27 2016......SUNRISE   729 AM CST   SUNSET   424 PM CST
NOVEMBER 28 2016......SUNRISE   730 AM CST   SUNSET   423 PM CST


-  INDICATES NEGATIVE NUMBERS.
R  INDICATES RECORD WAS SET OR TIED.
MM INDICATES DATA IS MISSING.
T  INDICATES TRACE AMOUNT.




$$
