000
CDUS43 KDLH 120640
CLIDLH


CLIMATE REPORT
NATIONAL WEATHER SERVICE DULUTH MN
139 AM CDT SAT AUG 12 2017


...................................

...THE DULUTH MN CLIMATE SUMMARY FOR AUGUST 11 2017...

CLIMATE NORMAL PERIOD 1981 TO 2010
CLIMATE RECORD PERIOD 1870 TO 2017


WEATHER ITEM   OBSERVED TIME   RECORD YEAR NORMAL DEPARTURE LAST
                VALUE   (LST)  VALUE       VALUE  FROM      YEAR
                                                  NORMAL
..................................................................
TEMPERATURE (F)
 YESTERDAY
  MAXIMUM         74    209 PM  94    1947  75     -1       72
  MINIMUM         50   1150 PM  37    1982  55     -5       61
  AVERAGE         62                        65     -3       67

PRECIPITATION (IN)
  YESTERDAY        0.00          1.56 1962   0.12  -0.12     0.02
  MONTH TO DATE    2.30                      1.26   1.04     1.74
  SINCE JUN 1     11.62                      9.34   2.28    10.59
  SINCE JAN 1     22.76                     18.26   4.50    20.70

SNOWFALL (IN)
  YESTERDAY        0.0           0.0  2002   0.0    0.0      0.0
                                      2001
  MONTH TO DATE    0.0                       0.0    0.0      0.0
  SINCE JUN 1      T                         0.0    0.0       T
  SINCE JUL 1      T                         0.0    0.0      0.0
  SNOW DEPTH       0

DEGREE DAYS
 HEATING
  YESTERDAY        3                         2      1        0
  MONTH TO DATE   34                        22     12        4
  SINCE JUN 1    218                       264    -46      175
  SINCE JUL 1     87                        85      2       33

 COOLING
  YESTERDAY        0                         2     -2        2
  MONTH TO DATE   10                        32    -22       48
  SINCE JUN 1     93                       152    -59      194
  SINCE JAN 1     93                       156    -63      203
..................................................................


WIND (MPH)
  HIGHEST WIND SPEED    14   HIGHEST WIND DIRECTION     N (20)
  HIGHEST GUST SPEED    19   HIGHEST GUST DIRECTION    NE (30)
  AVERAGE WIND SPEED     5.1


SKY COVER
  AVERAGE SKY COVER 0.1


WEATHER CONDITIONS
 THE FOLLOWING WEATHER WAS RECORDED YESTERDAY.
  FOG


RELATIVE HUMIDITY (PERCENT)
 HIGHEST   100          1200 AM
 LOWEST     41           200 PM
 AVERAGE    71

..........................................................


THE DULUTH MN CLIMATE NORMALS FOR TODAY
                         NORMAL    RECORD    YEAR
 MAXIMUM TEMPERATURE (F)   75        89      1965
 MINIMUM TEMPERATURE (F)   55        42      1990


SUNRISE AND SUNSET
AUGUST 12 2017........SUNRISE   603 AM CDT   SUNSET   823 PM CDT
AUGUST 13 2017........SUNRISE   604 AM CDT   SUNSET   822 PM CDT


-  INDICATES NEGATIVE NUMBERS.
R  INDICATES RECORD WAS SET OR TIED.
MM INDICATES DATA IS MISSING.
T  INDICATES TRACE AMOUNT.




$$
