000
CDUS43 KDLH 220619
CLIDLH


CLIMATE REPORT
NATIONAL WEATHER SERVICE DULUTH MN
118 AM CDT WED JUL 22 2015


...................................

...THE DULUTH MN CLIMATE SUMMARY FOR JULY 21 2015...

CLIMATE NORMAL PERIOD 1981 TO 2010
CLIMATE RECORD PERIOD 1870 TO 2015


WEATHER ITEM   OBSERVED TIME   RECORD YEAR NORMAL DEPARTURE LAST
                VALUE   (LST)  VALUE       VALUE  FROM      YEAR
                                                  NORMAL
..................................................................
TEMPERATURE (F)
 YESTERDAY
  MAXIMUM         78    449 PM  93    1960  77      1       88
                                      1893
                                      1892
  MINIMUM         55    421 AM  38    1973  56     -1       72
  AVERAGE         67                        66      1       80

PRECIPITATION (IN)
  YESTERDAY        0.00          5.20 1909   0.11  -0.11      T
  MONTH TO DATE    2.97                      2.75   0.22     2.46
  SINCE JUN 1      6.61                      6.98  -0.37     6.93
  SINCE JAN 1     13.00                     15.90  -2.90    19.36

SNOWFALL (IN)
  YESTERDAY        0.0                       0.0    0.0      0.0
  MONTH TO DATE    0.0                       0.0    0.0      0.0
  SINCE JUN 1      T                         0.0    0.0       T
  SINCE JUL 1      0.0                       0.0    0.0      0.0
  SNOW DEPTH       0

DEGREE DAYS
 HEATING
  YESTERDAY        0                         2     -2        0
  MONTH TO DATE   15                        48    -33       34
  SINCE JUN 1    136                       227    -91      196
  SINCE JUL 1     15                        48    -33       34

 COOLING
  YESTERDAY        2                         3     -1       15
  MONTH TO DATE   78                        60     18       64
  SINCE JUN 1    100                        90     10       93
  SINCE JAN 1    104                        94     10      111
..................................................................


WIND (MPH)
  HIGHEST WIND SPEED    20   HIGHEST WIND DIRECTION     W (280)
  HIGHEST GUST SPEED    26   HIGHEST GUST DIRECTION    NW (310)
  AVERAGE WIND SPEED     8.8


SKY COVER
  AVERAGE SKY COVER 0.2


WEATHER CONDITIONS
 THE FOLLOWING WEATHER WAS RECORDED YESTERDAY.
  NO SIGNIFICANT WEATHER WAS OBSERVED.


RELATIVE HUMIDITY (PERCENT)
 HIGHEST    86           400 AM
 LOWEST     39           400 PM
 AVERAGE    63

..........................................................


THE DULUTH MN CLIMATE NORMALS FOR TODAY
                         NORMAL    RECORD    YEAR
 MAXIMUM TEMPERATURE (F)   77        95      1941
 MINIMUM TEMPERATURE (F)   56        40      1985


SUNRISE AND SUNSET
JULY 22 2015..........SUNRISE   537 AM CDT   SUNSET   853 PM CDT
JULY 23 2015..........SUNRISE   538 AM CDT   SUNSET   852 PM CDT


-  INDICATES NEGATIVE NUMBERS.
R  INDICATES RECORD WAS SET OR TIED.
MM INDICATES DATA IS MISSING.
T  INDICATES TRACE AMOUNT.




$$
