000
CDUS43 KDLH 070627
CLIDLH


CLIMATE REPORT
NATIONAL WEATHER SERVICE DULUTH MN
1223 AM CST SAT JAN 7 2017


...................................

...THE DULUTH MN CLIMATE SUMMARY FOR JANUARY 6 2017...

CLIMATE NORMAL PERIOD 1981 TO 2010
CLIMATE RECORD PERIOD 1870 TO 2017


WEATHER ITEM   OBSERVED TIME   RECORD YEAR NORMAL DEPARTURE LAST
                VALUE   (LST)  VALUE       VALUE  FROM      YEAR
                                                  NORMAL
..................................................................
TEMPERATURE (F)
 YESTERDAY
  MAXIMUM          2    251 PM  45    2012  19    -17       29
  MINIMUM        -19    754 AM -34    1909   2    -21       24
  AVERAGE         -8                        10    -18       27

PRECIPITATION (IN)
  YESTERDAY        0.00          1.12 1967   0.04  -0.04     0.06
  MONTH TO DATE    0.16                      0.22  -0.06     0.06
  SINCE DEC 1      2.23                      1.43   0.80     3.76
  SINCE JAN 1      0.16                      0.22  -0.06     0.06

SNOWFALL (IN)
  YESTERDAY        0.0          16.3  1994   0.6   -0.6      1.0
  MONTH TO DATE    1.8                       4.0   -2.2      1.2
  SINCE DEC 1     23.1                      21.7    1.4     25.8
  SINCE JUL 1     31.2                      37.8   -6.6     30.2
  SNOW DEPTH       9

DEGREE DAYS
 HEATING
  YESTERDAY       73                        55     18       38
  MONTH TO DATE  360                       327     33      256
  SINCE DEC 1   1872                      1883    -11     1443
  SINCE JUL 1   3354                      4096   -742     3106

 COOLING
  YESTERDAY        0                         0      0        0
  MONTH TO DATE    0                         0      0        0
  SINCE DEC 1      0                         0      0        0
  SINCE JAN 1      0                         0      0        0
..................................................................


WIND (MPH)
  HIGHEST WIND SPEED    17   HIGHEST WIND DIRECTION    NW (310)
  HIGHEST GUST SPEED    22   HIGHEST GUST DIRECTION    NW (310)
  AVERAGE WIND SPEED     8.6


SKY COVER
  AVERAGE SKY COVER 0.2


WEATHER CONDITIONS
 THE FOLLOWING WEATHER WAS RECORDED YESTERDAY.
  NO SIGNIFICANT WEATHER WAS OBSERVED.


RELATIVE HUMIDITY (PERCENT)
 HIGHEST    83          1100 PM
 LOWEST     51           300 PM
 AVERAGE    67

..........................................................


THE DULUTH MN CLIMATE NORMALS FOR TODAY
                         NORMAL    RECORD    YEAR
 MAXIMUM TEMPERATURE (F)   19        46      2003
 MINIMUM TEMPERATURE (F)    2       -36      1912


SUNRISE AND SUNSET
JANUARY  7 2017.......SUNRISE   753 AM CST   SUNSET   438 PM CST
JANUARY  8 2017.......SUNRISE   752 AM CST   SUNSET   439 PM CST


-  INDICATES NEGATIVE NUMBERS.
R  INDICATES RECORD WAS SET OR TIED.
MM INDICATES DATA IS MISSING.
T  INDICATES TRACE AMOUNT.




$$

WM
