000
CDUS43 KDLH 110534
CLIDLH


CLIMATE REPORT
NATIONAL WEATHER SERVICE DULUTH MN
1234 AM CDT TUE APR 11 2017


...................................

...THE DULUTH MN CLIMATE SUMMARY FOR APRIL 9 2017...

CLIMATE NORMAL PERIOD 1981 TO 2010
CLIMATE RECORD PERIOD 1870 TO 2017


WEATHER ITEM   OBSERVED TIME   RECORD YEAR NORMAL DEPARTURE LAST
                VALUE   (LST)  VALUE       VALUE  FROM      YEAR
                                                  NORMAL
..................................................................
TEMPERATURE (F)
 YESTERDAY
  MAXIMUM         61   1211 PM  80    1887  46     15       30
  MINIMUM         37    216 AM   2    2016  27     10        2
  AVERAGE         49                        36     13       16

PRECIPITATION (IN)
  YESTERDAY        0.31          1.05 1950   0.07   0.24      T
  MONTH TO DATE    0.42                      0.59  -0.17     0.67
  SINCE MAR 1      1.47                      2.08  -0.61     4.63
  SINCE JAN 1      4.43                      3.85   0.58     6.51

SNOWFALL (IN)
  YESTERDAY        0.0           8.0  1894   0.3   -0.3       T
  MONTH TO DATE    0.0                       2.8   -2.8      9.4
  SINCE MAR 1      5.3                      16.0  -10.7     26.7
  SINCE JUL 1     64.3                      81.6  -17.3     80.9
  SNOW DEPTH       0

DEGREE DAYS
 HEATING
  YESTERDAY       16                        28    -12       49
  MONTH TO DATE  183                       272    -89      350
  SINCE MAR 1   1376                      1482   -106     1378
  SINCE JUL 1   7066                      8349  -1283     7215

 COOLING
  YESTERDAY        0                         0      0        0
  MONTH TO DATE    0                         0      0        0
  SINCE MAR 1      0                         0      0        0
  SINCE JAN 1      0                         0      0        0
..................................................................


WIND (MPH)
  HIGHEST WIND SPEED    21   HIGHEST WIND DIRECTION     N (20)
  HIGHEST GUST SPEED    30   HIGHEST GUST DIRECTION     N (20)
  AVERAGE WIND SPEED     7.9


SKY COVER
  AVERAGE SKY COVER 0.6


WEATHER CONDITIONS
 THE FOLLOWING WEATHER WAS RECORDED YESTERDAY.
  RAIN
  LIGHT RAIN
  FOG


RELATIVE HUMIDITY (PERCENT)
 HIGHEST    86           900 PM
 LOWEST     42          1200 PM
 AVERAGE    64

..........................................................


THE DULUTH MN CLIMATE NORMALS FOR TODAY
                         NORMAL    RECORD    YEAR
 MAXIMUM TEMPERATURE (F)   46        84      1977
 MINIMUM TEMPERATURE (F)   28        10      1962


SUNRISE AND SUNSET
APRIL 10 2017.........SUNRISE   630 AM CDT   SUNSET   751 PM CDT
APRIL 11 2017.........SUNRISE   628 AM CDT   SUNSET   752 PM CDT


-  INDICATES NEGATIVE NUMBERS.
R  INDICATES RECORD WAS SET OR TIED.
MM INDICATES DATA IS MISSING.
T  INDICATES TRACE AMOUNT.




$$
