000
CDUS43 KDLH 120632
CLIDLH


CLIMATE REPORT
NATIONAL WEATHER SERVICE DULUTH MN
1228 AM CST FRI JAN 12 2018


...................................

...THE DULUTH MN CLIMATE SUMMARY FOR JANUARY 11 2018...

CLIMATE NORMAL PERIOD 1981 TO 2010
CLIMATE RECORD PERIOD 1870 TO 2018


WEATHER ITEM   OBSERVED TIME   RECORD YEAR NORMAL DEPARTURE LAST
                VALUE   (LST)  VALUE       VALUE  FROM      YEAR
                                                  NORMAL
..................................................................
TEMPERATURE (F)
 YESTERDAY
  MAXIMUM         32    346 AM  42    1986  19     13        5
  MINIMUM         -8   1159 PM -35    1912   1     -9       -8
  AVERAGE         12                        10      2       -1

PRECIPITATION (IN)
  YESTERDAY        0.27          0.73 1975   0.03   0.24     0.07
  MONTH TO DATE    0.30                      0.38  -0.08     0.60
  SINCE DEC 1      1.13                      1.59  -0.46     2.67
  SINCE JAN 1      0.30                      0.38  -0.08     0.60

SNOWFALL (IN)
  YESTERDAY        3.2           6.5  1988   0.7    2.5      1.0
  MONTH TO DATE    3.6                       7.4   -3.8     10.1
  SINCE DEC 1     17.0                      25.1   -8.1     31.4
  SINCE JUL 1     38.6                      41.2   -2.6     39.5
  SNOW DEPTH       5

DEGREE DAYS
 HEATING
  YESTERDAY       53                        55     -2       66
  MONTH TO DATE  646                       602     44      665
  SINCE DEC 1   2329                      2158    171     2177
  SINCE JUL 1   4475                      4371    104     3659

 COOLING
  YESTERDAY        0                         0      0        0
  MONTH TO DATE    0                         0      0        0
  SINCE DEC 1      0                         0      0        0
  SINCE JAN 1      0                         0      0        0
..................................................................


WIND (MPH)
  HIGHEST WIND SPEED    29   HIGHEST WIND DIRECTION     N (350)
  HIGHEST GUST SPEED    40   HIGHEST GUST DIRECTION     N (350)
  AVERAGE WIND SPEED    17.1


SKY COVER
  AVERAGE SKY COVER 0.9


WEATHER CONDITIONS
 THE FOLLOWING WEATHER WAS RECORDED YESTERDAY.
  LT FREEZING RAIN
  SNOW
  LIGHT SNOW
  FOG
  FOG W/VISIBILITY <= 1/4 MILE
  HAZE
  BLOWING SNOW


RELATIVE HUMIDITY (PERCENT)
 HIGHEST   100          1200 AM
 LOWEST     79           200 PM
 AVERAGE    90

..........................................................


THE DULUTH MN CLIMATE NORMALS FOR TODAY
                         NORMAL    RECORD    YEAR
 MAXIMUM TEMPERATURE (F)   19        45      1987
 MINIMUM TEMPERATURE (F)    1       -34      1912


SUNRISE AND SUNSET
JANUARY 12 2018.......SUNRISE   751 AM CST   SUNSET   444 PM CST
JANUARY 13 2018.......SUNRISE   751 AM CST   SUNSET   445 PM CST


-  INDICATES NEGATIVE NUMBERS.
R  INDICATES RECORD WAS SET OR TIED.
MM INDICATES DATA IS MISSING.
T  INDICATES TRACE AMOUNT.




$$
