000
CDUS43 KDLH 120634
CLIDLH


CLIMATE REPORT
NATIONAL WEATHER SERVICE DULUTH MN
1233 AM CST SUN MAR 12 2017


...................................

...THE DULUTH MN CLIMATE SUMMARY FOR MARCH 11 2017...

CLIMATE NORMAL PERIOD 1981 TO 2010
CLIMATE RECORD PERIOD 1870 TO 2017


WEATHER ITEM   OBSERVED TIME   RECORD YEAR NORMAL DEPARTURE LAST
                VALUE   (LST)  VALUE       VALUE  FROM      YEAR
                                                  NORMAL
..................................................................
TEMPERATURE (F)
 YESTERDAY
  MAXIMUM         18    426 PM  60    1902  32    -14       53
  MINIMUM         -4    657 AM -24    1948  16    -20       28
  AVERAGE          7                        24    -17       41

PRECIPITATION (IN)
  YESTERDAY        0.00          0.79 1973   0.05  -0.05     0.00
  MONTH TO DATE    0.24                      0.49  -0.25     0.33
  SINCE MAR 1      0.24                      0.49  -0.25     0.33
  SINCE JAN 1      3.20                      2.26   0.94     2.21

SNOWFALL (IN)
  YESTERDAY        0.0           5.2  1942   0.4   -0.4      0.0
  MONTH TO DATE    T                         5.8   -5.8      3.2
  SINCE MAR 1      T                         5.8   -5.8      3.2
  SINCE JUL 1     59.0                      71.4  -12.4     57.4
  SNOW DEPTH       3

DEGREE DAYS
 HEATING
  YESTERDAY       58                        41     17       24
  MONTH TO DATE  499                       474     25      398
  SINCE MAR 1    499                       474     25      398
  SINCE JUL 1   6189                      7341  -1152     6235

 COOLING
  YESTERDAY        0                         0      0        0
  MONTH TO DATE    0                         0      0        0
  SINCE MAR 1      0                         0      0        0
  SINCE JAN 1      0                         0      0        0
..................................................................


WIND (MPH)
  HIGHEST WIND SPEED    17   HIGHEST WIND DIRECTION    NW (330)
  HIGHEST GUST SPEED    22   HIGHEST GUST DIRECTION    NW (330)
  AVERAGE WIND SPEED     8.2


SKY COVER
  AVERAGE SKY COVER 0.1


WEATHER CONDITIONS
 THE FOLLOWING WEATHER WAS RECORDED YESTERDAY.
  NO SIGNIFICANT WEATHER WAS OBSERVED.


RELATIVE HUMIDITY (PERCENT)
 HIGHEST    61           600 AM
 LOWEST     37           200 PM
 AVERAGE    49

..........................................................


THE DULUTH MN CLIMATE NORMALS FOR TODAY
                         NORMAL    RECORD    YEAR
 MAXIMUM TEMPERATURE (F)   33        60      2016
 MINIMUM TEMPERATURE (F)   16       -18      1880


SUNRISE AND SUNSET
MARCH 12 2017.........SUNRISE   727 AM CDT   SUNSET   711 PM CDT
MARCH 13 2017.........SUNRISE   725 AM CDT   SUNSET   712 PM CDT


-  INDICATES NEGATIVE NUMBERS.
R  INDICATES RECORD WAS SET OR TIED.
MM INDICATES DATA IS MISSING.
T  INDICATES TRACE AMOUNT.




$$
