000
CDUS43 KDLH 080700
CLIDLH


CLIMATE REPORT
NATIONAL WEATHER SERVICE DULUTH MN
100 AM CST MON FEB 8 2016


...................................

...THE DULUTH MN CLIMATE SUMMARY FOR FEBRUARY 7 2016...

CLIMATE NORMAL PERIOD 1981 TO 2010
CLIMATE RECORD PERIOD 1870 TO 2016


WEATHER ITEM   OBSERVED TIME   RECORD YEAR NORMAL DEPARTURE LAST
                VALUE   (LST)  VALUE       VALUE  FROM      YEAR
                                                  NORMAL
..................................................................
TEMPERATURE (F)
 YESTERDAY
  MAXIMUM         35   1030 AM  55    1886  22     13       24
  MINIMUM         16   1159 PM -30    1933   4     12       19
  AVERAGE         26                        13     13       22

PRECIPITATION (IN)
  YESTERDAY        0.11          0.71 1937   0.03   0.08      T
  MONTH TO DATE    0.26                      0.17   0.09     0.02
  SINCE DEC 1      5.01                      2.34   2.67     1.74
  SINCE JAN 1      1.31                      1.13   0.18     0.48

SNOWFALL (IN)
  YESTERDAY        0.9           2.5  1981   0.4    0.5       T
  MONTH TO DATE    4.0                       3.0    1.0      0.3
  SINCE DEC 1     41.6                      40.1    1.5     15.5
  SINCE JUL 1     46.0                      56.2  -10.2     32.0
  SNOW DEPTH      14

DEGREE DAYS
 HEATING
  YESTERDAY       39                        52    -13       43
  MONTH TO DATE  327                       372    -45      399
  SINCE DEC 1   3125                      3627   -502     3356
  SINCE JUL 1   4788                      5840  -1052     5571

 COOLING
  YESTERDAY        0                         0      0        0
  MONTH TO DATE    0                         0      0        0
  SINCE DEC 1      0                         0      0        0
  SINCE JAN 1      0                         0      0        0
..................................................................


WIND (MPH)
  HIGHEST WIND SPEED    25   HIGHEST WIND DIRECTION    NW (320)
  HIGHEST GUST SPEED    34   HIGHEST GUST DIRECTION    NW (330)
  AVERAGE WIND SPEED    14.9


SKY COVER
  AVERAGE SKY COVER 0.9


WEATHER CONDITIONS
 THE FOLLOWING WEATHER WAS RECORDED YESTERDAY.
  LT FREEZING RAIN
  SNOW
  LIGHT SNOW
  FOG
  HAZE
  BLOWING SNOW


RELATIVE HUMIDITY (PERCENT)
 HIGHEST    92          1200 AM
 LOWEST     80          1100 PM
 AVERAGE    86

..........................................................


THE DULUTH MN CLIMATE NORMALS FOR TODAY
                         NORMAL    RECORD    YEAR
 MAXIMUM TEMPERATURE (F)   22        52      1991
 MINIMUM TEMPERATURE (F)    4       -31      1933


SUNRISE AND SUNSET
FEBRUARY  8 2016......SUNRISE   724 AM CST   SUNSET   522 PM CST
FEBRUARY  9 2016......SUNRISE   722 AM CST   SUNSET   523 PM CST


-  INDICATES NEGATIVE NUMBERS.
R  INDICATES RECORD WAS SET OR TIED.
MM INDICATES DATA IS MISSING.
T  INDICATES TRACE AMOUNT.




$$
