000
CDUS43 KDLH 130626
CLIDLH


CLIMATE REPORT
NATIONAL WEATHER SERVICE DULUTH MN
126 AM CDT SAT SEP 13 2014


...................................

...THE DULUTH MN CLIMATE SUMMARY FOR SEPTEMBER 12 2014...

CLIMATE NORMAL PERIOD 1981 TO 2010
CLIMATE RECORD PERIOD 1870 TO 2014


WEATHER ITEM   OBSERVED TIME   RECORD YEAR NORMAL DEPARTURE LAST
                VALUE   (LST)  VALUE       VALUE  FROM      YEAR
                                                  NORMAL
..................................................................
TEMPERATURE (F)
 YESTERDAY
  MAXIMUM         50    439 PM  87    1948  67    -17       67
  MINIMUM         34    228 AM  29    2007  48    -14       43
  AVERAGE         42                        57    -15       55

PRECIPITATION (IN)
  YESTERDAY        0.00          2.04 1903   0.14  -0.14     0.00
  MONTH TO DATE    0.67                      1.66  -0.99     0.34
  SINCE SEP 1      0.67                      1.66  -0.99     0.34
  SINCE JAN 1     25.62                     22.36   3.26    21.93

SNOWFALL (IN)
  YESTERDAY        0.0           0.0  2002   0.0    0.0      0.0
                                      2001
  MONTH TO DATE    0.0                       0.0    0.0      0.0
  SINCE SEP 1      0.0                       0.0    0.0      0.0
  SINCE JUL 1      0.0                       0.0    0.0      0.0
  SNOW DEPTH       0

DEGREE DAYS
 HEATING
  YESTERDAY       23                         8     15       10
  MONTH TO DATE   71                        79     -8       34
  SINCE SEP 1     71                        79     -8       34
  SINCE JUL 1    148                       228    -80      108

 COOLING
  YESTERDAY        0                         1     -1        0
  MONTH TO DATE    5                        12     -7       22
  SINCE SEP 1      5                        12     -7       22
  SINCE JAN 1    175                       202    -27      373
..................................................................


WIND (MPH)
  HIGHEST WIND SPEED    12   HIGHEST WIND DIRECTION    NW (330)
  HIGHEST GUST SPEED    18   HIGHEST GUST DIRECTION     N (360)
  AVERAGE WIND SPEED     5.8


SKY COVER
  AVERAGE SKY COVER 0.6


WEATHER CONDITIONS
 THE FOLLOWING WEATHER WAS RECORDED YESTERDAY.
  NO SIGNIFICANT WEATHER WAS OBSERVED.


RELATIVE HUMIDITY (PERCENT)
 HIGHEST    92           100 AM
 LOWEST     42           100 PM
 AVERAGE    67

..........................................................


THE DULUTH MN CLIMATE NORMALS FOR TODAY
                         NORMAL    RECORD    YEAR
 MAXIMUM TEMPERATURE (F)   66        84      1990
 MINIMUM TEMPERATURE (F)   47        30      1975
                                             1963
                                             1923


SUNRISE AND SUNSET
SEPTEMBER 13 2014.....SUNRISE   644 AM CDT   SUNSET   724 PM CDT
SEPTEMBER 14 2014.....SUNRISE   645 AM CDT   SUNSET   722 PM CDT


-  INDICATES NEGATIVE NUMBERS.
R  INDICATES RECORD WAS SET OR TIED.
MM INDICATES DATA IS MISSING.
T  INDICATES TRACE AMOUNT.




$$
