000
CDUS43 KDLH 110619
CLIDLH


CLIMATE REPORT
NATIONAL WEATHER SERVICE DULUTH MN
118 AM CDT THU MAY 11 2017


...................................

...THE DULUTH MN CLIMATE SUMMARY FOR MAY 10 2017...

CLIMATE NORMAL PERIOD 1981 TO 2010
CLIMATE RECORD PERIOD 1870 TO 2017


WEATHER ITEM   OBSERVED TIME   RECORD YEAR NORMAL DEPARTURE LAST
                VALUE   (LST)  VALUE       VALUE  FROM      YEAR
                                                  NORMAL
..................................................................
TEMPERATURE (F)
 YESTERDAY
  MAXIMUM         71   1128 AM  86    2007  61     10       51
                                      1896
  MINIMUM         44   1201 AM  23    1981  39      5       43
  AVERAGE         58                        50      8       47

PRECIPITATION (IN)
  YESTERDAY        T             1.22 1953   0.10  -0.10     0.16
  MONTH TO DATE    0.53                      1.01  -0.48     0.67
  SINCE MAR 1      4.60                      4.93  -0.33     7.03
  SINCE JAN 1      7.56                      6.70   0.86     8.91

SNOWFALL (IN)
  YESTERDAY        0.0           5.5  1902   0.0    0.0      0.0
  MONTH TO DATE    0.8                       0.3    0.5       T
  SINCE MAR 1      8.0                      20.4  -12.4     27.1
  SINCE JUL 1     67.0                      86.0  -19.0     81.3
  SNOW DEPTH       0

DEGREE DAYS
 HEATING
  YESTERDAY        7                        15     -8       18
  MONTH TO DATE  167                       168     -1      126
  SINCE MAR 1   2038                      2140   -102     1963
  SINCE JUL 1   7728                      9007  -1279     7800

 COOLING
  YESTERDAY        0                         0      0        0
  MONTH TO DATE    0                         0      0        7
  SINCE MAR 1      0                         0      0        7
  SINCE JAN 1      0                         0      0        7
..................................................................


WIND (MPH)
  HIGHEST WIND SPEED    24   HIGHEST WIND DIRECTION     W (280)
  HIGHEST GUST SPEED    30   HIGHEST GUST DIRECTION     W (280)
  AVERAGE WIND SPEED    12.9


SKY COVER
  AVERAGE SKY COVER 0.5


WEATHER CONDITIONS
 THE FOLLOWING WEATHER WAS RECORDED YESTERDAY.
  LIGHT RAIN


RELATIVE HUMIDITY (PERCENT)
 HIGHEST    61           300 AM
 LOWEST     36          1000 AM
 AVERAGE    49

..........................................................


THE DULUTH MN CLIMATE NORMALS FOR TODAY
                         NORMAL    RECORD    YEAR
 MAXIMUM TEMPERATURE (F)   61        83      1991
 MINIMUM TEMPERATURE (F)   39        23      1963
                                             1946


SUNRISE AND SUNSET
MAY 11 2017...........SUNRISE   539 AM CDT   SUNSET   832 PM CDT
MAY 12 2017...........SUNRISE   537 AM CDT   SUNSET   833 PM CDT


-  INDICATES NEGATIVE NUMBERS.
R  INDICATES RECORD WAS SET OR TIED.
MM INDICATES DATA IS MISSING.
T  INDICATES TRACE AMOUNT.




$$
