000
CDUS43 KDLH 220623
CLIDLH


CLIMATE REPORT
NATIONAL WEATHER SERVICE DULUTH MN
121 AM CDT WED MAR 22 2017


...................................

...THE DULUTH MN CLIMATE SUMMARY FOR MARCH 21 2017...

CLIMATE NORMAL PERIOD 1981 TO 2010
CLIMATE RECORD PERIOD 1870 TO 2017


WEATHER ITEM   OBSERVED TIME   RECORD YEAR NORMAL DEPARTURE LAST
                VALUE   (LST)  VALUE       VALUE  FROM      YEAR
                                                  NORMAL
..................................................................
TEMPERATURE (F)
 YESTERDAY
  MAXIMUM         37   1201 AM  68    1910  36      1       38
  MINIMUM         16   1156 PM -14    1885  20     -4       21
  AVERAGE         27                        28     -1       30

PRECIPITATION (IN)
  YESTERDAY        0.00          0.89 1894   0.05  -0.05      T
  MONTH TO DATE    0.76                      0.96  -0.20     3.10
  SINCE MAR 1      0.76                      0.96  -0.20     3.10
  SINCE JAN 1      3.72                      2.73   0.99     4.98

SNOWFALL (IN)
  YESTERDAY        0.0           6.9  2014   0.4   -0.4       T
  MONTH TO DATE    5.1                       9.9   -4.8     12.9
  SINCE MAR 1      5.1                       9.9   -4.8     12.9
  SINCE JUL 1     64.1                      75.5  -11.4     67.1
  SNOW DEPTH       3

DEGREE DAYS
 HEATING
  YESTERDAY       38                        37      1       35
  MONTH TO DATE  898                       864     34      708
  SINCE MAR 1    898                       864     34      708
  SINCE JUL 1   6588                      7731  -1143     6545

 COOLING
  YESTERDAY        0                         0      0        0
  MONTH TO DATE    0                         0      0        0
  SINCE MAR 1      0                         0      0        0
  SINCE JAN 1      0                         0      0        0
..................................................................


WIND (MPH)
  HIGHEST WIND SPEED    26   HIGHEST WIND DIRECTION    NW (330)
  HIGHEST GUST SPEED    35   HIGHEST GUST DIRECTION    NW (320)
  AVERAGE WIND SPEED    12.5


SKY COVER
  AVERAGE SKY COVER 0.1


WEATHER CONDITIONS
 THE FOLLOWING WEATHER WAS RECORDED YESTERDAY.
  NO SIGNIFICANT WEATHER WAS OBSERVED.


RELATIVE HUMIDITY (PERCENT)
 HIGHEST    63           100 AM
 LOWEST     31           400 PM
 AVERAGE    47

..........................................................


THE DULUTH MN CLIMATE NORMALS FOR TODAY
                         NORMAL    RECORD    YEAR
 MAXIMUM TEMPERATURE (F)   37        72      1945
 MINIMUM TEMPERATURE (F)   20       -13      1888


SUNRISE AND SUNSET
MARCH 22 2017.........SUNRISE   707 AM CDT   SUNSET   724 PM CDT
MARCH 23 2017.........SUNRISE   705 AM CDT   SUNSET   726 PM CDT


-  INDICATES NEGATIVE NUMBERS.
R  INDICATES RECORD WAS SET OR TIED.
MM INDICATES DATA IS MISSING.
T  INDICATES TRACE AMOUNT.




$$
