000
CDUS43 KDLH 191716
CLIDLH

CLIMATE REPORT
NATIONAL WEATHER SERVICE DULUTH MN
1116 AM CST MON FEB 19 2018


...................................

...THE DULUTH MN CLIMATE SUMMARY FOR FEBRUARY 18 2018...

CLIMATE NORMAL PERIOD 1981 TO 2010
CLIMATE RECORD PERIOD 1870 TO 2018


WEATHER ITEM   OBSERVED TIME   RECORD YEAR NORMAL DEPARTURE LAST
                VALUE   (LST)  VALUE       VALUE  FROM      YEAR
                                                  NORMAL
..................................................................
TEMPERATURE (F)
 YESTERDAY
  MAXIMUM         23    710 PM  53    1981  25     -2       52
  MINIMUM          8   1244 AM -25    1966   7      1       36
  AVERAGE         16                        16      0       44

PRECIPITATION (IN)
  YESTERDAY        0.31          0.40 1909   0.03   0.28     0.00
  MONTH TO DATE    0.52                      0.45   0.07     0.41
  SINCE DEC 1      1.98                      2.62  -0.64     3.64
  SINCE JAN 1      1.15                      1.41  -0.26     1.57

SNOWFALL (IN)
  YESTERDAY        3.6           4.2  1909   0.4    3.2      0.0
  MONTH TO DATE    5.8                       7.4   -1.6      5.6
  SINCE DEC 1     28.3                      44.5  -16.2     42.4
  SINCE JUL 1     49.9                      60.6  -10.7     50.5
  SNOW DEPTH       9

DEGREE DAYS
 HEATING
  YESTERDAY       49                        49      0       21
  MONTH TO DATE 1064                       929    135      816
  SINCE DEC 1   4413                      4184    229     3839
  SINCE JUL 1   6559                      6397    162     5321

 COOLING
  YESTERDAY        0                         0      0        0
  MONTH TO DATE    0                         0      0        0
  SINCE DEC 1      0                         0      0        0
  SINCE JAN 1      0                         0      0        0
..................................................................


WIND (MPH)
  HIGHEST WIND SPEED    23   HIGHEST WIND DIRECTION     E (110)
  HIGHEST GUST SPEED    28   HIGHEST GUST DIRECTION     E (100)
  AVERAGE WIND SPEED    10.2


SKY COVER
  AVERAGE SKY COVER 0.8


WEATHER CONDITIONS
 THE FOLLOWING WEATHER WAS RECORDED YESTERDAY.
  HEAVY SNOW
  SNOW
  LIGHT SNOW
  FOG
  FOG W/VISIBILITY <= 1/4 MILE
  HAZE
  BLOWING SNOW


RELATIVE HUMIDITY (PERCENT)
 HIGHEST    92           800 PM
 LOWEST     66           200 AM
 AVERAGE    79

..........................................................


THE DULUTH MN CLIMATE NORMALS FOR TODAY
                         NORMAL    RECORD    YEAR
 MAXIMUM TEMPERATURE (F)   25        51      1930
 MINIMUM TEMPERATURE (F)    7       -28      1966


SUNRISE AND SUNSET
FEBRUARY 19 2018......SUNRISE   706 AM CST   SUNSET   540 PM CST
FEBRUARY 20 2018......SUNRISE   704 AM CST   SUNSET   541 PM CST


-  INDICATES NEGATIVE NUMBERS.
R  INDICATES RECORD WAS SET OR TIED.
MM INDICATES DATA IS MISSING.
T  INDICATES TRACE AMOUNT.




$$
