000
CDUS43 KDLH 010621
CLIDLH


CLIMATE REPORT
NATIONAL WEATHER SERVICE DULUTH MN
120 AM CDT FRI AUG 1 2014


...................................

...THE DULUTH MN CLIMATE SUMMARY FOR JULY 31 2014...

CLIMATE NORMAL PERIOD 1981 TO 2010
CLIMATE RECORD PERIOD 1870 TO 2014


WEATHER ITEM   OBSERVED TIME   RECORD YEAR NORMAL DEPARTURE LAST
                VALUE   (LST)  VALUE       VALUE  FROM      YEAR
                                                  NORMAL
..................................................................
TEMPERATURE (F)
 YESTERDAY
  MAXIMUM         80        MM  95    2006  77      3       78
  MINIMUM         56        MM  42    1924  56      0       59
  AVERAGE         68                        66      2       69

PRECIPITATION (IN)
  YESTERDAY        0.00          1.55 1879   0.12  -0.12     0.13
  MONTH TO DATE    3.42                      3.85  -0.43     1.73
  SINCE JUN 1      7.89                      8.08  -0.19     6.27
  SINCE JAN 1     20.32                     17.00   3.32    19.61

SNOWFALL (IN)
  YESTERDAY        0.0           0.0  2002   0.0    0.0      0.0
                                      2001
  MONTH TO DATE    0.0                       0.0    0.0      0.0
  SINCE JUN 1      T                         0.0    0.0      0.0
  SINCE JUL 1      0.0                       0.0    0.0      0.0
  SNOW DEPTH       0

DEGREE DAYS
 HEATING
  YESTERDAY        0                         2     -2        0
  MONTH TO DATE   40                        68    -28       47
  SINCE JUN 1    202                       242    -40      193
  SINCE JUL 1     40                        63    -23       47

 COOLING
  YESTERDAY        3                         3      0        4
  MONTH TO DATE   85                        90     -5      141
  SINCE JUN 1    114                       120     -6      194
  SINCE JAN 1    132                       124      8      195
..................................................................


WIND (MPH)
  HIGHEST WIND SPEED    12   HIGHEST WIND DIRECTION    NW (310)
  HIGHEST GUST SPEED    MM   HIGHEST GUST DIRECTION    MM
  AVERAGE WIND SPEED     5.0


SKY COVER
  AVERAGE SKY COVER 0.2


WEATHER CONDITIONS
 THE FOLLOWING WEATHER WAS RECORDED YESTERDAY.
  NO SIGNIFICANT WEATHER WAS OBSERVED.


RELATIVE HUMIDITY (PERCENT)
 HIGHEST    87           400 AM
 LOWEST     39           300 PM
 AVERAGE    63

..........................................................


THE DULUTH MN CLIMATE NORMALS FOR TODAY
                         NORMAL    RECORD    YEAR
 MAXIMUM TEMPERATURE (F)   76        97      1930
 MINIMUM TEMPERATURE (F)   56        41      1905


SUNRISE AND SUNSET
AUGUST  1 2014........SUNRISE   549 AM CDT   SUNSET   840 PM CDT
AUGUST  2 2014........SUNRISE   550 AM CDT   SUNSET   839 PM CDT


-  INDICATES NEGATIVE NUMBERS.
R  INDICATES RECORD WAS SET OR TIED.
MM INDICATES DATA IS MISSING.
T  INDICATES TRACE AMOUNT.




$$
