000
CDUS43 KDLH 230620
CLIDLH


CLIMATE REPORT
NATIONAL WEATHER SERVICE DULUTH MN
120 AM CDT WED JUL 23 2014


...................................

...THE DULUTH MN CLIMATE SUMMARY FOR JULY 22 2014...

CLIMATE NORMAL PERIOD 1981 TO 2010
CLIMATE RECORD PERIOD 1870 TO 2014


WEATHER ITEM   OBSERVED TIME   RECORD YEAR NORMAL DEPARTURE LAST
                VALUE   (LST)  VALUE       VALUE  FROM      YEAR
                                                  NORMAL
..................................................................
TEMPERATURE (F)
 YESTERDAY
  MAXIMUM         79    359 PM  95    1941  77      2       83
  MINIMUM         60   1159 PM  40    1985  56      4       56
  AVERAGE         70                        66      4       70

PRECIPITATION (IN)
  YESTERDAY        0.31          1.75 1967   0.11   0.20     0.04
  MONTH TO DATE    2.77                      2.86  -0.09     0.95
  SINCE JUN 1      7.24                      7.09   0.15     5.49
  SINCE JAN 1     19.67                     16.01   3.66    18.83

SNOWFALL (IN)
  YESTERDAY        0.0                       0.0    0.0      0.0
  MONTH TO DATE    0.0                       0.0    0.0      0.0
  SINCE JUN 1      T                         0.0    0.0      0.0
  SINCE JUL 1      0.0                       0.0    0.0      0.0
  SNOW DEPTH       0

DEGREE DAYS
 HEATING
  YESTERDAY        0                         2     -2        0
  MONTH TO DATE   34                        50    -16       16
  SINCE JUN 1    196                       229    -33      162
  SINCE JUL 1     34                        50    -16       16

 COOLING
  YESTERDAY        5                         3      2        5
  MONTH TO DATE   69                        63      6      131
  SINCE JUN 1     98                        93      5      184
  SINCE JAN 1    116                        97     19      185
..................................................................


WIND (MPH)
  HIGHEST WIND SPEED    37   HIGHEST WIND DIRECTION    NW (300)
  HIGHEST GUST SPEED    50   HIGHEST GUST DIRECTION    NW (300)
  AVERAGE WIND SPEED    12.3


SKY COVER
  AVERAGE SKY COVER 0.5


WEATHER CONDITIONS
 THE FOLLOWING WEATHER WAS RECORDED YESTERDAY.
  THUNDERSTORM
  RAIN
  LIGHT RAIN
  FOG


RELATIVE HUMIDITY (PERCENT)
 HIGHEST    93           200 AM
 LOWEST     45           400 PM
 AVERAGE    69

..........................................................


THE DULUTH MN CLIMATE NORMALS FOR TODAY
                         NORMAL    RECORD    YEAR
 MAXIMUM TEMPERATURE (F)   77        93      1945
 MINIMUM TEMPERATURE (F)   56        39      1962


SUNRISE AND SUNSET
JULY 23 2014..........SUNRISE   538 AM CDT   SUNSET   852 PM CDT
JULY 24 2014..........SUNRISE   539 AM CDT   SUNSET   851 PM CDT


-  INDICATES NEGATIVE NUMBERS.
R  INDICATES RECORD WAS SET OR TIED.
MM INDICATES DATA IS MISSING.
T  INDICATES TRACE AMOUNT.




$$
