000
CDUS43 KDLH 082231
CLIDLH


CLIMATE REPORT
NATIONAL WEATHER SERVICE DULUTH MN
430 PM CST WED NOV 8 2017


...................................

...THE DULUTH CLIMATE SUMMARY FOR NOVEMBER 8 2017...
VALID TODAY AS OF 0400 PM LOCAL TIME.

CLIMATE NORMAL PERIOD 1981 TO 2010
CLIMATE RECORD PERIOD 1870 TO 2017


WEATHER ITEM   OBSERVED TIME   RECORD YEAR NORMAL DEPARTURE LAST
                VALUE   (LST)  VALUE       VALUE  FROM      YEAR
                                                  NORMAL
..................................................................
TEMPERATURE (F)
 TODAY
  MAXIMUM         28    147 PM  69    1999  40    -12       56
  MINIMUM         17    439 AM  -5    2003  26     -9       36
  AVERAGE         23                        33    -10       46

PRECIPITATION (IN)
  TODAY            0.00          1.83 1932   0.07  -0.07     0.00
  MONTH TO DATE    0.90                      0.59   0.31     0.01
  SINCE SEP 1      7.85                      7.55   0.30     5.08
  SINCE JAN 1     35.54                     28.25   7.29    29.00

SNOWFALL (IN)
  TODAY            0.0           6.8  1943   0.3   -0.3      0.0
  MONTH TO DATE    7.6                       2.3    5.3      0.0
  SINCE JUL 1     18.7                       4.7   14.0       T
  SNOW DEPTH       3

DEGREE DAYS
 HEATING
  TODAY           42                        32     10       19
  MONTH TO DATE  311                       244     67      120
  SINCE SEP 1   1117                      1220   -103      813
  SINCE JUL 1   1287                      1369    -82      867

 COOLING
  TODAY            0                         0      0        0
  MONTH TO DATE    0                         0      0        0
  SINCE SEP 1     26                        14     12       14
  SINCE JAN 1    126                       204    -78      281
..................................................................


WIND (MPH)
  HIGHEST WIND SPEED    16   HIGHEST WIND DIRECTION     W (290)
  HIGHEST GUST SPEED    19   HIGHEST GUST DIRECTION     W (260)
  AVERAGE WIND SPEED    10.1


SKY COVER
  AVERAGE SKY COVER 0.4


WEATHER CONDITIONS
 THE FOLLOWING WEATHER WAS RECORDED TODAY.
  NO SIGNIFICANT WEATHER WAS OBSERVED.


RELATIVE HUMIDITY (PERCENT)
 HIGHEST    92           700 AM
 LOWEST     63           300 PM
 AVERAGE    78

..........................................................


THE DULUTH CLIMATE NORMALS FOR TOMORROW
                         NORMAL    RECORD    YEAR
 MAXIMUM TEMPERATURE (F)   39        71      1999
 MINIMUM TEMPERATURE (F)   26         5      1959
                                             1945


SUNRISE AND SUNSET
NOVEMBER  8 2017......SUNRISE   702 AM CST   SUNSET   443 PM CST
NOVEMBER  9 2017......SUNRISE   703 AM CST   SUNSET   441 PM CST


-  INDICATES NEGATIVE NUMBERS.
R  INDICATES RECORD WAS SET OR TIED.
MM INDICATES DATA IS MISSING.
T  INDICATES TRACE AMOUNT.




$$
