000
CDUS43 KDLH 210637
CLIDLH


CLIMATE REPORT
NATIONAL WEATHER SERVICE DULUTH MN
1235 AM CST FRI NOV 21 2014


...................................

...THE DULUTH MN CLIMATE SUMMARY FOR NOVEMBER 20 2014...

CLIMATE NORMAL PERIOD 1981 TO 2010
CLIMATE RECORD PERIOD 1870 TO 2014


WEATHER ITEM   OBSERVED TIME   RECORD YEAR NORMAL DEPARTURE LAST
                VALUE   (LST)  VALUE       VALUE  FROM      YEAR
                                                  NORMAL
..................................................................
TEMPERATURE (F)
 YESTERDAY
  MAXIMUM         13    354 PM  61    1925  33    -20       44
  MINIMUM         -2   1154 PM -11    1921  20    -22       35
  AVERAGE          6                        26    -20       40

PRECIPITATION (IN)
  YESTERDAY        T             1.56 1930   0.07  -0.07     0.00
  MONTH TO DATE    0.79                      1.48  -0.69     0.69
  SINCE SEP 1      4.23                      8.44  -4.21     5.88
  SINCE JAN 1     29.18                     29.14   0.04    27.47

SNOWFALL (IN)
  YESTERDAY        T            12.0  1975   0.5   -0.5      0.0
  MONTH TO DATE   12.3                       8.0    4.3      1.3
  SINCE SEP 1     12.4                      10.4    2.0      1.6
  SINCE JUL 1     12.4                      10.4    2.0      1.6
  SNOW DEPTH       6

DEGREE DAYS
 HEATING
  YESTERDAY       59                        39     20       25
  MONTH TO DATE  819                       672    147      639
  SINCE SEP 1   1668                      1648     20     1417
  SINCE JUL 1   1745                      1797    -52     1491

 COOLING
  YESTERDAY        0                         0      0        0
  MONTH TO DATE    0                         0      0        0
  SINCE SEP 1      9                        14     -5       24
  SINCE JAN 1    179                       204    -25      375
..................................................................


WIND (MPH)
  HIGHEST WIND SPEED    20   HIGHEST WIND DIRECTION     W (290)
  HIGHEST GUST SPEED    26   HIGHEST GUST DIRECTION    NW (310)
  AVERAGE WIND SPEED    11.5


SKY COVER
  AVERAGE SKY COVER 0.3


WEATHER CONDITIONS
 THE FOLLOWING WEATHER WAS RECORDED YESTERDAY.
  LIGHT SNOW
  HAZE
  BLOWING SNOW


RELATIVE HUMIDITY (PERCENT)
 HIGHEST    80           200 AM
 LOWEST     53           300 PM
 AVERAGE    67

..........................................................


THE DULUTH MN CLIMATE NORMALS FOR TODAY
                         NORMAL    RECORD    YEAR
 MAXIMUM TEMPERATURE (F)   32        64      1990
 MINIMUM TEMPERATURE (F)   19       -13      1880


SUNRISE AND SUNSET
NOVEMBER 21 2014......SUNRISE   720 AM CST   SUNSET   429 PM CST
NOVEMBER 22 2014......SUNRISE   721 AM CST   SUNSET   428 PM CST


-  INDICATES NEGATIVE NUMBERS.
R  INDICATES RECORD WAS SET OR TIED.
MM INDICATES DATA IS MISSING.
T  INDICATES TRACE AMOUNT.




$$
