000
CDUS43 KDLH 152229
CLIDLH


CLIMATE REPORT
NATIONAL WEATHER SERVICE DULUTH MN
528 PM CDT FRI SEP 15 2017


...................................

...THE DULUTH CLIMATE SUMMARY FOR SEPTEMBER 15 2017...
VALID TODAY AS OF 0500 PM LOCAL TIME.

CLIMATE NORMAL PERIOD 1981 TO 2010
CLIMATE RECORD PERIOD 1870 TO 2017


WEATHER ITEM   OBSERVED TIME   RECORD YEAR NORMAL DEPARTURE LAST
                VALUE   (LST)  VALUE       VALUE  FROM      YEAR
                                                  NORMAL
..................................................................
TEMPERATURE (F)
 TODAY
  MAXIMUM         64   1217 AM  89    1939  65     -1       70
  MINIMUM         55    359 PM  27    1964  46      9       45
  AVERAGE         60                        56      4       58

PRECIPITATION (IN)
  TODAY            0.00          1.99 1897   0.15  -0.15     0.08
  MONTH TO DATE    0.86                      2.10  -1.24     2.30
  SINCE SEP 1      0.86                      2.10  -1.24     2.30
  SINCE JAN 1     28.55                     22.80   5.75    26.22

SNOWFALL (IN)
  TODAY            0.0           T    1995   0.0    0.0      0.0
  MONTH TO DATE    0.0                       0.0    0.0      0.0
  SINCE JUL 1      T                         0.0    0.0      0.0
  SNOW DEPTH       0

DEGREE DAYS
 HEATING
  TODAY            5                        10     -5        7
  MONTH TO DATE   90                       107    -17       49
  SINCE SEP 1     90                       107    -17       49
  SINCE JUL 1    260                       256      4      103

 COOLING
  TODAY            0                         0      0        0
  MONTH TO DATE    8                        13     -5       14
  SINCE SEP 1      8                        13     -5       14
  SINCE JAN 1    108                       203    -95      281
..................................................................


WIND (MPH)
  HIGHEST WIND SPEED    22   HIGHEST WIND DIRECTION     E (100)
  HIGHEST GUST SPEED    28   HIGHEST GUST DIRECTION     E (110)
  AVERAGE WIND SPEED    12.3


SKY COVER
  AVERAGE SKY COVER 0.8


WEATHER CONDITIONS
 THE FOLLOWING WEATHER WAS RECORDED TODAY.
  THUNDERSTORM
  FOG
  FOG W/VISIBILITY <= 1/4 MILE


RELATIVE HUMIDITY (PERCENT)
 HIGHEST   100           100 AM
 LOWEST     87          1200 AM
 AVERAGE    94

..........................................................


THE DULUTH CLIMATE NORMALS FOR TOMORROW
                         NORMAL    RECORD    YEAR
 MAXIMUM TEMPERATURE (F)   65        89      1948
 MINIMUM TEMPERATURE (F)   46        30      1959


SUNRISE AND SUNSET
SEPTEMBER 15 2017.....SUNRISE   647 AM CDT   SUNSET   720 PM CDT
SEPTEMBER 16 2017.....SUNRISE   648 AM CDT   SUNSET   718 PM CDT


-  INDICATES NEGATIVE NUMBERS.
R  INDICATES RECORD WAS SET OR TIED.
MM INDICATES DATA IS MISSING.
T  INDICATES TRACE AMOUNT.




$$
