000
CDUS43 KDLH 312249
CLIDLH


CLIMATE REPORT
NATIONAL WEATHER SERVICE DULUTH MN
449 PM CST SUN JAN 31 2016


...................................

...THE DULUTH MN CLIMATE SUMMARY FOR JANUARY 30 2016...

CLIMATE NORMAL PERIOD 1981 TO 2010
CLIMATE RECORD PERIOD 1870 TO 2016


WEATHER ITEM   OBSERVED TIME   RECORD YEAR NORMAL DEPARTURE LAST
                VALUE   (LST)  VALUE       VALUE  FROM      YEAR
                                                  NORMAL
..................................................................
TEMPERATURE (F)
 YESTERDAY
  MAXIMUM         41    236 PM  44    1890  20     21       18
  MINIMUM         27   1159 PM -35    1994   2     25       -1
  AVERAGE         34                        11     23        9

PRECIPITATION (IN)
  YESTERDAY        0.00          0.51 2001   0.02  -0.02      T
  MONTH TO DATE    1.05                      0.93   0.12     0.46
  SINCE DEC 1      4.75                      2.14   2.61     1.72
  SINCE JAN 1      1.05                      0.93   0.12     0.46

SNOWFALL (IN)
  YESTERDAY        0.0           4.7  1974   0.5   -0.5       T
  MONTH TO DATE   13.0                      18.9   -5.9      6.6
  SINCE DEC 1     37.6                      36.6    1.0     15.2
  SINCE JUL 1     42.0                      52.7  -10.7     31.7
  SNOW DEPTH      13

DEGREE DAYS
 HEATING
  YESTERDAY       31                        54    -23       56
  MONTH TO DATE 1576                      1644    -68     1562
  SINCE DEC 1   2763                      3200   -437     2903
  SINCE JUL 1   4426                      5413   -987     5118

 COOLING
  YESTERDAY        0                         0      0        0
  MONTH TO DATE    0                         0      0        0
  SINCE DEC 1      0                         0      0        0
  SINCE JAN 1      0                         0      0        0
..................................................................


WIND (MPH)
  HIGHEST WIND SPEED    22   HIGHEST WIND DIRECTION     W (260)
  HIGHEST GUST SPEED    27   HIGHEST GUST DIRECTION     W (260)
  AVERAGE WIND SPEED    14.2


SKY COVER
  AVERAGE SKY COVER 0.4


WEATHER CONDITIONS
 THE FOLLOWING WEATHER WAS RECORDED YESTERDAY.
  FOG


RELATIVE HUMIDITY (PERCENT)
 HIGHEST    92           100 AM
 LOWEST     55           200 PM
 AVERAGE    74

..........................................................


THE DULUTH MN CLIMATE NORMALS FOR TODAY
                         NORMAL    RECORD    YEAR
 MAXIMUM TEMPERATURE (F)   20        48      1892
 MINIMUM TEMPERATURE (F)    2       -33      1982


SUNRISE AND SUNSET
JANUARY 31 2016.......SUNRISE   735 AM CST   SUNSET   510 PM CST
FEBRUARY  1 2016......SUNRISE   733 AM CST   SUNSET   511 PM CST


-  INDICATES NEGATIVE NUMBERS.
R  INDICATES RECORD WAS SET OR TIED.
MM INDICATES DATA IS MISSING.
T  INDICATES TRACE AMOUNT.




$$
