000
CDUS43 KDLH 051311
CLIDLH


CLIMATE REPORT
NATIONAL WEATHER SERVICE DULUTH MN
810 AM CDT THU OCT 5 2017


...................................

...THE DULUTH MN CLIMATE SUMMARY FOR OCTOBER 4 2017...

CLIMATE NORMAL PERIOD 1981 TO 2010
CLIMATE RECORD PERIOD 1870 TO 2017


WEATHER ITEM   OBSERVED TIME   RECORD YEAR NORMAL DEPARTURE LAST
                VALUE   (LST)  VALUE       VALUE  FROM      YEAR
                                                  NORMAL
..................................................................
TEMPERATURE (F)
 YESTERDAY
  MAXIMUM         56    157 PM  83    1922  57     -1       69
  MINIMUM         40   1159 PM  22    1952  39      1       52
  AVERAGE         48                        48      0       61

PRECIPITATION (IN)
  YESTERDAY        0.00          1.21 2002   0.11  -0.11      T
  MONTH TO DATE    2.08                      0.46   1.62      T
  SINCE SEP 1      5.63                      4.57   1.06     3.52
  SINCE JAN 1     33.32                     25.27   8.05    27.44

SNOWFALL (IN)
  YESTERDAY        0.0           T    2014   0.0    0.0      0.0
                                      2012
                                      1964
  MONTH TO DATE    0.0                       0.1   -0.1      0.0
  SINCE SEP 1      T                         0.2   -0.2      0.0
  SINCE JUL 1      T                         0.2   -0.2      0.0
  SNOW DEPTH       0

DEGREE DAYS
 HEATING
  YESTERDAY       17                        17      0        4
  MONTH TO DATE   44                        66    -22       30
  SINCE SEP 1    256                       364   -108      192
  SINCE JUL 1    426                       513    -87      246

 COOLING
  YESTERDAY        0                         0      0        0
  MONTH TO DATE    0                         0      0        0
  SINCE SEP 1     26                        14     12       14
  SINCE JAN 1    126                       204    -78      281
..................................................................


WIND (MPH)
  HIGHEST WIND SPEED    23   HIGHEST WIND DIRECTION     W (250)
  HIGHEST GUST SPEED    27   HIGHEST GUST DIRECTION     W (260)
  AVERAGE WIND SPEED    11.8


SKY COVER
  AVERAGE SKY COVER 0.3


WEATHER CONDITIONS
 THE FOLLOWING WEATHER WAS RECORDED YESTERDAY.
  NO SIGNIFICANT WEATHER WAS OBSERVED.


RELATIVE HUMIDITY (PERCENT)
 HIGHEST   100          1200 AM
 LOWEST     64           400 PM
 AVERAGE    82

..........................................................


THE DULUTH MN CLIMATE NORMALS FOR TODAY
                         NORMAL    RECORD    YEAR
 MAXIMUM TEMPERATURE (F)   57        84      1963
 MINIMUM TEMPERATURE (F)   39        21      1988
                                             1952


SUNRISE AND SUNSET
OCTOBER  5 2017.......SUNRISE   713 AM CDT   SUNSET   640 PM CDT
OCTOBER  6 2017.......SUNRISE   715 AM CDT   SUNSET   638 PM CDT


-  INDICATES NEGATIVE NUMBERS.
R  INDICATES RECORD WAS SET OR TIED.
MM INDICATES DATA IS MISSING.
T  INDICATES TRACE AMOUNT.




$$
