000
CDUS43 KDLH 190628
CLIDLH


CLIMATE REPORT
NATIONAL WEATHER SERVICE DULUTH MN
127 AM CDT SUN MAR 19 2017


...................................

...THE DULUTH MN CLIMATE SUMMARY FOR MARCH 18 2017...

CLIMATE NORMAL PERIOD 1981 TO 2010
CLIMATE RECORD PERIOD 1870 TO 2017


WEATHER ITEM   OBSERVED TIME   RECORD YEAR NORMAL DEPARTURE LAST
                VALUE   (LST)  VALUE       VALUE  FROM      YEAR
                                                  NORMAL
..................................................................
TEMPERATURE (F)
 YESTERDAY
  MAXIMUM         34    529 PM  73    2012  35     -1       27
  MINIMUM         23    942 AM -14    1923  18      5       20
  AVERAGE         29                        27      2       24

PRECIPITATION (IN)
  YESTERDAY        0.00          1.37 1922   0.05  -0.05      T
  MONTH TO DATE    0.76                      0.81  -0.05     3.10
  SINCE MAR 1      0.76                      0.81  -0.05     3.10
  SINCE JAN 1      3.72                      2.58   1.14     4.98

SNOWFALL (IN)
  YESTERDAY        0.0           8.6  1922   0.4   -0.4       T
  MONTH TO DATE    5.1                       8.8   -3.7     12.9
  SINCE MAR 1      5.1                       8.8   -3.7     12.9
  SINCE JUL 1     64.1                      74.4  -10.3     67.1
  SNOW DEPTH       5

DEGREE DAYS
 HEATING
  YESTERDAY       36                        38     -2       41
  MONTH TO DATE  807                       751     56      596
  SINCE MAR 1    807                       751     56      596
  SINCE JUL 1   6497                      7618  -1121     6433

 COOLING
  YESTERDAY        0                         0      0        0
  MONTH TO DATE    0                         0      0        0
  SINCE MAR 1      0                         0      0        0
  SINCE JAN 1      0                         0      0        0
..................................................................


WIND (MPH)
  HIGHEST WIND SPEED    26   HIGHEST WIND DIRECTION    NW (330)
  HIGHEST GUST SPEED    33   HIGHEST GUST DIRECTION    NW (330)
  AVERAGE WIND SPEED    10.9


SKY COVER
  AVERAGE SKY COVER 0.5


WEATHER CONDITIONS
 THE FOLLOWING WEATHER WAS RECORDED YESTERDAY.
  NO SIGNIFICANT WEATHER WAS OBSERVED.


RELATIVE HUMIDITY (PERCENT)
 HIGHEST    92          1100 PM
 LOWEST     61           300 PM
 AVERAGE    77

..........................................................


THE DULUTH MN CLIMATE NORMALS FOR TODAY
                         NORMAL    RECORD    YEAR
 MAXIMUM TEMPERATURE (F)   35        72      2012
 MINIMUM TEMPERATURE (F)   19       -26      1875


SUNRISE AND SUNSET
MARCH 19 2017.........SUNRISE   713 AM CDT   SUNSET   720 PM CDT
MARCH 20 2017.........SUNRISE   711 AM CDT   SUNSET   722 PM CDT


-  INDICATES NEGATIVE NUMBERS.
R  INDICATES RECORD WAS SET OR TIED.
MM INDICATES DATA IS MISSING.
T  INDICATES TRACE AMOUNT.




$$
