000
CDUS43 KDLH 240620
CLIDLH


CLIMATE REPORT
NATIONAL WEATHER SERVICE DULUTH MN
1219 AM CST TUE FEB 24 2015


...................................

...THE DULUTH MN CLIMATE SUMMARY FOR FEBRUARY 23 2015...

CLIMATE NORMAL PERIOD 1981 TO 2010
CLIMATE RECORD PERIOD 1870 TO 2015


WEATHER ITEM   OBSERVED TIME   RECORD YEAR NORMAL DEPARTURE LAST
                VALUE   (LST)  VALUE       VALUE  FROM      YEAR
                                                  NORMAL
..................................................................
TEMPERATURE (F)
 YESTERDAY
  MAXIMUM         22   1155 PM  53    1958  27     -5       17
  MINIMUM        -19    659 AM -30    1889   9    -28        0
  AVERAGE          2                        18    -16        9

PRECIPITATION (IN)
  YESTERDAY        T             0.52 1922   0.04  -0.04     0.00
  MONTH TO DATE    0.36                      0.62  -0.26     2.12
  SINCE DEC 1      2.08                      2.79  -0.71     5.73
  SINCE JAN 1      0.82                      1.58  -0.76     2.85

SNOWFALL (IN)
  YESTERDAY        T             2.8  1996   0.5   -0.5      0.0
  MONTH TO DATE    7.9                       9.8   -1.9     29.5
  SINCE DEC 1     23.1                      46.9  -23.8     78.8
  SINCE JUL 1     39.6                      63.0  -23.4     83.8
  SNOW DEPTH      10

DEGREE DAYS
 HEATING
  YESTERDAY       63                        47     16       56
  MONTH TO DATE 1369                      1169    200     1325
  SINCE DEC 1   4326                      4424    -98     5146
  SINCE JUL 1   6541                      6637    -96     7103

 COOLING
  YESTERDAY        0                         0      0        0
  MONTH TO DATE    0                         0      0        0
  SINCE DEC 1      0                         0      0        0
  SINCE JAN 1      0                         0      0        0
..................................................................


WIND (MPH)
  HIGHEST WIND SPEED    28   HIGHEST WIND DIRECTION    SW (220)
  HIGHEST GUST SPEED    37   HIGHEST GUST DIRECTION    SW (220)
  AVERAGE WIND SPEED    16.1


SKY COVER
  AVERAGE SKY COVER 0.4


WEATHER CONDITIONS
 THE FOLLOWING WEATHER WAS RECORDED YESTERDAY.
  LIGHT SNOW


RELATIVE HUMIDITY (PERCENT)
 HIGHEST    70           700 AM
 LOWEST     49           100 PM
 AVERAGE    60

..........................................................


THE DULUTH MN CLIMATE NORMALS FOR TODAY
                         NORMAL    RECORD    YEAR
 MAXIMUM TEMPERATURE (F)   27        56      1931
 MINIMUM TEMPERATURE (F)    9       -28      1965


SUNRISE AND SUNSET
FEBRUARY 24 2015......SUNRISE   658 AM CST   SUNSET   547 PM CST
FEBRUARY 25 2015......SUNRISE   656 AM CST   SUNSET   548 PM CST


-  INDICATES NEGATIVE NUMBERS.
R  INDICATES RECORD WAS SET OR TIED.
MM INDICATES DATA IS MISSING.
T  INDICATES TRACE AMOUNT.




$$
