000
CDUS43 KDLH 042256
CLIDLH


CLIMATE REPORT
NATIONAL WEATHER SERVICE DULUTH MN
453 PM CST THU JAN 4 2018


...................................

...THE DULUTH CLIMATE SUMMARY FOR JANUARY 4 2018...
VALID TODAY AS OF 0400 PM LOCAL TIME.

CLIMATE NORMAL PERIOD 1981 TO 2010
CLIMATE RECORD PERIOD 1870 TO 2018


WEATHER ITEM   OBSERVED TIME   RECORD YEAR NORMAL DEPARTURE LAST
                VALUE   (LST)  VALUE       VALUE  FROM      YEAR
                                                  NORMAL
..................................................................
TEMPERATURE (F)
 TODAY
  MAXIMUM          1    352 PM  38    1992  19    -18       -3
                                      1898
                                      1891
  MINIMUM        -17    836 AM -30    1884   2    -19      -13
  AVERAGE         -8                        10    -18       -8

PRECIPITATION (IN)
  TODAY            0.00          0.61 1949   0.04  -0.04     0.00
  MONTH TO DATE    0.02                      0.15  -0.13     0.16
  SINCE DEC 1      0.85                      1.36  -0.51     2.23
  SINCE JAN 1      0.02                      0.15  -0.13     0.16

SNOWFALL (IN)
  TODAY            0.0          13.3  1997   0.7   -0.7      0.0
  MONTH TO DATE    0.4                       2.7   -2.3      1.8
  SINCE JUL 1     35.4                      36.5   -1.1     31.2
  SNOW DEPTH       5

DEGREE DAYS
 HEATING
  TODAY           73                        55     18       73
  MONTH TO DATE  281                       217     64      212
  SINCE DEC 1   1964                      1773    191     1724
  SINCE JUL 1   4110                      3986    124     3206

 COOLING
  TODAY            0                         0      0        0
  MONTH TO DATE    0                         0      0        0
  SINCE DEC 1      0                         0      0        0
  SINCE JAN 1      0                         0      0        0
..................................................................


WIND (MPH)
  HIGHEST WIND SPEED    14   HIGHEST WIND DIRECTION     N (340)
  HIGHEST GUST SPEED    19   HIGHEST GUST DIRECTION     N (350)
  AVERAGE WIND SPEED     8.7


SKY COVER
  AVERAGE SKY COVER 0.0


WEATHER CONDITIONS
 THE FOLLOWING WEATHER WAS RECORDED TODAY.
  NO SIGNIFICANT WEATHER WAS OBSERVED.


RELATIVE HUMIDITY (PERCENT)
 HIGHEST    87           200 AM
 LOWEST     53           400 PM
 AVERAGE    70

..........................................................


THE DULUTH CLIMATE NORMALS FOR TOMORROW
                         NORMAL    RECORD    YEAR
 MAXIMUM TEMPERATURE (F)   19        48      2012
 MINIMUM TEMPERATURE (F)    2       -32      1912


SUNRISE AND SUNSET
JANUARY  4 2018.......SUNRISE   754 AM CST   SUNSET   434 PM CST
JANUARY  5 2018.......SUNRISE   754 AM CST   SUNSET   435 PM CST


-  INDICATES NEGATIVE NUMBERS.
R  INDICATES RECORD WAS SET OR TIED.
MM INDICATES DATA IS MISSING.
T  INDICATES TRACE AMOUNT.




$$
