000
CDUS43 KDLH 130630
CLIDLH


CLIMATE REPORT
NATIONAL WEATHER SERVICE DULUTH MN
1227 AM CST SAT DEC 13 2014


...................................

...THE DULUTH MN CLIMATE SUMMARY FOR DECEMBER 12 2014...

CLIMATE NORMAL PERIOD 1981 TO 2010
CLIMATE RECORD PERIOD 1870 TO 2014


WEATHER ITEM   OBSERVED TIME   RECORD YEAR NORMAL DEPARTURE LAST
                VALUE   (LST)  VALUE       VALUE  FROM      YEAR
                                                  NORMAL
..................................................................
TEMPERATURE (F)
 YESTERDAY
  MAXIMUM         33   1159 PM  54    1891  23     10        8
  MINIMUM         28    203 AM -23    1879   8     20       -8
  AVERAGE         31                        16     15        0

PRECIPITATION (IN)
  YESTERDAY        T             0.60 1968   0.04  -0.04      T
  MONTH TO DATE    0.19                      0.52  -0.33     2.21
  SINCE DEC 1      0.19                      0.52  -0.33     2.21
  SINCE JAN 1     29.56                     30.27  -0.71    29.81

SNOWFALL (IN)
  YESTERDAY        T             2.7  1968   0.5   -0.5      0.3
  MONTH TO DATE    2.4                       6.5   -4.1     24.7
  SINCE DEC 1      2.4                       6.5   -4.1     24.7
  SINCE JUL 1     18.9                      22.6   -3.7     29.7
  SNOW DEPTH       6

DEGREE DAYS
 HEATING
  YESTERDAY       34                        49    -15       65
  MONTH TO DATE  542                       566    -24      695
  SINCE DEC 1    542                       566    -24      695
  SINCE JUL 1   2757                      2779    -22     2652

 COOLING
  YESTERDAY        0                         0      0        0
  MONTH TO DATE    0                         0      0        0
  SINCE DEC 1      0                         0      0        0
  SINCE JAN 1    179                       204    -25      375
..................................................................


WIND (MPH)
  HIGHEST WIND SPEED    20   HIGHEST WIND DIRECTION    SW (220)
  HIGHEST GUST SPEED    24   HIGHEST GUST DIRECTION    SW (220)
  AVERAGE WIND SPEED    10.3


SKY COVER
  AVERAGE SKY COVER 1.0


WEATHER CONDITIONS
 THE FOLLOWING WEATHER WAS RECORDED YESTERDAY.
  LT FREEZING RAIN
  FOG
  FOG W/VISIBILITY <= 1/4 MILE


RELATIVE HUMIDITY (PERCENT)
 HIGHEST    92          1200 AM
 LOWEST     85           800 AM
 AVERAGE    89

..........................................................


THE DULUTH MN CLIMATE NORMALS FOR TODAY
                         NORMAL    RECORD    YEAR
 MAXIMUM TEMPERATURE (F)   23        52      1913
 MINIMUM TEMPERATURE (F)    8       -23      1903


SUNRISE AND SUNSET
DECEMBER 13 2014......SUNRISE   745 AM CST   SUNSET   420 PM CST
DECEMBER 14 2014......SUNRISE   746 AM CST   SUNSET   420 PM CST


-  INDICATES NEGATIVE NUMBERS.
R  INDICATES RECORD WAS SET OR TIED.
MM INDICATES DATA IS MISSING.
T  INDICATES TRACE AMOUNT.




$$
