000
CDUS43 KDLH 132230
CLIDLH


CLIMATE REPORT
NATIONAL WEATHER SERVICE DULUTH MN
529 PM CDT MON MAR 13 2017


...................................

...THE DULUTH MN CLIMATE SUMMARY FOR MARCH 13 2017...
VALID TODAY AS OF 0500 PM LOCAL TIME.

CLIMATE NORMAL PERIOD 1981 TO 2010
CLIMATE RECORD PERIOD 1870 TO 2017


WEATHER ITEM   OBSERVED TIME   RECORD YEAR NORMAL DEPARTURE LAST
                VALUE   (LST)  VALUE       VALUE  FROM      YEAR
                                                  NORMAL
..................................................................
TEMPERATURE (F)
 TODAY
  MAXIMUM         21   1218 PM  58    2015  33    -12       47
  MINIMUM          6    629 AM -14    1895  16    -10       35
  AVERAGE         14                        25    -11       41

PRECIPITATION (IN)
  TODAY            0.01          1.74 1917   0.05  -0.04     0.02
  MONTH TO DATE    0.31                      0.58  -0.27     0.35
  SINCE MAR 1      0.31                      0.58  -0.27     0.35
  SINCE JAN 1      3.27                      2.35   0.92     2.23

SNOWFALL (IN)
  TODAY            0.1          10.1  1940   0.4   -0.3      0.0
  MONTH TO DATE    1.3                       6.7   -5.4      3.2
  SINCE JUL 1     60.3                      72.3  -12.0     57.4
  SNOW DEPTH       4

DEGREE DAYS
 HEATING
  TODAY           51                        40     11       24
  MONTH TO DATE  603                       555     48      440
  SINCE MAR 1    603                       555     48      440
  SINCE JUL 1   6293                      7422  -1129     6277

 COOLING
  TODAY            0                         0      0        0
  MONTH TO DATE    0                         0      0        0
  SINCE MAR 1      0                         0      0        0
  SINCE JAN 1      0                         0      0        0
..................................................................


WIND (MPH)
  HIGHEST WIND SPEED    15   HIGHEST WIND DIRECTION    SE (130)
  HIGHEST GUST SPEED    20   HIGHEST GUST DIRECTION     E (110)
  AVERAGE WIND SPEED     8.1


SKY COVER
  POSSIBLE SUNSHINE  MM
  AVERAGE SKY COVER 0.4


WEATHER CONDITIONS
 THE FOLLOWING WEATHER WAS RECORDED TODAY.
  LIGHT SNOW


RELATIVE HUMIDITY (PERCENT)
 HIGHEST    84          1200 AM
 LOWEST     39          1000 AM
 AVERAGE    62

..........................................................


THE DULUTH MN CLIMATE NORMALS FOR TOMORROW
                         NORMAL    RECORD    YEAR
 MAXIMUM TEMPERATURE (F)   33        68      2012
 MINIMUM TEMPERATURE (F)   17       -12      1906


SUNRISE AND SUNSET
MARCH 13 2017.........SUNRISE   725 AM CDT   SUNSET   712 PM CDT
MARCH 14 2017.........SUNRISE   723 AM CDT   SUNSET   713 PM CDT


-  INDICATES NEGATIVE NUMBERS.
R  INDICATES RECORD WAS SET OR TIED.
MM INDICATES DATA IS MISSING.
T  INDICATES TRACE AMOUNT.




$$
