000
CDUS43 KDLH 140632
CLIDLH


CLIMATE REPORT
NATIONAL WEATHER SERVICE DULUTH MN
1231 AM CST FRI NOV 14 2014


...................................

...THE DULUTH MN CLIMATE SUMMARY FOR NOVEMBER 13 2014...

CLIMATE NORMAL PERIOD 1981 TO 2010
CLIMATE RECORD PERIOD 1870 TO 2014


WEATHER ITEM   OBSERVED TIME   RECORD YEAR NORMAL DEPARTURE LAST
                VALUE   (LST)  VALUE       VALUE  FROM      YEAR
                                                  NORMAL
..................................................................
TEMPERATURE (F)
 YESTERDAY
  MAXIMUM         24   1232 PM  67    1999  37    -13       46
  MINIMUM          9   1138 PM  -7    1986  23    -14       20
  AVERAGE         17                        30    -13       33

PRECIPITATION (IN)
  YESTERDAY        T             0.93 1951   0.07  -0.07     0.00
  MONTH TO DATE    0.70                      0.97  -0.27     0.41
  SINCE SEP 1      4.14                      7.93  -3.79     5.60
  SINCE JAN 1     29.09                     28.63   0.46    27.19

SNOWFALL (IN)
  YESTERDAY        0.4           7.1  2010   0.5   -0.1      0.0
  MONTH TO DATE   10.2                       4.4    5.8      1.1
  SINCE SEP 1     10.3                       6.8    3.5      1.4
  SINCE JUL 1     10.3                       6.8    3.5      1.4
  SNOW DEPTH       7

DEGREE DAYS
 HEATING
  YESTERDAY       48                        35     13       32
  MONTH TO DATE  445                       413     32      436
  SINCE SEP 1   1294                      1389    -95     1214
  SINCE JUL 1   1371                      1538   -167     1288

 COOLING
  YESTERDAY        0                         0      0        0
  MONTH TO DATE    0                         0      0        0
  SINCE SEP 1      9                        14     -5       24
  SINCE JAN 1    179                       204    -25      375
..................................................................


WIND (MPH)
  HIGHEST WIND SPEED    18   HIGHEST WIND DIRECTION    NW (310)
  HIGHEST GUST SPEED    23   HIGHEST GUST DIRECTION    NW (320)
  AVERAGE WIND SPEED    10.6


SKY COVER
  AVERAGE SKY COVER 0.8


WEATHER CONDITIONS
 THE FOLLOWING WEATHER WAS RECORDED YESTERDAY.
  LIGHT SNOW
  FOG
  HAZE


RELATIVE HUMIDITY (PERCENT)
 HIGHEST    84           200 AM
 LOWEST     67           600 PM
 AVERAGE    76

..........................................................


THE DULUTH MN CLIMATE NORMALS FOR TODAY
                         NORMAL    RECORD    YEAR
 MAXIMUM TEMPERATURE (F)   36        63      1953
 MINIMUM TEMPERATURE (F)   23        -3      1959
                                             1919


SUNRISE AND SUNSET
NOVEMBER 14 2014......SUNRISE   710 AM CST   SUNSET   436 PM CST
NOVEMBER 15 2014......SUNRISE   711 AM CST   SUNSET   434 PM CST


-  INDICATES NEGATIVE NUMBERS.
R  INDICATES RECORD WAS SET OR TIED.
MM INDICATES DATA IS MISSING.
T  INDICATES TRACE AMOUNT.




$$
