000
CDUS43 KDLH 122225
CLIDLH


CLIMATE REPORT
NATIONAL WEATHER SERVICE DULUTH MN
524 PM CDT WED APR 12 2017


...................................

...THE DULUTH MN CLIMATE SUMMARY FOR APRIL 12 2017...
VALID TODAY AS OF 0500 PM LOCAL TIME.

CLIMATE NORMAL PERIOD 1981 TO 2010
CLIMATE RECORD PERIOD 1870 TO 2017


WEATHER ITEM   OBSERVED TIME   RECORD YEAR NORMAL DEPARTURE LAST
                VALUE   (LST)  VALUE       VALUE  FROM      YEAR
                                                  NORMAL
..................................................................
TEMPERATURE (F)
 TODAY
  MAXIMUM         60    311 PM  76    2015  47     13       42
  MINIMUM         30    513 AM   6    1950  29      1       17
  AVERAGE         45                        38      7       30

PRECIPITATION (IN)
  TODAY            0.00          1.65 1893   0.08  -0.08     0.01
  MONTH TO DATE    0.43                      0.82  -0.39     0.69
  SINCE MAR 1      1.48                      2.31  -0.83     4.65
  SINCE JAN 1      4.44                      4.08   0.36     6.53

SNOWFALL (IN)
  TODAY            0.0           6.0  2013   0.3   -0.3      0.3
                                      1924
  MONTH TO DATE    0.0                       3.7   -3.7      9.7
  SINCE JUL 1     64.3                      82.5  -18.2     81.2
  SNOW DEPTH       0

DEGREE DAYS
 HEATING
  TODAY           20                        27     -7       35
  MONTH TO DATE  256                       355    -99      445
  SINCE MAR 1   1449                      1565   -116     1473
  SINCE JUL 1   7139                      8432  -1293     7310

 COOLING
  TODAY            0                         0      0        0
  MONTH TO DATE    0                         0      0        0
  SINCE MAR 1      0                         0      0        0
  SINCE JAN 1      0                         0      0        0
..................................................................


WIND (MPH)
  HIGHEST WIND SPEED    15   HIGHEST WIND DIRECTION     S (170)
  HIGHEST GUST SPEED    19   HIGHEST GUST DIRECTION     S (170)
  AVERAGE WIND SPEED     5.4


SKY COVER
  POSSIBLE SUNSHINE  MM
  AVERAGE SKY COVER 0.3


WEATHER CONDITIONS
 THE FOLLOWING WEATHER WAS RECORDED TODAY.
  NO SIGNIFICANT WEATHER WAS OBSERVED.


RELATIVE HUMIDITY (PERCENT)
 HIGHEST    78           400 AM
 LOWEST     36           300 PM
 AVERAGE    57

..........................................................


THE DULUTH MN CLIMATE NORMALS FOR TOMORROW
                         NORMAL    RECORD    YEAR
 MAXIMUM TEMPERATURE (F)   48        74      1941
 MINIMUM TEMPERATURE (F)   29         9      1950


SUNRISE AND SUNSET
APRIL 12 2017.........SUNRISE   626 AM CDT   SUNSET   753 PM CDT
APRIL 13 2017.........SUNRISE   624 AM CDT   SUNSET   755 PM CDT


-  INDICATES NEGATIVE NUMBERS.
R  INDICATES RECORD WAS SET OR TIED.
MM INDICATES DATA IS MISSING.
T  INDICATES TRACE AMOUNT.




$$
