837
CDUS43 KDLH 260627
CLIDLH


CLIMATE REPORT
NATIONAL WEATHER SERVICE DULUTH MN
123 AM CDT TUE APR 26 2016


...................................

...THE DULUTH MN CLIMATE SUMMARY FOR APRIL 25 2016...

CLIMATE NORMAL PERIOD 1981 TO 2010
CLIMATE RECORD PERIOD 1870 TO 2016


WEATHER ITEM   OBSERVED TIME   RECORD YEAR NORMAL DEPARTURE LAST
                VALUE   (LST)  VALUE       VALUE  FROM      YEAR
                                                  NORMAL
..................................................................
TEMPERATURE (F)
 YESTERDAY
  MAXIMUM         36    217 PM  81    1990  54    -18       50
  MINIMUM         32    841 PM  12    1972  34     -2       32
  AVERAGE         34                        44    -10       41

PRECIPITATION (IN)
  YESTERDAY        0.32          0.83 1990   0.10   0.22     0.00
                                      1953
  MONTH TO DATE    2.40                      1.94   0.46     1.03
  SINCE MAR 1      6.36                      3.43   2.93     1.82
  SINCE JAN 1      8.24                      5.20   3.04     2.66

SNOWFALL (IN)
  YESTERDAY       MM             6.8  1950   0.1   MM        0.0
  MONTH TO DATE    9.8                       6.3    3.5      1.2
  SINCE MAR 1     27.1                      19.5    7.6      9.3
  SINCE JUL 1     81.3                      85.1   -3.8     49.2
  SNOW DEPTH       0

DEGREE DAYS
 HEATING
  YESTERDAY       31                        21     10       24
  MONTH TO DATE  686                       664     22      586
  SINCE MAR 1   1714                      1874   -160     1645
  SINCE JUL 1   7551                      8741  -1190     8484

 COOLING
  YESTERDAY        0                         0      0        0
  MONTH TO DATE    0                         0      0        0
  SINCE MAR 1      0                         0      0        0
  SINCE JAN 1      0                         0      0        0
..................................................................


WIND (MPH)
  HIGHEST WIND SPEED    35   HIGHEST WIND DIRECTION     E (80)
  HIGHEST GUST SPEED    47   HIGHEST GUST DIRECTION     E (90)
  AVERAGE WIND SPEED    25.3


SKY COVER
  AVERAGE SKY COVER 1.0


WEATHER CONDITIONS
 THE FOLLOWING WEATHER WAS RECORDED YESTERDAY.
  HEAVY RAIN
  RAIN
  LIGHT RAIN
  LT FREEZING RAIN
  FOG
  FOG W/VISIBILITY <= 1/4 MILE


RELATIVE HUMIDITY (PERCENT)
 HIGHEST   100           300 PM
 LOWEST     89           600 PM
 AVERAGE    95

..........................................................


THE DULUTH MN CLIMATE NORMALS FOR TODAY
                         NORMAL    RECORD    YEAR
 MAXIMUM TEMPERATURE (F)   55        79      1952
 MINIMUM TEMPERATURE (F)   34        20      1996
                                             1950


SUNRISE AND SUNSET
APRIL 26 2016.........SUNRISE   601 AM CDT   SUNSET   813 PM CDT
APRIL 27 2016.........SUNRISE   559 AM CDT   SUNSET   814 PM CDT


-  INDICATES NEGATIVE NUMBERS.
R  INDICATES RECORD WAS SET OR TIED.
MM INDICATES DATA IS MISSING.
T  INDICATES TRACE AMOUNT.




$$
