000
CDUS43 KDLH 070624
CLIDLH


CLIMATE REPORT
NATIONAL WEATHER SERVICE DULUTH MN
1224 AM CST TUE MAR 7 2017


...................................

...THE DULUTH MN CLIMATE SUMMARY FOR MARCH 6 2017...

CLIMATE NORMAL PERIOD 1981 TO 2010
CLIMATE RECORD PERIOD 1870 TO 2017


WEATHER ITEM   OBSERVED TIME   RECORD YEAR NORMAL DEPARTURE LAST
                VALUE   (LST)  VALUE       VALUE  FROM      YEAR
                                                  NORMAL
..................................................................
TEMPERATURE (F)
 YESTERDAY
  MAXIMUM         51    819 PM  60    1987  30     21       51
  MINIMUM         37    115 AM -16    1884  14     23       25
  AVERAGE         44                        22     22       38

PRECIPITATION (IN)
  YESTERDAY        0.24          0.75 1983   0.04   0.20     0.00
  MONTH TO DATE    0.24                      0.26  -0.02     0.16
  SINCE MAR 1      0.24                      0.26  -0.02     0.16
  SINCE JAN 1      3.20                      2.03   1.17     2.04

SNOWFALL (IN)
  YESTERDAY        0.0           7.5  1916   0.5   -0.5      0.0
  MONTH TO DATE    0.0                       3.3   -3.3      2.1
  SINCE MAR 1      0.0                       3.3   -3.3      2.1
  SINCE JUL 1     59.0                      68.9   -9.9     56.3
  SNOW DEPTH       6

DEGREE DAYS
 HEATING
  YESTERDAY       21                        43    -22       27
  MONTH TO DATE  248                       264    -16      261
  SINCE MAR 1    248                       264    -16      261
  SINCE JUL 1   5938                      7131  -1193     6098

 COOLING
  YESTERDAY        0                         0      0        0
  MONTH TO DATE    0                         0      0        0
  SINCE MAR 1      0                         0      0        0
  SINCE JAN 1      0                         0      0        0
..................................................................


WIND (MPH)
  HIGHEST WIND SPEED    21   HIGHEST WIND DIRECTION    SE (120)
  HIGHEST GUST SPEED    34   HIGHEST GUST DIRECTION     S (180)
  AVERAGE WIND SPEED    13.9


SKY COVER
  AVERAGE SKY COVER 1.0


WEATHER CONDITIONS
 THE FOLLOWING WEATHER WAS RECORDED YESTERDAY.
  THUNDERSTORM
  LIGHT RAIN
  FOG
  FOG W/VISIBILITY <= 1/4 MILE


RELATIVE HUMIDITY (PERCENT)
 HIGHEST   100          1000 AM
 LOWEST     85          1200 AM
 AVERAGE    93

..........................................................


THE DULUTH MN CLIMATE NORMALS FOR TODAY
                         NORMAL    RECORD    YEAR
 MAXIMUM TEMPERATURE (F)   31        70      2000
 MINIMUM TEMPERATURE (F)   14       -21      1955


SUNRISE AND SUNSET
MARCH  7 2017.........SUNRISE   637 AM CST   SUNSET   604 PM CST
MARCH  8 2017.........SUNRISE   635 AM CST   SUNSET   605 PM CST


-  INDICATES NEGATIVE NUMBERS.
R  INDICATES RECORD WAS SET OR TIED.
MM INDICATES DATA IS MISSING.
T  INDICATES TRACE AMOUNT.




$$
