197
CDUS43 KDLH 222237
CLIDLH


CLIMATE REPORT
NATIONAL WEATHER SERVICE DULUTH MN
536 PM CDT SUN MAY 22 2016


...................................

...THE DULUTH MN CLIMATE SUMMARY FOR MAY 22 2016...
VALID TODAY AS OF 0500 PM LOCAL TIME.

CLIMATE NORMAL PERIOD 1981 TO 2010
CLIMATE RECORD PERIOD 1870 TO 2016


WEATHER ITEM   OBSERVED TIME   RECORD YEAR NORMAL DEPARTURE LAST
                VALUE   (LST)  VALUE       VALUE  FROM      YEAR
                                                  NORMAL
..................................................................
TEMPERATURE (F)
 TODAY
  MAXIMUM         80    331 PM  90    1964  64     16       73
  MINIMUM         46    440 AM  30    1917  42      4       37
  AVERAGE         63                        53     10       55

PRECIPITATION (IN)
  TODAY            0.00          3.02 1884   0.11  -0.11     0.00
  MONTH TO DATE    0.86                      2.25  -1.39     2.87
  SINCE MAR 1      7.22                      6.17   1.05     4.69
  SINCE JAN 1      9.10                      7.94   1.16     5.53

SNOWFALL (IN)
  TODAY            0.0           T    1987   0.0    0.0      0.0
  MONTH TO DATE    0.1                       0.4   -0.3       T
  SINCE JUL 1     81.4                      86.1   -4.7     49.2
  SNOW DEPTH       0

DEGREE DAYS
 HEATING
  TODAY            2                        12    -10       10
  MONTH TO DATE  305                       330    -25      326
  SINCE MAR 1   2142                      2302   -160     2060
  SINCE JUL 1   7979                      9169  -1190     8899

 COOLING
  TODAY            0                         0      0        0
  MONTH TO DATE    7                         0      7        0
  SINCE MAR 1      7                         0      7        0
  SINCE JAN 1      7                         0      7        0
..................................................................


WIND (MPH)
  HIGHEST WIND SPEED    21   HIGHEST WIND DIRECTION     S (190)
  HIGHEST GUST SPEED    26   HIGHEST GUST DIRECTION     S (190)
  AVERAGE WIND SPEED     6.9


SKY COVER
  POSSIBLE SUNSHINE  MM
  AVERAGE SKY COVER 0.0


WEATHER CONDITIONS
 THE FOLLOWING WEATHER WAS RECORDED TODAY.
  NO SIGNIFICANT WEATHER WAS OBSERVED.


RELATIVE HUMIDITY (PERCENT)
 HIGHEST    71           500 AM
 LOWEST     23           300 PM
 AVERAGE    47

..........................................................


THE DULUTH MN CLIMATE NORMALS FOR TOMORROW
                         NORMAL    RECORD    YEAR
 MAXIMUM TEMPERATURE (F)   64        84      1980
 MINIMUM TEMPERATURE (F)   43        28      1917


SUNRISE AND SUNSET
MAY 22 2016...........SUNRISE   526 AM CDT   SUNSET   846 PM CDT
MAY 23 2016...........SUNRISE   525 AM CDT   SUNSET   847 PM CDT


-  INDICATES NEGATIVE NUMBERS.
R  INDICATES RECORD WAS SET OR TIED.
MM INDICATES DATA IS MISSING.
T  INDICATES TRACE AMOUNT.




$$
