000
CDUS43 KDLH 110703
CLIDLH


CLIMATE REPORT
NATIONAL WEATHER SERVICE DULUTH MN
203 AM CDT MON JUL 11 2016


...................................

...THE DULUTH MN CLIMATE SUMMARY FOR JULY 10 2016...

CLIMATE NORMAL PERIOD 1981 TO 2010
CLIMATE RECORD PERIOD 1870 TO 2016


WEATHER ITEM   OBSERVED TIME   RECORD YEAR NORMAL DEPARTURE LAST
                VALUE   (LST)  VALUE       VALUE  FROM      YEAR
                                                  NORMAL
..................................................................
TEMPERATURE (F)
 YESTERDAY
  MAXIMUM         70    455 PM  95    1980  76     -6       85
                                      1936
  MINIMUM         58    626 AM  41    1968  55      3       60
  AVERAGE         64                        66     -2       73

PRECIPITATION (IN)
  YESTERDAY        0.01          1.47 1879   0.13  -0.12     0.00
  MONTH TO DATE    0.85                      1.42  -0.57     1.99
  SINCE JUN 1      5.31                      5.65  -0.34     5.63
  SINCE JAN 1     15.42                     14.57   0.85    12.02

SNOWFALL (IN)
  YESTERDAY        0.0           0.0  2002   0.0    0.0      0.0
                                      2001
  MONTH TO DATE    0.0                       0.0    0.0      0.0
  SINCE JUN 1      T                         0.0    0.0       T
  SINCE JUL 1      0.0                       0.0    0.0      0.0
  SNOW DEPTH       0

DEGREE DAYS
 HEATING
  YESTERDAY        1                         2     -1        0
  MONTH TO DATE   12                        26    -14       13
  SINCE JUN 1    154                       205    -51      134
  SINCE JUL 1     12                        26    -14       13

 COOLING
  YESTERDAY        0                         3     -3        8
  MONTH TO DATE   17                        27    -10       23
  SINCE JUN 1     60                        57      3       45
  SINCE JAN 1     69                        61      8       49
..................................................................


WIND (MPH)
  HIGHEST WIND SPEED    22   HIGHEST WIND DIRECTION    SE (120)
  HIGHEST GUST SPEED    26   HIGHEST GUST DIRECTION    SE (130)
  AVERAGE WIND SPEED    10.3


SKY COVER
  AVERAGE SKY COVER 0.7


WEATHER CONDITIONS
 THE FOLLOWING WEATHER WAS RECORDED YESTERDAY.
  LIGHT RAIN


RELATIVE HUMIDITY (PERCENT)
 HIGHEST   100          1000 PM
 LOWEST     75          1200 AM
 AVERAGE    88

..........................................................


THE DULUTH MN CLIMATE NORMALS FOR TODAY
                         NORMAL    RECORD    YEAR
 MAXIMUM TEMPERATURE (F)   76        92      1936
 MINIMUM TEMPERATURE (F)   55        41      1985


SUNRISE AND SUNSET
JULY 11 2016..........SUNRISE   526 AM CDT   SUNSET   901 PM CDT
JULY 12 2016..........SUNRISE   527 AM CDT   SUNSET   901 PM CDT


-  INDICATES NEGATIVE NUMBERS.
R  INDICATES RECORD WAS SET OR TIED.
MM INDICATES DATA IS MISSING.
T  INDICATES TRACE AMOUNT.




$$
