000
CDUS43 KDLH 110734
CLIDLH


CLIMATE REPORT
NATIONAL WEATHER SERVICE DULUTH MN
230 AM CDT SUN JUN 11 2017


...................................

...THE DULUTH MN CLIMATE SUMMARY FOR JUNE 10 2017...

CLIMATE NORMAL PERIOD 1981 TO 2010
CLIMATE RECORD PERIOD 1870 TO 2017


WEATHER ITEM   OBSERVED TIME   RECORD YEAR NORMAL DEPARTURE LAST
                VALUE   (LST)  VALUE       VALUE  FROM      YEAR
                                                  NORMAL
..................................................................
TEMPERATURE (F)
 YESTERDAY
  MAXIMUM         88    343 PM  92    1956  69     19       83
  MINIMUM         54   1252 AM  27    1972  48      6       46
  AVERAGE         71                        58     13       65

PRECIPITATION (IN)
  YESTERDAY        1.22          2.80 1986   0.14   1.08     0.17
  MONTH TO DATE    1.22                      1.25  -0.03     1.17
  SINCE JUN 1      1.22                      1.25  -0.03     1.17
  SINCE JAN 1     12.36                     10.17   2.19    11.28

SNOWFALL (IN)
  YESTERDAY        0.0           T    1994   0.0    0.0      0.0
  MONTH TO DATE    0.0                       0.0    0.0       T
  SINCE JUN 1      0.0                       0.0    0.0       T
  SINCE JUL 1     67.0                      86.1  -19.1     81.4
  SNOW DEPTH       0

DEGREE DAYS
 HEATING
  YESTERDAY        0                         7     -7        0
  MONTH TO DATE   27                        82    -55       78
  SINCE JUN 1     27                        82    -55       78
  SINCE JUL 1   8034                      9347  -1313     8122

 COOLING
  YESTERDAY        6                         1      5        0
  MONTH TO DATE   10                         1      9        0
  SINCE JUN 1     10                         1      9        0
  SINCE JAN 1     10                         5      5        9
..................................................................


WIND (MPH)
  HIGHEST WIND SPEED    37   HIGHEST WIND DIRECTION    SW (240)
  HIGHEST GUST SPEED    48   HIGHEST GUST DIRECTION    SW (240)
  AVERAGE WIND SPEED    17.9


SKY COVER
  AVERAGE SKY COVER 0.4


WEATHER CONDITIONS
 THE FOLLOWING WEATHER WAS RECORDED YESTERDAY.
  THUNDERSTORM
  HEAVY RAIN
  LIGHT RAIN
  HAIL
  FOG


RELATIVE HUMIDITY (PERCENT)
 HIGHEST    73           600 AM
 LOWEST     45           600 PM
 AVERAGE    59

..........................................................


THE DULUTH MN CLIMATE NORMALS FOR TODAY
                         NORMAL    RECORD    YEAR
 MAXIMUM TEMPERATURE (F)   70        91      1956
                                             1949
 MINIMUM TEMPERATURE (F)   48        34      1958


SUNRISE AND SUNSET
JUNE 11 2017..........SUNRISE   514 AM CDT   SUNSET   903 PM CDT
JUNE 12 2017..........SUNRISE   514 AM CDT   SUNSET   904 PM CDT


-  INDICATES NEGATIVE NUMBERS.
R  INDICATES RECORD WAS SET OR TIED.
MM INDICATES DATA IS MISSING.
T  INDICATES TRACE AMOUNT.




$$
