000
CDUS43 KDLH 150619
CLIDLH


CLIMATE REPORT
NATIONAL WEATHER SERVICE DULUTH MN
119 AM CDT WED OCT 15 2014


...................................

...THE DULUTH MN CLIMATE SUMMARY FOR OCTOBER 14 2014...

CLIMATE NORMAL PERIOD 1981 TO 2010
CLIMATE RECORD PERIOD 1870 TO 2014


WEATHER ITEM   OBSERVED TIME   RECORD YEAR NORMAL DEPARTURE LAST
                VALUE   (LST)  VALUE       VALUE  FROM      YEAR
                                                  NORMAL
..................................................................
TEMPERATURE (F)
 YESTERDAY
  MAXIMUM         64    148 PM  80    1947  53     11       51
  MINIMUM         36    938 PM  21    1978  36      0       36
  AVERAGE         50                        44      6       44

PRECIPITATION (IN)
  YESTERDAY        0.00          1.57 1966   0.10  -0.10     0.03
  MONTH TO DATE    1.03                      1.46  -0.43     1.83
  SINCE SEP 1      2.67                      5.57  -2.90     3.09
  SINCE JAN 1     27.62                     26.27   1.35    24.68

SNOWFALL (IN)
  YESTERDAY        0.0           0.5  1959   0.1   -0.1      0.0
  MONTH TO DATE    T                         0.5   -0.5      0.0
  SINCE SEP 1      T                         0.6   -0.6      0.0
  SINCE JUL 1      T                         0.6   -0.6      0.0
  SNOW DEPTH       0

DEGREE DAYS
 HEATING
  YESTERDAY       15                        21     -6       21
  MONTH TO DATE  280                       259     21      145
  SINCE SEP 1    507                       557    -50      313
  SINCE JUL 1    584                       706   -122      387

 COOLING
  YESTERDAY        0                         0      0        0
  MONTH TO DATE    0                         0      0        0
  SINCE SEP 1      9                        14     -5       24
  SINCE JAN 1    179                       204    -25      375
..................................................................


WIND (MPH)
  HIGHEST WIND SPEED    18   HIGHEST WIND DIRECTION    NE (40)
  HIGHEST GUST SPEED    24   HIGHEST GUST DIRECTION     N (340)
  AVERAGE WIND SPEED     7.6


SKY COVER
  AVERAGE SKY COVER 0.2


WEATHER CONDITIONS
 THE FOLLOWING WEATHER WAS RECORDED YESTERDAY.
  NO SIGNIFICANT WEATHER WAS OBSERVED.


RELATIVE HUMIDITY (PERCENT)
 HIGHEST    93          1200 AM
 LOWEST     36           100 PM
 AVERAGE    65

..........................................................


THE DULUTH MN CLIMATE NORMALS FOR TODAY
                         NORMAL    RECORD    YEAR
 MAXIMUM TEMPERATURE (F)   52        82      1929
 MINIMUM TEMPERATURE (F)   35        21      1952


SUNRISE AND SUNSET
OCTOBER 15 2014.......SUNRISE   727 AM CDT   SUNSET   622 PM CDT
OCTOBER 16 2014.......SUNRISE   728 AM CDT   SUNSET   620 PM CDT


-  INDICATES NEGATIVE NUMBERS.
R  INDICATES RECORD WAS SET OR TIED.
MM INDICATES DATA IS MISSING.
T  INDICATES TRACE AMOUNT.




$$
