000
CDUS43 KDLH 160624
CLIDLH


CLIMATE REPORT
NATIONAL WEATHER SERVICE DULUTH MN
122 AM CDT MON MAY 16 2016


...................................

...THE DULUTH MN CLIMATE SUMMARY FOR MAY 15 2016...

CLIMATE NORMAL PERIOD 1981 TO 2010
CLIMATE RECORD PERIOD 1870 TO 2016


WEATHER ITEM   OBSERVED TIME   RECORD YEAR NORMAL DEPARTURE LAST
                VALUE   (LST)  VALUE       VALUE  FROM      YEAR
                                                  NORMAL
..................................................................
TEMPERATURE (F)
 YESTERDAY
  MAXIMUM         60    322 PM  88    1931  62     -2       58
  MINIMUM         28    313 AM  26    2004  40    -12       45
  AVERAGE         44                        51     -7       52

PRECIPITATION (IN)
  YESTERDAY        0.03          1.28 1915   0.10  -0.07     0.02
  MONTH TO DATE    0.86                      1.51  -0.65     2.49
  SINCE MAR 1      7.22                      5.43   1.79     4.31
  SINCE JAN 1      9.10                      7.20   1.90     5.15

SNOWFALL (IN)
  YESTERDAY        0.0           2.0  1907   0.0    0.0      0.0
  MONTH TO DATE    0.1                       0.4   -0.3       T
  SINCE MAR 1     27.2                      20.5    6.7      9.3
  SINCE JUL 1     81.4                      86.1   -4.7     49.2
  SNOW DEPTH       0

DEGREE DAYS
 HEATING
  YESTERDAY       21                        14      7       13
  MONTH TO DATE  237                       240     -3      226
  SINCE MAR 1   2074                      2212   -138     1960
  SINCE JUL 1   7911                      9079  -1168     8799

 COOLING
  YESTERDAY        0                         0      0        0
  MONTH TO DATE    7                         0      7        0
  SINCE MAR 1      7                         0      7        0
  SINCE JAN 1      7                         0      7        0
..................................................................


WIND (MPH)
  HIGHEST WIND SPEED    23   HIGHEST WIND DIRECTION     W (280)
  HIGHEST GUST SPEED    29   HIGHEST GUST DIRECTION     W (280)
  AVERAGE WIND SPEED    12.4


SKY COVER
  AVERAGE SKY COVER 0.7


WEATHER CONDITIONS
 THE FOLLOWING WEATHER WAS RECORDED YESTERDAY.
  LIGHT RAIN


RELATIVE HUMIDITY (PERCENT)
 HIGHEST    89          1100 PM
 LOWEST     31           400 PM
 AVERAGE    60

..........................................................


THE DULUTH MN CLIMATE NORMALS FOR TODAY
                         NORMAL    RECORD    YEAR
 MAXIMUM TEMPERATURE (F)   62        84      1962
 MINIMUM TEMPERATURE (F)   41        20      1929


SUNRISE AND SUNSET
MAY 16 2016...........SUNRISE   532 AM CDT   SUNSET   838 PM CDT
MAY 17 2016...........SUNRISE   531 AM CDT   SUNSET   840 PM CDT


-  INDICATES NEGATIVE NUMBERS.
R  INDICATES RECORD WAS SET OR TIED.
MM INDICATES DATA IS MISSING.
T  INDICATES TRACE AMOUNT.




$$
