000
CDUS43 KDLH 102231
CLIDLH


CLIMATE REPORT
NATIONAL WEATHER SERVICE DULUTH MN
528 PM CDT TUE OCT 10 2017


...................................

...THE DULUTH CLIMATE SUMMARY FOR OCTOBER 10 2017...
VALID TODAY AS OF 0500 PM LOCAL TIME.

CLIMATE NORMAL PERIOD 1981 TO 2010
CLIMATE RECORD PERIOD 1870 TO 2017


WEATHER ITEM   OBSERVED TIME   RECORD YEAR NORMAL DEPARTURE LAST
                VALUE   (LST)  VALUE       VALUE  FROM      YEAR
                                                  NORMAL
..................................................................
TEMPERATURE (F)
 TODAY
  MAXIMUM         53    323 PM  82    1938  54     -1       74
  MINIMUM         27    403 AM  18    1906  37    -10       47
  AVERAGE         40                        46     -6       61

PRECIPITATION (IN)
  TODAY            0.00          1.83 1949   0.10  -0.10     0.00
  MONTH TO DATE    2.15                      1.08   1.07     0.66
  SINCE SEP 1      5.70                      5.19   0.51     4.18
  SINCE JAN 1     33.39                     25.89   7.50    28.10

SNOWFALL (IN)
  TODAY            0.0           1.1  1977   0.1   -0.1      0.0
  MONTH TO DATE    0.0                       0.3   -0.3       T
  SINCE JUL 1      T                         0.4   -0.4       T
  SNOW DEPTH       0

DEGREE DAYS
 HEATING
  TODAY           25                        19      6        4
  MONTH TO DATE  150                       177    -27      128
  SINCE SEP 1    362                       475   -113      290
  SINCE JUL 1    532                       624    -92      344

 COOLING
  TODAY            0                         0      0        0
  MONTH TO DATE    0                         0      0        0
  SINCE SEP 1     26                        14     12       14
  SINCE JAN 1    126                       204    -78      281
..................................................................


WIND (MPH)
  HIGHEST WIND SPEED    10   HIGHEST WIND DIRECTION    SE (150)
  HIGHEST GUST SPEED    14   HIGHEST GUST DIRECTION     N (360)
  AVERAGE WIND SPEED     4.2


SKY COVER
  AVERAGE SKY COVER 0.0


WEATHER CONDITIONS
 THE FOLLOWING WEATHER WAS RECORDED TODAY.
  NO SIGNIFICANT WEATHER WAS OBSERVED.


RELATIVE HUMIDITY (PERCENT)
 HIGHEST    92          1200 AM
 LOWEST     38           300 PM
 AVERAGE    65

..........................................................


THE DULUTH CLIMATE NORMALS FOR TOMORROW
                         NORMAL    RECORD    YEAR
 MAXIMUM TEMPERATURE (F)   54        84      2015
 MINIMUM TEMPERATURE (F)   36        21      1936
                                             1919


SUNRISE AND SUNSET
OCTOBER 10 2017.......SUNRISE   720 AM CDT   SUNSET   630 PM CDT
OCTOBER 11 2017.......SUNRISE   721 AM CDT   SUNSET   628 PM CDT


-  INDICATES NEGATIVE NUMBERS.
R  INDICATES RECORD WAS SET OR TIED.
MM INDICATES DATA IS MISSING.
T  INDICATES TRACE AMOUNT.




$$
