000
CDUS43 KDLH 202230
CLIDLH


CLIMATE REPORT
NATIONAL WEATHER SERVICE DULUTH MN
530 PM CDT MON JUL 20 2015


...................................

...THE DULUTH MN CLIMATE SUMMARY FOR JULY 20 2015...
VALID TODAY AS OF 0500 PM LOCAL TIME.

CLIMATE NORMAL PERIOD 1981 TO 2010
CLIMATE RECORD PERIOD 1870 TO 2015


WEATHER ITEM   OBSERVED TIME   RECORD YEAR NORMAL DEPARTURE LAST
                VALUE   (LST)  VALUE       VALUE  FROM      YEAR
                                                  NORMAL
..................................................................
TEMPERATURE (F)
 TODAY
  MAXIMUM         76    333 PM  98    1901  77     -1       85
  MINIMUM         64    317 AM  42    1966  56      8       64
  AVERAGE         70                        66      4       75

PRECIPITATION (IN)
  TODAY            0.00          1.48 1909   0.12  -0.12     0.00
  MONTH TO DATE    2.97                      2.64   0.33     2.46
  SINCE JUN 1      6.61                      6.87  -0.26     6.93
  SINCE JAN 1     13.00                     15.79  -2.79    19.36

SNOWFALL (IN)
  TODAY            0.0           0.0  2002   0.0    0.0      0.0
                                      2001
  MONTH TO DATE    0.0                       0.0    0.0      0.0
  SINCE JUL 1      0.0                       0.0    0.0      0.0
  SNOW DEPTH       0

DEGREE DAYS
 HEATING
  TODAY            0                         2     -2        0
  MONTH TO DATE   15                        46    -31       34
  SINCE JUN 1    136                       225    -89      196
  SINCE JUL 1     15                        46    -31       34

 COOLING
  TODAY            5                         3      2       10
  MONTH TO DATE   79                        57     22       49
  SINCE JUN 1    101                        87     14       78
  SINCE JAN 1    105                        91     14       96
..................................................................


WIND (MPH)
  HIGHEST WIND SPEED    22   HIGHEST WIND DIRECTION    NW (310)
  HIGHEST GUST SPEED    32   HIGHEST GUST DIRECTION    NW (310)
  AVERAGE WIND SPEED    13.0


SKY COVER
  POSSIBLE SUNSHINE  MM
  AVERAGE SKY COVER 0.4


WEATHER CONDITIONS
 THE FOLLOWING WEATHER WAS RECORDED TODAY.
  NO SIGNIFICANT WEATHER WAS OBSERVED.


RELATIVE HUMIDITY (PERCENT)
 HIGHEST    78           200 AM
 LOWEST     38           300 PM
 AVERAGE    58

..........................................................


THE DULUTH MN CLIMATE NORMALS FOR TOMORROW
                         NORMAL    RECORD    YEAR
 MAXIMUM TEMPERATURE (F)   77        93      1960
                                             1893
                                             1892
 MINIMUM TEMPERATURE (F)   56        38      1973


SUNRISE AND SUNSET
JULY 20 2015..........SUNRISE   534 AM CDT   SUNSET   855 PM CDT
JULY 21 2015..........SUNRISE   536 AM CDT   SUNSET   854 PM CDT


-  INDICATES NEGATIVE NUMBERS.
R  INDICATES RECORD WAS SET OR TIED.
MM INDICATES DATA IS MISSING.
T  INDICATES TRACE AMOUNT.




$$
