000
CDUS43 KDLH 030619
CLIDLH


CLIMATE REPORT
NATIONAL WEATHER SERVICE DULUTH MN
118 AM CDT THU APR 3 2014


...................................

...THE DULUTH MN CLIMATE SUMMARY FOR APRIL 2 2014...

CLIMATE NORMAL PERIOD 1981 TO 2010
CLIMATE RECORD PERIOD 1870 TO 2014


WEATHER ITEM   OBSERVED TIME   RECORD YEAR NORMAL DEPARTURE LAST
                VALUE   (LST)  VALUE       VALUE  FROM      YEAR
                                                  NORMAL
..................................................................
TEMPERATURE (F)
 YESTERDAY
  MAXIMUM         36    506 PM  65    1925  42     -6       35
  MINIMUM         11    632 AM  -4    1975  24    -13       16
  AVERAGE         24                        33     -9       26

PRECIPITATION (IN)
  YESTERDAY        0.00          0.81 1963   0.06  -0.06     0.00
  MONTH TO DATE    0.16                      0.12   0.04     0.00
  SINCE MAR 1      2.07                      1.61   0.46     2.04
  SINCE JAN 1      4.92                      3.38   1.54     4.59

SNOWFALL (IN)
  YESTERDAY        0.0           6.2  1950   0.4   -0.4      0.0
  MONTH TO DATE    3.5                       0.7    2.8      0.0
  SINCE MAR 1     24.4                      13.9   10.5     25.8
  SINCE JUL 1    108.2                      79.5   28.7     78.6
  SNOW DEPTH      28

DEGREE DAYS
 HEATING
  YESTERDAY       41                        32      9       39
  MONTH TO DATE   81                        64     17       80
  SINCE MAR 1   1520                      1274    246     1413
  SINCE JUL 1   8961                      8141    820     7921

 COOLING
  YESTERDAY        0                         0      0        0
  MONTH TO DATE    0                         0      0        0
  SINCE MAR 1      0                         0      0        0
  SINCE JAN 1      0                         0      0        0
..................................................................


WIND (MPH)
  HIGHEST WIND SPEED    16   HIGHEST WIND DIRECTION     E (80)
  HIGHEST GUST SPEED    20   HIGHEST GUST DIRECTION     E (70)
  AVERAGE WIND SPEED     7.1


SKY COVER
  AVERAGE SKY COVER 0.1


WEATHER CONDITIONS
 THE FOLLOWING WEATHER WAS RECORDED YESTERDAY.
  NO SIGNIFICANT WEATHER WAS OBSERVED.


RELATIVE HUMIDITY (PERCENT)
 HIGHEST    84          1200 AM
 LOWEST     38           300 PM
 AVERAGE    61

..........................................................


THE DULUTH MN CLIMATE NORMALS FOR TODAY
                         NORMAL    RECORD    YEAR
 MAXIMUM TEMPERATURE (F)   43        74      1929
 MINIMUM TEMPERATURE (F)   25        -5      1954


SUNRISE AND SUNSET
APRIL  3 2014.........SUNRISE   644 AM CDT   SUNSET   741 PM CDT
APRIL  4 2014.........SUNRISE   642 AM CDT   SUNSET   742 PM CDT


-  INDICATES NEGATIVE NUMBERS.
R  INDICATES RECORD WAS SET OR TIED.
MM INDICATES DATA IS MISSING.
T  INDICATES TRACE AMOUNT.




$$
