000
CDUS43 KDLH 092232
CLIDLH


CLIMATE REPORT
NATIONAL WEATHER SERVICE DULUTH MN
430 PM CST TUE JAN 9 2018


...................................

...THE DULUTH CLIMATE SUMMARY FOR JANUARY 9 2018...
VALID TODAY AS OF 0400 PM LOCAL TIME.

CLIMATE NORMAL PERIOD 1981 TO 2010
CLIMATE RECORD PERIOD 1870 TO 2018


WEATHER ITEM   OBSERVED TIME   RECORD YEAR NORMAL DEPARTURE LAST
                VALUE   (LST)  VALUE       VALUE  FROM      YEAR
                                                  NORMAL
..................................................................
TEMPERATURE (F)
 TODAY
  MAXIMUM         27    359 PM  45    2012  19      8       20
  MINIMUM          5    334 AM -38    1875   2      3        8
  AVERAGE         16                        10      6       14

PRECIPITATION (IN)
  TODAY            0.00          0.60 1939   0.04  -0.04     0.04
  MONTH TO DATE    0.03                      0.32  -0.29     0.33
  SINCE DEC 1      0.86                      1.53  -0.67     2.40
  SINCE JAN 1      0.03                      0.32  -0.29     0.33

SNOWFALL (IN)
  TODAY            0.0           5.1  1998   0.6   -0.6      0.5
  MONTH TO DATE    0.4                       6.0   -5.6      5.4
  SINCE JUL 1     35.4                      39.8   -4.4     34.8
  SNOW DEPTH       5

DEGREE DAYS
 HEATING
  TODAY           49                        55     -6       51
  MONTH TO DATE  565                       492     73      545
  SINCE DEC 1   2248                      2048    200     2057
  SINCE JUL 1   4394                      4261    133     3539

 COOLING
  TODAY            0                         0      0        0
  MONTH TO DATE    0                         0      0        0
  SINCE DEC 1      0                         0      0        0
  SINCE JAN 1      0                         0      0        0
..................................................................


WIND (MPH)
  HIGHEST WIND SPEED    20   HIGHEST WIND DIRECTION     E (100)
  HIGHEST GUST SPEED    23   HIGHEST GUST DIRECTION     E (110)
  AVERAGE WIND SPEED     9.1


SKY COVER
  AVERAGE SKY COVER 0.4


WEATHER CONDITIONS
 THE FOLLOWING WEATHER WAS RECORDED TODAY.
  NO SIGNIFICANT WEATHER WAS OBSERVED.


RELATIVE HUMIDITY (PERCENT)
 HIGHEST   100           400 AM
 LOWEST     74          1100 AM
 AVERAGE    87

..........................................................


THE DULUTH CLIMATE NORMALS FOR TOMORROW
                         NORMAL    RECORD    YEAR
 MAXIMUM TEMPERATURE (F)   19        47      2012
 MINIMUM TEMPERATURE (F)    1       -36      1912


SUNRISE AND SUNSET
JANUARY  9 2018.......SUNRISE   752 AM CST   SUNSET   440 PM CST
JANUARY 10 2018.......SUNRISE   752 AM CST   SUNSET   441 PM CST


-  INDICATES NEGATIVE NUMBERS.
R  INDICATES RECORD WAS SET OR TIED.
MM INDICATES DATA IS MISSING.
T  INDICATES TRACE AMOUNT.




$$
