000
CDUS43 KDLH 120623
CLIDLH


CLIMATE REPORT
NATIONAL WEATHER SERVICE DULUTH MN
122 AM CDT MON JUN 12 2017


...................................

...THE DULUTH MN CLIMATE SUMMARY FOR JUNE 11 2017...

CLIMATE NORMAL PERIOD 1981 TO 2010
CLIMATE RECORD PERIOD 1870 TO 2017


WEATHER ITEM   OBSERVED TIME   RECORD YEAR NORMAL DEPARTURE LAST
                VALUE   (LST)  VALUE       VALUE  FROM      YEAR
                                                  NORMAL
..................................................................
TEMPERATURE (F)
 YESTERDAY
  MAXIMUM         70    443 PM  91    1956  70      0       80
                                      1949
  MINIMUM         53    413 AM  34    1958  48      5       59
  AVERAGE         62                        59      3       70

PRECIPITATION (IN)
  YESTERDAY        0.22          2.80 1880   0.14   0.08     0.00
  MONTH TO DATE    1.44                      1.39   0.05     1.17
  SINCE JUN 1      1.44                      1.39   0.05     1.17
  SINCE JAN 1     12.58                     10.31   2.27    11.28

SNOWFALL (IN)
  YESTERDAY        0.0           0.0  2002   0.0    0.0      0.0
                                      2001
  MONTH TO DATE    0.0                       0.0    0.0       T
  SINCE JUN 1      0.0                       0.0    0.0       T
  SINCE JUL 1     67.0                      86.1  -19.1     81.4
  SNOW DEPTH       0

DEGREE DAYS
 HEATING
  YESTERDAY        3                         7     -4        0
  MONTH TO DATE   30                        89    -59       78
  SINCE JUN 1     30                        89    -59       78
  SINCE JUL 1   8037                      9354  -1317     8122

 COOLING
  YESTERDAY        0                         1     -1        5
  MONTH TO DATE   10                         2      8        5
  SINCE JUN 1     10                         2      8        5
  SINCE JAN 1     10                         6      4       14
..................................................................


WIND (MPH)
  HIGHEST WIND SPEED    28   HIGHEST WIND DIRECTION     E (110)
  HIGHEST GUST SPEED    32   HIGHEST GUST DIRECTION    SE (120)
  AVERAGE WIND SPEED     6.1


SKY COVER
  AVERAGE SKY COVER 0.4


WEATHER CONDITIONS
 THE FOLLOWING WEATHER WAS RECORDED YESTERDAY.
  THUNDERSTORM
  RAIN
  LIGHT RAIN
  FOG


RELATIVE HUMIDITY (PERCENT)
 HIGHEST   100           900 PM
 LOWEST     63           100 PM
 AVERAGE    82

..........................................................


THE DULUTH MN CLIMATE NORMALS FOR TODAY
                         NORMAL    RECORD    YEAR
 MAXIMUM TEMPERATURE (F)   70        91      1956
 MINIMUM TEMPERATURE (F)   48        31      1962


SUNRISE AND SUNSET
JUNE 12 2017..........SUNRISE   514 AM CDT   SUNSET   904 PM CDT
JUNE 13 2017..........SUNRISE   514 AM CDT   SUNSET   904 PM CDT


-  INDICATES NEGATIVE NUMBERS.
R  INDICATES RECORD WAS SET OR TIED.
MM INDICATES DATA IS MISSING.
T  INDICATES TRACE AMOUNT.




$$
