000
CDUS43 KDLH 262220
CLIDLH


CLIMATE REPORT
NATIONAL WEATHER SERVICE DULUTH MN
520 PM CDT FRI JUN 26 2015


...................................

...THE DULUTH MN CLIMATE SUMMARY FOR JUNE 26 2015...
VALID TODAY AS OF 0500 PM LOCAL TIME.

CLIMATE NORMAL PERIOD 1981 TO 2010
CLIMATE RECORD PERIOD 1870 TO 2015


WEATHER ITEM   OBSERVED TIME   RECORD YEAR NORMAL DEPARTURE LAST
                VALUE   (LST)  VALUE       VALUE  FROM      YEAR
                                                  NORMAL
..................................................................
TEMPERATURE (F)
 TODAY
  MAXIMUM         77    116 PM  92    1931  74      3       67
  MINIMUM         54    452 AM  36    1982  52      2       48
  AVERAGE         66                        63      3       58

PRECIPITATION (IN)
  TODAY            0.00          1.71 1996   0.15  -0.15     0.00
  MONTH TO DATE    3.04                      3.62  -0.58     3.30
  SINCE JUN 1      3.04                      3.62  -0.58     3.30
  SINCE JAN 1      9.43                     12.54  -3.11    15.73

SNOWFALL (IN)
  TODAY            0.0           0.0  2002   0.0    0.0      0.0
                                      2001
  MONTH TO DATE    T                         0.0    0.0       T
  SINCE JUL 1     49.2                      86.1  -36.9    131.0
  SNOW DEPTH       0

DEGREE DAYS
 HEATING
  TODAY            0                         4     -4        7
  MONTH TO DATE  112                       165    -53      159
  SINCE JUN 1    112                       165    -53      159
  SINCE JUL 1   9094                      9430   -336    10339

 COOLING
  TODAY            1                         2     -1        0
  MONTH TO DATE   11                        21    -10       10
  SINCE JUN 1     11                        21    -10       10
  SINCE JAN 1     15                        25    -10       28
..................................................................


WIND (MPH)
  HIGHEST WIND SPEED    13   HIGHEST WIND DIRECTION    SE (130)
  HIGHEST GUST SPEED    20   HIGHEST GUST DIRECTION    SE (130)
  AVERAGE WIND SPEED     5.7


SKY COVER
  POSSIBLE SUNSHINE  MM
  AVERAGE SKY COVER 0.2


WEATHER CONDITIONS
 THE FOLLOWING WEATHER WAS RECORDED TODAY.
  FOG


RELATIVE HUMIDITY (PERCENT)
 HIGHEST    93           300 AM
 LOWEST     31           400 PM
 AVERAGE    62

..........................................................


THE DULUTH MN CLIMATE NORMALS FOR TOMORROW
                         NORMAL    RECORD    YEAR
 MAXIMUM TEMPERATURE (F)   74        94      1910
 MINIMUM TEMPERATURE (F)   53        37      1925


SUNRISE AND SUNSET
JUNE 26 2015..........SUNRISE   516 AM CDT   SUNSET   907 PM CDT
JUNE 27 2015..........SUNRISE   516 AM CDT   SUNSET   907 PM CDT


-  INDICATES NEGATIVE NUMBERS.
R  INDICATES RECORD WAS SET OR TIED.
MM INDICATES DATA IS MISSING.
T  INDICATES TRACE AMOUNT.




$$
