513
CDUS43 KDLH 190621
CLIDLH


CLIMATE REPORT
NATIONAL WEATHER SERVICE DULUTH MN
121 AM CDT MON JUN 19 2017


...................................

...THE DULUTH MN CLIMATE SUMMARY FOR JUNE 18 2017...

CLIMATE NORMAL PERIOD 1981 TO 2010
CLIMATE RECORD PERIOD 1870 TO 2017


WEATHER ITEM   OBSERVED TIME   RECORD YEAR NORMAL DEPARTURE LAST
                VALUE   (LST)  VALUE       VALUE  FROM      YEAR
                                                  NORMAL
..................................................................
TEMPERATURE (F)
 YESTERDAY
  MAXIMUM         68    221 PM  94    1995  72     -4       84
  MINIMUM         55   1159 PM  36    1876  50      5       61
  AVERAGE         62                        61      1       73

PRECIPITATION (IN)
  YESTERDAY        0.26          2.54 1882   0.15   0.11     0.00
  MONTH TO DATE    2.76                      2.39   0.37     3.26
  SINCE JUN 1      2.76                      2.39   0.37     3.26
  SINCE JAN 1     13.90                     11.31   2.59    13.37

SNOWFALL (IN)
  YESTERDAY        0.0           0.0  2002   0.0    0.0      0.0
                                      2001
  MONTH TO DATE    T                         0.0    0.0       T
  SINCE JUN 1      T                         0.0    0.0       T
  SINCE JUL 1     67.0                      86.1  -19.1     81.4
  SNOW DEPTH       0

DEGREE DAYS
 HEATING
  YESTERDAY        3                         5     -2        0
  MONTH TO DATE   53                       130    -77      124
  SINCE JUN 1     53                       130    -77      124
  SINCE JUL 1   8060                      9395  -1335     8168

 COOLING
  YESTERDAY        0                         1     -1        8
  MONTH TO DATE   13                         9      4       13
  SINCE JUN 1     13                         9      4       13
  SINCE JAN 1     13                        13      0       22
..................................................................


WIND (MPH)
  HIGHEST WIND SPEED    24   HIGHEST WIND DIRECTION    NW (310)
  HIGHEST GUST SPEED    32   HIGHEST GUST DIRECTION    NW (310)
  AVERAGE WIND SPEED    11.2


SKY COVER
  AVERAGE SKY COVER 0.8


WEATHER CONDITIONS
 THE FOLLOWING WEATHER WAS RECORDED YESTERDAY.
  LIGHT RAIN
  FOG


RELATIVE HUMIDITY (PERCENT)
 HIGHEST   100           200 AM
 LOWEST     63           100 PM
 AVERAGE    82

..........................................................


THE DULUTH MN CLIMATE NORMALS FOR TODAY
                         NORMAL    RECORD    YEAR
 MAXIMUM TEMPERATURE (F)   72        95      1933
 MINIMUM TEMPERATURE (F)   50        34      1992


SUNRISE AND SUNSET
JUNE 19 2017..........SUNRISE   514 AM CDT   SUNSET   906 PM CDT
JUNE 20 2017..........SUNRISE   514 AM CDT   SUNSET   906 PM CDT


-  INDICATES NEGATIVE NUMBERS.
R  INDICATES RECORD WAS SET OR TIED.
MM INDICATES DATA IS MISSING.
T  INDICATES TRACE AMOUNT.




$$
