000
CDUS43 KDLH 082226
CLIDLH


CLIMATE REPORT
NATIONAL WEATHER SERVICE DULUTH MN
525 PM CDT SUN OCT 8 2017


...................................

...THE DULUTH CLIMATE SUMMARY FOR OCTOBER 8 2017...
VALID TODAY AS OF 0500 PM LOCAL TIME.

CLIMATE NORMAL PERIOD 1981 TO 2010
CLIMATE RECORD PERIOD 1870 TO 2017


WEATHER ITEM   OBSERVED TIME   RECORD YEAR NORMAL DEPARTURE LAST
                VALUE   (LST)  VALUE       VALUE  FROM      YEAR
                                                  NORMAL
..................................................................
TEMPERATURE (F)
 TODAY
  MAXIMUM         65    100 PM  82    1943  55     10       50
  MINIMUM         44    621 AM  24    1989  37      7       34
                                      1917
  AVERAGE         55                        46      9       42

PRECIPITATION (IN)
  TODAY            0.00          2.64 1949   0.09  -0.09     0.00
  MONTH TO DATE    2.15                      0.88   1.27     0.66
  SINCE SEP 1      5.70                      4.99   0.71     4.18
  SINCE JAN 1     33.39                     25.69   7.70    28.10

SNOWFALL (IN)
  TODAY            0.0           6.5  1925   0.1   -0.1      0.0
  MONTH TO DATE    0.0                       0.2   -0.2       T
  SINCE JUL 1      T                         0.3   -0.3       T
  SNOW DEPTH       0

DEGREE DAYS
 HEATING
  TODAY           10                        19     -9       23
  MONTH TO DATE  100                       139    -39      101
  SINCE SEP 1    312                       437   -125      263
  SINCE JUL 1    482                       586   -104      317

 COOLING
  TODAY            0                         0      0        0
  MONTH TO DATE    0                         0      0        0
  SINCE SEP 1     26                        14     12       14
  SINCE JAN 1    126                       204    -78      281
..................................................................


WIND (MPH)
  HIGHEST WIND SPEED    15   HIGHEST WIND DIRECTION     N (350)
  HIGHEST GUST SPEED    19   HIGHEST GUST DIRECTION    NW (320)
  AVERAGE WIND SPEED     8.5


SKY COVER
  AVERAGE SKY COVER 0.3


WEATHER CONDITIONS
 THE FOLLOWING WEATHER WAS RECORDED TODAY.
  FOG
  HAZE


RELATIVE HUMIDITY (PERCENT)
 HIGHEST    93           100 AM
 LOWEST     34           400 PM
 AVERAGE    64

..........................................................


THE DULUTH CLIMATE NORMALS FOR TOMORROW
                         NORMAL    RECORD    YEAR
 MAXIMUM TEMPERATURE (F)   55        76      1960
                                             1955
                                             1930
 MINIMUM TEMPERATURE (F)   37        20      1972


SUNRISE AND SUNSET
OCTOBER  8 2017.......SUNRISE   717 AM CDT   SUNSET   634 PM CDT
OCTOBER  9 2017.......SUNRISE   719 AM CDT   SUNSET   632 PM CDT


-  INDICATES NEGATIVE NUMBERS.
R  INDICATES RECORD WAS SET OR TIED.
MM INDICATES DATA IS MISSING.
T  INDICATES TRACE AMOUNT.




$$
