000
CDUS43 KDLH 062231
CLIDLH


CLIMATE REPORT
NATIONAL WEATHER SERVICE DULUTH MN
430 PM CST SAT JAN 6 2018


...................................

...THE DULUTH CLIMATE SUMMARY FOR JANUARY 6 2018...
VALID TODAY AS OF 0400 PM LOCAL TIME.

CLIMATE NORMAL PERIOD 1981 TO 2010
CLIMATE RECORD PERIOD 1870 TO 2018


WEATHER ITEM   OBSERVED TIME   RECORD YEAR NORMAL DEPARTURE LAST
                VALUE   (LST)  VALUE       VALUE  FROM      YEAR
                                                  NORMAL
..................................................................
TEMPERATURE (F)
 TODAY
  MAXIMUM          5    359 PM  45    2012  19    -14        2
  MINIMUM        -22    649 AM -34    1909   2    -24      -19
  AVERAGE         -8                        10    -18       -8

PRECIPITATION (IN)
  TODAY            0.00          1.12 1967   0.04  -0.04     0.00
  MONTH TO DATE    0.02                      0.22  -0.20     0.16
  SINCE DEC 1      0.85                      1.43  -0.58     2.23
  SINCE JAN 1      0.02                      0.22  -0.20     0.16

SNOWFALL (IN)
  TODAY            0.0          16.3  1994   0.6   -0.6      0.0
  MONTH TO DATE    0.4                       4.0   -3.6      1.8
  SINCE JUL 1     35.4                      37.8   -2.4     31.2
  SNOW DEPTH       5

DEGREE DAYS
 HEATING
  TODAY           73                        55     18       73
  MONTH TO DATE  428                       327    101      360
  SINCE DEC 1   2111                      1883    228     1872
  SINCE JUL 1   4257                      4096    161     3354

 COOLING
  TODAY            0                         0      0        0
  MONTH TO DATE    0                         0      0        0
  SINCE DEC 1      0                         0      0        0
  SINCE JAN 1      0                         0      0        0
..................................................................


WIND (MPH)
  HIGHEST WIND SPEED    18   HIGHEST WIND DIRECTION     S (180)
  HIGHEST GUST SPEED    23   HIGHEST GUST DIRECTION     S (160)
  AVERAGE WIND SPEED     7.2


SKY COVER
  AVERAGE SKY COVER 0.1


WEATHER CONDITIONS
 THE FOLLOWING WEATHER WAS RECORDED TODAY.
  NO SIGNIFICANT WEATHER WAS OBSERVED.


RELATIVE HUMIDITY (PERCENT)
 HIGHEST    87          1000 AM
 LOWEST     60           300 PM
 AVERAGE    74

..........................................................


THE DULUTH CLIMATE NORMALS FOR TOMORROW
                         NORMAL    RECORD    YEAR
 MAXIMUM TEMPERATURE (F)   19        46      2003
 MINIMUM TEMPERATURE (F)    2       -36      1912


SUNRISE AND SUNSET
JANUARY  6 2018.......SUNRISE   753 AM CST   SUNSET   436 PM CST
JANUARY  7 2018.......SUNRISE   753 AM CST   SUNSET   437 PM CST


-  INDICATES NEGATIVE NUMBERS.
R  INDICATES RECORD WAS SET OR TIED.
MM INDICATES DATA IS MISSING.
T  INDICATES TRACE AMOUNT.




$$
