000
CDUS43 KDLH 012225
CLIDLH


CLIMATE REPORT
NATIONAL WEATHER SERVICE DULUTH MN
521 PM CDT TUE AUG 1 2017


...................................

...THE DULUTH MN CLIMATE SUMMARY FOR AUGUST 1 2017...
VALID TODAY AS OF 0500 PM LOCAL TIME.

CLIMATE NORMAL PERIOD 1981 TO 2010
CLIMATE RECORD PERIOD 1870 TO 2017


WEATHER ITEM   OBSERVED TIME   RECORD YEAR NORMAL DEPARTURE LAST
                VALUE   (LST)  VALUE       VALUE  FROM      YEAR
                                                  NORMAL
..................................................................
TEMPERATURE (F)
 TODAY
  MAXIMUM         82    359 PM  97    1930  76      6       81
  MINIMUM         66    613 AM  41    1905  56     10       59
  AVERAGE         74                        66      8       70

PRECIPITATION (IN)
  TODAY            T             1.76 1943   0.11  -0.11     0.00
  MONTH TO DATE    T                         0.11  -0.11     0.00
  SINCE JUN 1      9.32                      8.19   1.13     8.85
  SINCE JAN 1     20.46                     17.11   3.35    18.96

SNOWFALL (IN)
  TODAY            0.0           0.0  2002   0.0    0.0      0.0
                                      2001
  MONTH TO DATE    0.0                       0.0    0.0      0.0
  SINCE JUL 1      T                         0.0    0.0      0.0
  SNOW DEPTH       0

DEGREE DAYS
 HEATING
  TODAY            0                         2     -2        0
  MONTH TO DATE    0                         2     -2        0
  SINCE JUN 1    184                       244    -60      171
  SINCE JUL 1     53                        65    -12       29

 COOLING
  TODAY            9                         3      6        5
  MONTH TO DATE    9                         3      6        5
  SINCE JUN 1     92                       123    -31      151
  SINCE JAN 1     92                       127    -35      160
..................................................................


WIND (MPH)
  HIGHEST WIND SPEED    16   HIGHEST WIND DIRECTION    NW (310)
  HIGHEST GUST SPEED    22   HIGHEST GUST DIRECTION    NW (310)
  AVERAGE WIND SPEED    10.2


SKY COVER
  POSSIBLE SUNSHINE  MM
  AVERAGE SKY COVER 0.2


WEATHER CONDITIONS
 THE FOLLOWING WEATHER WAS RECORDED TODAY.
  LIGHT RAIN


RELATIVE HUMIDITY (PERCENT)
 HIGHEST    81          1200 AM
 LOWEST     43           400 PM
 AVERAGE    62

..........................................................


THE DULUTH MN CLIMATE NORMALS FOR TOMORROW
                         NORMAL    RECORD    YEAR
 MAXIMUM TEMPERATURE (F)   76        93      1930
 MINIMUM TEMPERATURE (F)   56        42      1973
                                             1912


SUNRISE AND SUNSET
AUGUST  1 2017........SUNRISE   549 AM CDT   SUNSET   840 PM CDT
AUGUST  2 2017........SUNRISE   550 AM CDT   SUNSET   838 PM CDT


-  INDICATES NEGATIVE NUMBERS.
R  INDICATES RECORD WAS SET OR TIED.
MM INDICATES DATA IS MISSING.
T  INDICATES TRACE AMOUNT.




$$
