000
CDUS43 KDLH 180639
CLIDLH


CLIMATE REPORT
NATIONAL WEATHER SERVICE DULUTH MN
138 AM CDT WED MAR 18 2015


...................................

...THE DULUTH MN CLIMATE SUMMARY FOR MARCH 17 2015...

CLIMATE NORMAL PERIOD 1981 TO 2010
CLIMATE RECORD PERIOD 1870 TO 2015


WEATHER ITEM   OBSERVED TIME   RECORD YEAR NORMAL DEPARTURE LAST
                VALUE   (LST)  VALUE       VALUE  FROM      YEAR
                                                  NORMAL
..................................................................
TEMPERATURE (F)
 YESTERDAY
  MAXIMUM         42    332 PM  75    2012  35      7       27
  MINIMUM         23    654 AM -15    1941  18      5       17
  AVERAGE         33                        26      7       22

PRECIPITATION (IN)
  YESTERDAY        0.00          1.72 1965   0.05  -0.05     0.01
  MONTH TO DATE    0.39                      0.76  -0.37     0.21
  SINCE MAR 1      0.39                      0.76  -0.37     0.21
  SINCE JAN 1      1.23                      2.53  -1.30     3.06

SNOWFALL (IN)
  YESTERDAY        0.0          17.2  1965   0.4   -0.4      0.3
  MONTH TO DATE    4.4                       8.4   -4.0      6.3
  SINCE MAR 1      4.4                       8.4   -4.0      6.3
  SINCE JUL 1     44.3                      74.0  -29.7     90.1
  SNOW DEPTH       0

DEGREE DAYS
 HEATING
  YESTERDAY       32                        39     -7       43
  MONTH TO DATE  602                       713   -111      840
  SINCE MAR 1    602                       713   -111      840
  SINCE JUL 1   7441                      7580   -139     8281

 COOLING
  YESTERDAY        0                         0      0        0
  MONTH TO DATE    0                         0      0        0
  SINCE MAR 1      0                         0      0        0
  SINCE JAN 1      0                         0      0        0
..................................................................


WIND (MPH)
  HIGHEST WIND SPEED    24   HIGHEST WIND DIRECTION    NW (310)
  HIGHEST GUST SPEED    36   HIGHEST GUST DIRECTION    NW (300)
  AVERAGE WIND SPEED    13.8


SKY COVER
  AVERAGE SKY COVER 0.1


WEATHER CONDITIONS
 THE FOLLOWING WEATHER WAS RECORDED YESTERDAY.
  NO SIGNIFICANT WEATHER WAS OBSERVED.


RELATIVE HUMIDITY (PERCENT)
 HIGHEST    50           300 AM
 LOWEST     28           300 PM
 AVERAGE    39

..........................................................


THE DULUTH MN CLIMATE NORMALS FOR TODAY
                         NORMAL    RECORD    YEAR
 MAXIMUM TEMPERATURE (F)   35        73      2012
 MINIMUM TEMPERATURE (F)   18       -14      1923


SUNRISE AND SUNSET
MARCH 18 2015.........SUNRISE   716 AM CDT   SUNSET   718 PM CDT
MARCH 19 2015.........SUNRISE   714 AM CDT   SUNSET   720 PM CDT


-  INDICATES NEGATIVE NUMBERS.
R  INDICATES RECORD WAS SET OR TIED.
MM INDICATES DATA IS MISSING.
T  INDICATES TRACE AMOUNT.




$$
