000
CDUS43 KDLH 050632
CLIDLH


CLIMATE REPORT
NATIONAL WEATHER SERVICE DULUTH MN
131 AM CDT MON JUN 5 2017


...................................

...THE DULUTH MN CLIMATE SUMMARY FOR JUNE 4 2017...

CLIMATE NORMAL PERIOD 1981 TO 2010
CLIMATE RECORD PERIOD 1870 TO 2017


WEATHER ITEM   OBSERVED TIME   RECORD YEAR NORMAL DEPARTURE LAST
                VALUE   (LST)  VALUE       VALUE  FROM      YEAR
                                                  NORMAL
..................................................................
TEMPERATURE (F)
 YESTERDAY
  MAXIMUM         83   1143 AM  90    1968  68     15       59
  MINIMUM         50   1009 PM  31    1964  46      4       44
                                      1945
  AVERAGE         67                        57     10       52

PRECIPITATION (IN)
  YESTERDAY        T             1.97 1880   0.12  -0.12     0.16
  MONTH TO DATE    T                         0.47  -0.47     0.73
  SINCE JUN 1      T                         0.47  -0.47     0.73
  SINCE JAN 1     11.14                      9.39   1.75    10.84

SNOWFALL (IN)
  YESTERDAY        0.0           0.0  2002   0.0    0.0      0.0
                                      2001
  MONTH TO DATE    0.0                       0.0    0.0      0.0
  SINCE JUN 1      0.0                       0.0    0.0      0.0
  SINCE JUL 1     67.0                      86.1  -19.1     81.4
  SNOW DEPTH       0

DEGREE DAYS
 HEATING
  YESTERDAY        0                         9     -9       13
  MONTH TO DATE    6                        36    -30       43
  SINCE JUN 1      6                        36    -30       43
  SINCE JUL 1   8013                      9301  -1288     8087

 COOLING
  YESTERDAY        2                         0      2        0
  MONTH TO DATE    3                         0      3        0
  SINCE JUN 1      3                         0      3        0
  SINCE JAN 1      3                         4     -1        9
..................................................................


WIND (MPH)
  HIGHEST WIND SPEED    24   HIGHEST WIND DIRECTION     W (270)
  HIGHEST GUST SPEED    31   HIGHEST GUST DIRECTION    NW (310)
  AVERAGE WIND SPEED    10.4


SKY COVER
  AVERAGE SKY COVER 0.3


WEATHER CONDITIONS
 THE FOLLOWING WEATHER WAS RECORDED YESTERDAY.
  THUNDERSTORM
  LIGHT RAIN
  FOG


RELATIVE HUMIDITY (PERCENT)
 HIGHEST   100          1100 PM
 LOWEST     23          1100 AM
 AVERAGE    62

..........................................................


THE DULUTH MN CLIMATE NORMALS FOR TODAY
                         NORMAL    RECORD    YEAR
 MAXIMUM TEMPERATURE (F)   68        88      1988
                                             1925
 MINIMUM TEMPERATURE (F)   46        32      2000


SUNRISE AND SUNSET
JUNE  5 2017..........SUNRISE   516 AM CDT   SUNSET   858 PM CDT
JUNE  6 2017..........SUNRISE   516 AM CDT   SUNSET   859 PM CDT


-  INDICATES NEGATIVE NUMBERS.
R  INDICATES RECORD WAS SET OR TIED.
MM INDICATES DATA IS MISSING.
T  INDICATES TRACE AMOUNT.




$$
