000
CDUS43 KDLH 180623
CLIDLH


CLIMATE REPORT
NATIONAL WEATHER SERVICE DULUTH MN
1223 AM CST TUE NOV 18 2014


...................................

...THE DULUTH MN CLIMATE SUMMARY FOR NOVEMBER 17 2014...

CLIMATE NORMAL PERIOD 1981 TO 2010
CLIMATE RECORD PERIOD 1870 TO 2014


WEATHER ITEM   OBSERVED TIME   RECORD YEAR NORMAL DEPARTURE LAST
                VALUE   (LST)  VALUE       VALUE  FROM      YEAR
                                                  NORMAL
..................................................................
TEMPERATURE (F)
 YESTERDAY
  MAXIMUM         15    445 PM  68    1953  35    -20       44
  MINIMUM          4    749 AM  -9    1959  21    -17       29
  AVERAGE         10                        28    -18       37

PRECIPITATION (IN)
  YESTERDAY        T             2.16 1968   0.08  -0.08     0.03
  MONTH TO DATE    0.70                      1.27  -0.57     0.69
  SINCE SEP 1      4.14                      8.23  -4.09     5.88
  SINCE JAN 1     29.09                     28.93   0.16    27.47

SNOWFALL (IN)
  YESTERDAY        T            13.4  1968   0.5   -0.5      0.2
  MONTH TO DATE   10.2                       6.4    3.8      1.3
  SINCE SEP 1     10.3                       8.8    1.5      1.6
  SINCE JUL 1     10.3                       8.8    1.5      1.6
  SNOW DEPTH       4

DEGREE DAYS
 HEATING
  YESTERDAY       55                        37     18       28
  MONTH TO DATE  657                       557    100      535
  SINCE SEP 1   1506                      1533    -27     1313
  SINCE JUL 1   1583                      1682    -99     1387

 COOLING
  YESTERDAY        0                         0      0        0
  MONTH TO DATE    0                         0      0        0
  SINCE SEP 1      9                        14     -5       24
  SINCE JAN 1    179                       204    -25      375
..................................................................


WIND (MPH)
  HIGHEST WIND SPEED    25   HIGHEST WIND DIRECTION    NW (310)
  HIGHEST GUST SPEED    36   HIGHEST GUST DIRECTION    NW (330)
  AVERAGE WIND SPEED    15.7


SKY COVER
  AVERAGE SKY COVER 0.6


WEATHER CONDITIONS
 THE FOLLOWING WEATHER WAS RECORDED YESTERDAY.
  LIGHT SNOW
  HAZE
  BLOWING SNOW


RELATIVE HUMIDITY (PERCENT)
 HIGHEST    80          1200 AM
 LOWEST     58           300 PM
 AVERAGE    69

..........................................................


THE DULUTH MN CLIMATE NORMALS FOR TODAY
                         NORMAL    RECORD    YEAR
 MAXIMUM TEMPERATURE (F)   34        64      1904
 MINIMUM TEMPERATURE (F)   21        -4      1932


SUNRISE AND SUNSET
NOVEMBER 18 2014......SUNRISE   716 AM CST   SUNSET   431 PM CST
NOVEMBER 19 2014......SUNRISE   717 AM CST   SUNSET   431 PM CST


-  INDICATES NEGATIVE NUMBERS.
R  INDICATES RECORD WAS SET OR TIED.
MM INDICATES DATA IS MISSING.
T  INDICATES TRACE AMOUNT.




$$
