000
CDUS43 KDLH 190623
CLIDLH


CLIMATE REPORT
NATIONAL WEATHER SERVICE DULUTH MN
1223 AM CST THU FEB 19 2015


...................................

...THE DULUTH MN CLIMATE SUMMARY FOR FEBRUARY 18 2015...

CLIMATE NORMAL PERIOD 1981 TO 2010
CLIMATE RECORD PERIOD 1870 TO 2015


WEATHER ITEM   OBSERVED TIME   RECORD YEAR NORMAL DEPARTURE LAST
                VALUE   (LST)  VALUE       VALUE  FROM      YEAR
                                                  NORMAL
..................................................................
TEMPERATURE (F)
 YESTERDAY
  MAXIMUM         -5    406 PM  53    1981  25    -30       40
  MINIMUM        -17    832 AM -25    1966   7    -24       18
  AVERAGE        -11                        16    -27       29

PRECIPITATION (IN)
  YESTERDAY        T             0.40 1909   0.03  -0.03     0.00
  MONTH TO DATE    0.29                      0.45  -0.16     0.86
  SINCE DEC 1      2.01                      2.62  -0.61     4.47
  SINCE JAN 1      0.75                      1.41  -0.66     1.59

SNOWFALL (IN)
  YESTERDAY        T             3.0  1955   0.4   -0.4      0.0
  MONTH TO DATE    6.2                       7.4   -1.2     15.2
  SINCE DEC 1     21.4                      44.5  -23.1     64.5
  SINCE JUL 1     37.9                      60.6  -22.7     69.5
  SNOW DEPTH      10

DEGREE DAYS
 HEATING
  YESTERDAY       76                        49     27       36
  MONTH TO DATE 1043                       929    114     1095
  SINCE DEC 1   4000                      4184   -184     4916
  SINCE JUL 1   6215                      6397   -182     6873

 COOLING
  YESTERDAY        0                         0      0        0
  MONTH TO DATE    0                         0      0        0
  SINCE DEC 1      0                         0      0        0
  SINCE JAN 1      0                         0      0        0
..................................................................


WIND (MPH)
  HIGHEST WIND SPEED    22   HIGHEST WIND DIRECTION    NW (310)
  HIGHEST GUST SPEED    29   HIGHEST GUST DIRECTION    NW (310)
  AVERAGE WIND SPEED    12.0


SKY COVER
  AVERAGE SKY COVER 0.2


WEATHER CONDITIONS
 THE FOLLOWING WEATHER WAS RECORDED YESTERDAY.
  LIGHT SNOW
  HAZE


RELATIVE HUMIDITY (PERCENT)
 HIGHEST    74           500 AM
 LOWEST     42           400 PM
 AVERAGE    58

..........................................................


THE DULUTH MN CLIMATE NORMALS FOR TODAY
                         NORMAL    RECORD    YEAR
 MAXIMUM TEMPERATURE (F)   25        51      1930
 MINIMUM TEMPERATURE (F)    7       -28      1966


SUNRISE AND SUNSET
FEBRUARY 19 2015......SUNRISE   706 AM CST   SUNSET   539 PM CST
FEBRUARY 20 2015......SUNRISE   704 AM CST   SUNSET   541 PM CST


-  INDICATES NEGATIVE NUMBERS.
R  INDICATES RECORD WAS SET OR TIED.
MM INDICATES DATA IS MISSING.
T  INDICATES TRACE AMOUNT.




$$
