000
CDUS43 KDLH 182240
CLIDLH


CLIMATE REPORT
NATIONAL WEATHER SERVICE DULUTH MN
536 PM CDT WED MAR 18 2015


...................................

...THE DULUTH MN CLIMATE SUMMARY FOR MARCH 18 2015...
VALID TODAY AS OF 0500 PM LOCAL TIME.

CLIMATE NORMAL PERIOD 1981 TO 2010
CLIMATE RECORD PERIOD 1870 TO 2015


WEATHER ITEM   OBSERVED TIME   RECORD YEAR NORMAL DEPARTURE LAST
                VALUE   (LST)  VALUE       VALUE  FROM      YEAR
                                                  NORMAL
..................................................................
TEMPERATURE (F)
 TODAY
  MAXIMUM         45    255 PM  73    2012  35     10       27
  MINIMUM         23    612 AM -14    1923  18      5       24
  AVERAGE         34                        27      7       26

PRECIPITATION (IN)
  TODAY            0.00          1.37 1922   0.05  -0.05     0.11
  MONTH TO DATE    0.39                      0.81  -0.42     0.32
  SINCE MAR 1      0.39                      0.81  -0.42     0.32
  SINCE JAN 1      1.23                      2.58  -1.35     3.17

SNOWFALL (IN)
  TODAY            0.0           8.6  1922   0.4   -0.4      1.5
  MONTH TO DATE    4.4                       8.8   -4.4      7.8
  SINCE JUL 1     44.3                      74.4  -30.1     91.6
  SNOW DEPTH       0

DEGREE DAYS
 HEATING
  TODAY           31                        38     -7       39
  MONTH TO DATE  633                       751   -118      879
  SINCE MAR 1    633                       751   -118      879
  SINCE JUL 1   7472                      7618   -146     8320

 COOLING
  TODAY            0                         0      0        0
  MONTH TO DATE    0                         0      0        0
  SINCE MAR 1      0                         0      0        0
  SINCE JAN 1      0                         0      0        0
..................................................................


WIND (MPH)
  HIGHEST WIND SPEED    13   HIGHEST WIND DIRECTION     W (270)
  HIGHEST GUST SPEED    16   HIGHEST GUST DIRECTION     W (280)
  AVERAGE WIND SPEED     7.0


SKY COVER
  POSSIBLE SUNSHINE  MM
  AVERAGE SKY COVER 0.2


WEATHER CONDITIONS
 THE FOLLOWING WEATHER WAS RECORDED TODAY.
  NO SIGNIFICANT WEATHER WAS OBSERVED.


RELATIVE HUMIDITY (PERCENT)
 HIGHEST    63           500 AM
 LOWEST     33           200 PM
 AVERAGE    48

..........................................................


THE DULUTH MN CLIMATE NORMALS FOR TOMORROW
                         NORMAL    RECORD    YEAR
 MAXIMUM TEMPERATURE (F)   35        72      2012
 MINIMUM TEMPERATURE (F)   19       -26      1875


SUNRISE AND SUNSET
MARCH 18 2015.........SUNRISE   716 AM CDT   SUNSET   718 PM CDT
MARCH 19 2015.........SUNRISE   714 AM CDT   SUNSET   719 PM CDT


-  INDICATES NEGATIVE NUMBERS.
R  INDICATES RECORD WAS SET OR TIED.
MM INDICATES DATA IS MISSING.
T  INDICATES TRACE AMOUNT.




$$
