000
CDUS43 KDLH 112239
CLIDLH


CLIMATE REPORT
NATIONAL WEATHER SERVICE DULUTH MN
435 PM CST THU JAN 11 2018


...................................

...THE DULUTH CLIMATE SUMMARY FOR JANUARY 11 2018...
VALID TODAY AS OF 0400 PM LOCAL TIME.

CLIMATE NORMAL PERIOD 1981 TO 2010
CLIMATE RECORD PERIOD 1870 TO 2018


WEATHER ITEM   OBSERVED TIME   RECORD YEAR NORMAL DEPARTURE LAST
                VALUE   (LST)  VALUE       VALUE  FROM      YEAR
                                                  NORMAL
..................................................................
TEMPERATURE (F)
 TODAY
  MAXIMUM         32    346 AM  42    1986  19     13        5
  MINIMUM          2    359 PM -35    1912   1      1       -8
  AVERAGE         17                        10      7       -1

PRECIPITATION (IN)
  TODAY            0.18          0.73 1975   0.03   0.15     0.07
  MONTH TO DATE    0.21                      0.38  -0.17     0.60
  SINCE DEC 1      1.04                      1.59  -0.55     2.67
  SINCE JAN 1      0.21                      0.38  -0.17     0.60

SNOWFALL (IN)
  TODAY            2.8           6.5  1988   0.7    2.1      1.0
  MONTH TO DATE    3.2                       7.4   -4.2     10.1
  SINCE JUL 1     38.2                      41.2   -3.0     39.5
  SNOW DEPTH       6

DEGREE DAYS
 HEATING
  TODAY           48                        55     -7       66
  MONTH TO DATE  641                       602     39      665
  SINCE DEC 1   2324                      2158    166     2177
  SINCE JUL 1   4470                      4371     99     3659

 COOLING
  TODAY            0                         0      0        0
  MONTH TO DATE    0                         0      0        0
  SINCE DEC 1      0                         0      0        0
  SINCE JAN 1      0                         0      0        0
..................................................................


WIND (MPH)
  HIGHEST WIND SPEED    29   HIGHEST WIND DIRECTION     N (350)
  HIGHEST GUST SPEED    40   HIGHEST GUST DIRECTION     N (350)
  AVERAGE WIND SPEED    16.0


SKY COVER
  AVERAGE SKY COVER 1.0


WEATHER CONDITIONS
 THE FOLLOWING WEATHER WAS RECORDED TODAY.
  LT FREEZING RAIN
  SNOW
  LIGHT SNOW
  FOG
  FOG W/VISIBILITY <= 1/4 MILE
  BLOWING SNOW


RELATIVE HUMIDITY (PERCENT)
 HIGHEST   100          1200 AM
 LOWEST     79           200 PM
 AVERAGE    90

..........................................................


THE DULUTH CLIMATE NORMALS FOR TOMORROW
                         NORMAL    RECORD    YEAR
 MAXIMUM TEMPERATURE (F)   19        45      1987
 MINIMUM TEMPERATURE (F)    1       -34      1912


SUNRISE AND SUNSET
JANUARY 11 2018.......SUNRISE   752 AM CST   SUNSET   442 PM CST
JANUARY 12 2018.......SUNRISE   751 AM CST   SUNSET   444 PM CST


-  INDICATES NEGATIVE NUMBERS.
R  INDICATES RECORD WAS SET OR TIED.
MM INDICATES DATA IS MISSING.
T  INDICATES TRACE AMOUNT.




$$
