000
CDUS43 KDLH 210637
CLIDLH


CLIMATE REPORT
NATIONAL WEATHER SERVICE DULUTH MN
1234 AM CST TUE FEB 21 2017


...................................

...THE DULUTH MN CLIMATE SUMMARY FOR FEBRUARY 20 2017...

CLIMATE NORMAL PERIOD 1981 TO 2010
CLIMATE RECORD PERIOD 1870 TO 2017


WEATHER ITEM   OBSERVED TIME   RECORD YEAR NORMAL DEPARTURE LAST
                VALUE   (LST)  VALUE       VALUE  FROM      YEAR
                                                  NORMAL
..................................................................
TEMPERATURE (F)
 YESTERDAY
  MAXIMUM         45   1012 PM  54    1877  26     19       39
  MINIMUM         37   1222 AM -21    1963   8     29       28
                                      1918
                                      1894
  AVERAGE         41                        17     24       34

PRECIPITATION (IN)
  YESTERDAY        0.77          1.06 2014   0.03   0.74     0.02
  MONTH TO DATE    1.18                      0.51   0.67     0.56
  SINCE DEC 1      4.41                      2.68   1.73     5.31
  SINCE JAN 1      2.34                      1.47   0.87     1.61

SNOWFALL (IN)
  YESTERDAY        0.0          10.9  2014   0.5   -0.5       T
  MONTH TO DATE    5.6                       8.4   -2.8      7.5
  SINCE DEC 1     42.4                      45.5   -3.1     45.1
  SINCE JUL 1     50.5                      61.6  -11.1     49.5
  SNOW DEPTH       8

DEGREE DAYS
 HEATING
  YESTERDAY       24                        48    -24       31
  MONTH TO DATE  869                      1026   -157     1017
  SINCE DEC 1   3892                      4281   -389     3815
  SINCE JUL 1   5374                      6494  -1120     5478

 COOLING
  YESTERDAY        0                         0      0        0
  MONTH TO DATE    0                         0      0        0
  SINCE DEC 1      0                         0      0        0
  SINCE JAN 1      0                         0      0        0
..................................................................


WIND (MPH)
  HIGHEST WIND SPEED    26   HIGHEST WIND DIRECTION    NW (300)
  HIGHEST GUST SPEED    35   HIGHEST GUST DIRECTION     W (280)
  AVERAGE WIND SPEED    13.4


SKY COVER
  AVERAGE SKY COVER 0.7


WEATHER CONDITIONS
 THE FOLLOWING WEATHER WAS RECORDED YESTERDAY.
  RAIN
  LIGHT RAIN
  FOG
  FOG W/VISIBILITY <= 1/4 MILE


RELATIVE HUMIDITY (PERCENT)
 HIGHEST   100           200 PM
 LOWEST     70           200 AM
 AVERAGE    85

..........................................................


THE DULUTH MN CLIMATE NORMALS FOR TODAY
                         NORMAL    RECORD    YEAR
 MAXIMUM TEMPERATURE (F)   26        57      1877
 MINIMUM TEMPERATURE (F)    8       -27      1963


SUNRISE AND SUNSET
FEBRUARY 21 2017......SUNRISE   702 AM CST   SUNSET   543 PM CST
FEBRUARY 22 2017......SUNRISE   700 AM CST   SUNSET   544 PM CST


-  INDICATES NEGATIVE NUMBERS.
R  INDICATES RECORD WAS SET OR TIED.
MM INDICATES DATA IS MISSING.
T  INDICATES TRACE AMOUNT.




$$
