000
CDUS43 KDLH 222225
CLIDLH


CLIMATE REPORT
NATIONAL WEATHER SERVICE DULUTH MN
425 PM CST WED NOV 22 2017


...................................

...THE DULUTH CLIMATE SUMMARY FOR NOVEMBER 22 2017...
VALID TODAY AS OF 0400 PM LOCAL TIME.

CLIMATE NORMAL PERIOD 1981 TO 2010
CLIMATE RECORD PERIOD 1870 TO 2017


WEATHER ITEM   OBSERVED TIME   RECORD YEAR NORMAL DEPARTURE LAST
                VALUE   (LST)  VALUE       VALUE  FROM      YEAR
                                                  NORMAL
..................................................................
TEMPERATURE (F)
 TODAY
  MAXIMUM         20    359 PM  52    2012  32    -12       32
                                      2006
                                      1966
  MINIMUM          8    746 AM  -9    1880  18    -10       27
  AVERAGE         14                        25    -11       30

PRECIPITATION (IN)
  TODAY            T             1.14 1886   0.06  -0.06     0.10
  MONTH TO DATE    1.22                      1.61  -0.39     1.25
  SINCE SEP 1      8.17                      8.57  -0.40     6.32
  SINCE JAN 1     35.86                     29.27   6.59    30.24

SNOWFALL (IN)
  TODAY            T             8.5  1886   0.5   -0.5      1.1
  MONTH TO DATE   10.2                       9.1    1.1      4.6
  SINCE JUL 1     21.3                      11.5    9.8      4.6
  SNOW DEPTH       2

DEGREE DAYS
 HEATING
  TODAY           51                        40     11       35
  MONTH TO DATE  905                       751    154      498
  SINCE SEP 1   1711                      1727    -16     1191
  SINCE JUL 1   1881                      1876      5     1245

 COOLING
  TODAY            0                         0      0        0
  MONTH TO DATE    0                         0      0        0
  SINCE SEP 1     26                        14     12       14
  SINCE JAN 1    126                       204    -78      281
..................................................................


WIND (MPH)
  HIGHEST WIND SPEED    16   HIGHEST WIND DIRECTION    SW (220)
  HIGHEST GUST SPEED    21   HIGHEST GUST DIRECTION    SW (230)
  AVERAGE WIND SPEED     8.7


SKY COVER
  AVERAGE SKY COVER 0.4


WEATHER CONDITIONS
 THE FOLLOWING WEATHER WAS RECORDED TODAY.
  LIGHT SNOW


RELATIVE HUMIDITY (PERCENT)
 HIGHEST    92           400 AM
 LOWEST     73          1200 AM
 AVERAGE    83

..........................................................


THE DULUTH CLIMATE NORMALS FOR TOMORROW
                         NORMAL    RECORD    YEAR
 MAXIMUM TEMPERATURE (F)   31        51      1907
 MINIMUM TEMPERATURE (F)   18       -10      1956


SUNRISE AND SUNSET
NOVEMBER 22 2017......SUNRISE   722 AM CST   SUNSET   428 PM CST
NOVEMBER 23 2017......SUNRISE   723 AM CST   SUNSET   427 PM CST


-  INDICATES NEGATIVE NUMBERS.
R  INDICATES RECORD WAS SET OR TIED.
MM INDICATES DATA IS MISSING.
T  INDICATES TRACE AMOUNT.




$$
