000
CDUS43 KDLH 250631
CLIDLH


CLIMATE REPORT
NATIONAL WEATHER SERVICE DULUTH MN
1228 AM CST TUE NOV 25 2014


...................................

...THE DULUTH MN CLIMATE SUMMARY FOR NOVEMBER 24 2014...

CLIMATE NORMAL PERIOD 1981 TO 2010
CLIMATE RECORD PERIOD 1870 TO 2014


WEATHER ITEM   OBSERVED TIME   RECORD YEAR NORMAL DEPARTURE LAST
                VALUE   (LST)  VALUE       VALUE  FROM      YEAR
                                                  NORMAL
..................................................................
TEMPERATURE (F)
 YESTERDAY
  MAXIMUM         35   1243 AM  53    1984  31      4       31
                                      1890
  MINIMUM         16   1159 PM -17    1884  17     -1        0
  AVERAGE         26                        24      2       16

PRECIPITATION (IN)
  YESTERDAY        0.06          1.30 2001   0.07  -0.01      T
  MONTH TO DATE    0.89                      1.74  -0.85     0.69
  SINCE SEP 1      4.33                      8.70  -4.37     5.88
  SINCE JAN 1     29.28                     29.40  -0.12    27.47

SNOWFALL (IN)
  YESTERDAY        2.1           6.5  1919   0.6    1.5       T
  MONTH TO DATE   14.4                      10.3    4.1      1.6
  SINCE SEP 1     14.5                      12.7    1.8      1.9
  SINCE JUL 1     14.5                      12.7    1.8      1.9
  SNOW DEPTH       4

DEGREE DAYS
 HEATING
  YESTERDAY       39                        41     -2       49
  MONTH TO DATE  973                       832    141      829
  SINCE SEP 1   1822                      1808     14     1607
  SINCE JUL 1   1899                      1957    -58     1681

 COOLING
  YESTERDAY        0                         0      0        0
  MONTH TO DATE    0                         0      0        0
  SINCE SEP 1      9                        14     -5       24
  SINCE JAN 1    179                       204    -25      375
..................................................................


WIND (MPH)
  HIGHEST WIND SPEED    29   HIGHEST WIND DIRECTION     N (340)
  HIGHEST GUST SPEED    40   HIGHEST GUST DIRECTION    NW (330)
  AVERAGE WIND SPEED    17.3


SKY COVER
  AVERAGE SKY COVER 1.0


WEATHER CONDITIONS
 THE FOLLOWING WEATHER WAS RECORDED YESTERDAY.
  LIGHT SNOW
  FOG
  HAZE
  BLOWING SNOW


RELATIVE HUMIDITY (PERCENT)
 HIGHEST    96           100 AM
 LOWEST     73           400 PM
 AVERAGE    85

..........................................................


THE DULUTH MN CLIMATE NORMALS FOR TODAY
                         NORMAL    RECORD    YEAR
 MAXIMUM TEMPERATURE (F)   30        53      1913
 MINIMUM TEMPERATURE (F)   17       -16      1985


SUNRISE AND SUNSET
NOVEMBER 25 2014......SUNRISE   725 AM CST   SUNSET   425 PM CST
NOVEMBER 26 2014......SUNRISE   726 AM CST   SUNSET   425 PM CST


-  INDICATES NEGATIVE NUMBERS.
R  INDICATES RECORD WAS SET OR TIED.
MM INDICATES DATA IS MISSING.
T  INDICATES TRACE AMOUNT.




$$
