000
CDUS43 KDLH 232239
CLIDLH


CLIMATE REPORT
NATIONAL WEATHER SERVICE DULUTH MN
536 PM CDT SAT SEP 23 2017


...................................

...THE DULUTH CLIMATE SUMMARY FOR SEPTEMBER 23 2017...
VALID TODAY AS OF 0500 PM LOCAL TIME.

CLIMATE NORMAL PERIOD 1981 TO 2010
CLIMATE RECORD PERIOD 1870 TO 2017


WEATHER ITEM   OBSERVED TIME   RECORD YEAR NORMAL DEPARTURE LAST
                VALUE   (LST)  VALUE       VALUE  FROM      YEAR
                                                  NORMAL
..................................................................
TEMPERATURE (F)
 TODAY
  MAXIMUM         83    228 PM  85    1891  62     21       64
  MINIMUM         67    623 AM  28    1928  43     24       53
  AVERAGE         75                        52     23       59

PRECIPITATION (IN)
  TODAY            T             2.12 1940   0.13  -0.13     0.00
  MONTH TO DATE    2.06                      3.21  -1.15     2.55
  SINCE SEP 1      2.06                      3.21  -1.15     2.55
  SINCE JAN 1     29.75                     23.91   5.84    26.47

SNOWFALL (IN)
  TODAY            0.0           0.0  2002   0.1   -0.1      0.0
                                      2001
  MONTH TO DATE    T                         0.1   -0.1      0.0
  SINCE JUL 1      T                         0.1   -0.1      0.0
  SNOW DEPTH       0

DEGREE DAYS
 HEATING
  TODAY            0                        13    -13        6
  MONTH TO DATE  142                       197    -55       90
  SINCE SEP 1    142                       197    -55       90
  SINCE JUL 1    312                       346    -34      144

 COOLING
  TODAY           10                         0     10        0
  MONTH TO DATE   21                        13      8       14
  SINCE SEP 1     21                        13      8       14
  SINCE JAN 1    121                       203    -82      281
..................................................................


WIND (MPH)
  HIGHEST WIND SPEED    20   HIGHEST WIND DIRECTION    SW (230)
  HIGHEST GUST SPEED    23   HIGHEST GUST DIRECTION    SW (230)
  AVERAGE WIND SPEED     8.5


SKY COVER
  AVERAGE SKY COVER 0.5


WEATHER CONDITIONS
 THE FOLLOWING WEATHER WAS RECORDED TODAY.
  THUNDERSTORM
  LIGHT RAIN


RELATIVE HUMIDITY (PERCENT)
 HIGHEST    93           600 AM
 LOWEST     65           200 PM
 AVERAGE    79

..........................................................


THE DULUTH CLIMATE NORMALS FOR TOMORROW
                         NORMAL    RECORD    YEAR
 MAXIMUM TEMPERATURE (F)   61        85      1892
 MINIMUM TEMPERATURE (F)   43        26      2000


SUNRISE AND SUNSET
SEPTEMBER 23 2017.....SUNRISE   657 AM CDT   SUNSET   704 PM CDT
SEPTEMBER 24 2017.....SUNRISE   659 AM CDT   SUNSET   702 PM CDT


-  INDICATES NEGATIVE NUMBERS.
R  INDICATES RECORD WAS SET OR TIED.
MM INDICATES DATA IS MISSING.
T  INDICATES TRACE AMOUNT.




$$
