410
CDUS43 KDLH 270633
CLIDLH


CLIMATE REPORT
NATIONAL WEATHER SERVICE DULUTH MN
1233 AM CST WED JAN 27 2016


...................................

...THE DULUTH MN CLIMATE SUMMARY FOR JANUARY 26 2016...

CLIMATE NORMAL PERIOD 1981 TO 2010
CLIMATE RECORD PERIOD 1870 TO 2016


WEATHER ITEM   OBSERVED TIME   RECORD YEAR NORMAL DEPARTURE LAST
                VALUE   (LST)  VALUE       VALUE  FROM      YEAR
                                                  NORMAL
..................................................................
TEMPERATURE (F)
 YESTERDAY
  MAXIMUM         24   1219 AM  47    1877  19      5       31
  MINIMUM         12   1116 PM -31    1972   1     11       19
  AVERAGE         18                        10      8       25

PRECIPITATION (IN)
  YESTERDAY        0.01          0.78 2004   0.02  -0.01     0.15
  MONTH TO DATE    0.74                      0.83  -0.09     0.46
  SINCE DEC 1      4.44                      2.04   2.40     1.72
  SINCE JAN 1      0.74                      0.83  -0.09     0.46

SNOWFALL (IN)
  YESTERDAY        0.1          18.2  2004   0.5   -0.4      1.4
  MONTH TO DATE   10.9                      16.8   -5.9      6.6
  SINCE DEC 1     35.5                      34.5    1.0     15.2
  SINCE JUL 1     39.9                      50.6  -10.7     31.7
  SNOW DEPTH      13

DEGREE DAYS
 HEATING
  YESTERDAY       47                        55     -8       40
  MONTH TO DATE 1407                      1427    -20     1382
  SINCE DEC 1   2594                      2983   -389     2723
  SINCE JUL 1   4257                      5196   -939     4938

 COOLING
  YESTERDAY        0                         0      0        0
  MONTH TO DATE    0                         0      0        0
  SINCE DEC 1      0                         0      0        0
  SINCE JAN 1      0                         0      0        0
..................................................................


WIND (MPH)
  HIGHEST WIND SPEED    24   HIGHEST WIND DIRECTION    NW (330)
  HIGHEST GUST SPEED    32   HIGHEST GUST DIRECTION    NW (330)
  AVERAGE WIND SPEED    10.4


SKY COVER
  AVERAGE SKY COVER 1.0


WEATHER CONDITIONS
 THE FOLLOWING WEATHER WAS RECORDED YESTERDAY.
  LT FREEZING RAIN
  SNOW
  LIGHT SNOW
  FOG


RELATIVE HUMIDITY (PERCENT)
 HIGHEST    88          1200 AM
 LOWEST     74           100 PM
 AVERAGE    81

..........................................................


THE DULUTH MN CLIMATE NORMALS FOR TODAY
                         NORMAL    RECORD    YEAR
 MAXIMUM TEMPERATURE (F)   20        46      1906
 MINIMUM TEMPERATURE (F)    2       -33      1885


SUNRISE AND SUNSET
JANUARY 27 2016.......SUNRISE   740 AM CST   SUNSET   504 PM CST
JANUARY 28 2016.......SUNRISE   738 AM CST   SUNSET   505 PM CST


-  INDICATES NEGATIVE NUMBERS.
R  INDICATES RECORD WAS SET OR TIED.
MM INDICATES DATA IS MISSING.
T  INDICATES TRACE AMOUNT.




$$
