314
CDUS43 KDLH 140636
CLIDLH


CLIMATE REPORT
NATIONAL WEATHER SERVICE DULUTH MN
1234 AM CST WED FEB 14 2018


...................................

...THE DULUTH MN CLIMATE SUMMARY FOR FEBRUARY 13 2018...

CLIMATE NORMAL PERIOD 1981 TO 2010
CLIMATE RECORD PERIOD 1870 TO 2018


WEATHER ITEM   OBSERVED TIME   RECORD YEAR NORMAL DEPARTURE LAST
                VALUE   (LST)  VALUE       VALUE  FROM      YEAR
                                                  NORMAL
..................................................................
TEMPERATURE (F)
 YESTERDAY
  MAXIMUM         27    445 PM  47    1947  23      4       42
  MINIMUM          1   1211 AM -29    1905   5     -4       20
  AVERAGE         14                        14      0       31

PRECIPITATION (IN)
  YESTERDAY        0.01          0.67 1923   0.03  -0.02     0.00
  MONTH TO DATE    0.18                      0.31  -0.13     0.41
  SINCE DEC 1      1.64                      2.48  -0.84     3.64
  SINCE JAN 1      0.81                      1.27  -0.46     1.57

SNOWFALL (IN)
  YESTERDAY        0.2           5.6  2014   0.4   -0.2      0.0
  MONTH TO DATE    1.9                       5.3   -3.4      5.6
  SINCE DEC 1     24.4                      42.4  -18.0     42.4
  SINCE JUL 1     46.0                      58.5  -12.5     50.5
  SNOW DEPTH       9

DEGREE DAYS
 HEATING
  YESTERDAY       51                        51      0       34
  MONTH TO DATE  831                       681    150      643
  SINCE DEC 1   4180                      3936    244     3666
  SINCE JUL 1   6326                      6149    177     5148

 COOLING
  YESTERDAY        0                         0      0        0
  MONTH TO DATE    0                         0      0        0
  SINCE DEC 1      0                         0      0        0
  SINCE JAN 1      0                         0      0        0
..................................................................


WIND (MPH)
  HIGHEST WIND SPEED    25   HIGHEST WIND DIRECTION    SW (230)
  HIGHEST GUST SPEED    34   HIGHEST GUST DIRECTION    SW (230)
  AVERAGE WIND SPEED    15.6


SKY COVER
  AVERAGE SKY COVER 0.5


WEATHER CONDITIONS
 THE FOLLOWING WEATHER WAS RECORDED YESTERDAY.
  LIGHT SNOW
  HAZE


RELATIVE HUMIDITY (PERCENT)
 HIGHEST    81          1000 PM
 LOWEST     49          1100 AM
 AVERAGE    65

..........................................................


THE DULUTH MN CLIMATE NORMALS FOR TODAY
                         NORMAL    RECORD    YEAR
 MAXIMUM TEMPERATURE (F)   24        48      1882
 MINIMUM TEMPERATURE (F)    6       -24      1970
                                             1949
                                             1879


SUNRISE AND SUNSET
FEBRUARY 14 2018......SUNRISE   714 AM CST   SUNSET   532 PM CST
FEBRUARY 15 2018......SUNRISE   713 AM CST   SUNSET   534 PM CST


-  INDICATES NEGATIVE NUMBERS.
R  INDICATES RECORD WAS SET OR TIED.
MM INDICATES DATA IS MISSING.
T  INDICATES TRACE AMOUNT.




$$
