000
CDUS43 KDLH 062234
CLIDLH


CLIMATE REPORT
NATIONAL WEATHER SERVICE DULUTH MN
526 PM CDT WED SEP 6 2017


...................................

...THE DULUTH CLIMATE SUMMARY FOR SEPTEMBER 6 2017...
VALID TODAY AS OF 0500 PM LOCAL TIME.

CLIMATE NORMAL PERIOD 1981 TO 2010
CLIMATE RECORD PERIOD 1870 TO 2017


WEATHER ITEM   OBSERVED TIME   RECORD YEAR NORMAL DEPARTURE LAST
                VALUE   (LST)  VALUE       VALUE  FROM      YEAR
                                                  NORMAL
..................................................................
TEMPERATURE (F)
 TODAY
  MAXIMUM         57    359 PM  91    1978  69    -12       79
  MINIMUM         48    608 AM  33    1986  50     -2       61
  AVERAGE         53                        59     -6       70

PRECIPITATION (IN)
  TODAY            0.00          3.97 1876   0.14  -0.14      T
  MONTH TO DATE    0.83                      0.81   0.02     1.28
  SINCE SEP 1      0.83                      0.81   0.02     1.28
  SINCE JAN 1     28.52                     21.51   7.01    25.20

SNOWFALL (IN)
  TODAY            0.0           T    1954   0.0    0.0      0.0
  MONTH TO DATE    0.0                       0.0    0.0      0.0
  SINCE JUL 1      T                         0.0    0.0      0.0
  SNOW DEPTH       0

DEGREE DAYS
 HEATING
  TODAY           12                         6      6        0
  MONTH TO DATE   39                        34      5        7
  SINCE SEP 1     39                        34      5        7
  SINCE JUL 1    209                       183     26       61

 COOLING
  TODAY            0                         1     -1        5
  MONTH TO DATE    1                         6     -5       14
  SINCE SEP 1      1                         6     -5       14
  SINCE JAN 1    101                       196    -95      281
..................................................................


WIND (MPH)
  HIGHEST WIND SPEED    12   HIGHEST WIND DIRECTION    NW (300)
  HIGHEST GUST SPEED    14   HIGHEST GUST DIRECTION    NW (300)
  AVERAGE WIND SPEED     6.0


SKY COVER
  AVERAGE SKY COVER 0.9


WEATHER CONDITIONS
 THE FOLLOWING WEATHER WAS RECORDED TODAY.
  NO SIGNIFICANT WEATHER WAS OBSERVED.


RELATIVE HUMIDITY (PERCENT)
 HIGHEST    93          1200 AM
 LOWEST     72          1000 AM
 AVERAGE    83

..........................................................


THE DULUTH CLIMATE NORMALS FOR TOMORROW
                         NORMAL    RECORD    YEAR
 MAXIMUM TEMPERATURE (F)   69        95      1976
 MINIMUM TEMPERATURE (F)   50        30      1986


SUNRISE AND SUNSET
SEPTEMBER  6 2017.....SUNRISE   635 AM CDT   SUNSET   738 PM CDT
SEPTEMBER  7 2017.....SUNRISE   637 AM CDT   SUNSET   736 PM CDT


-  INDICATES NEGATIVE NUMBERS.
R  INDICATES RECORD WAS SET OR TIED.
MM INDICATES DATA IS MISSING.
T  INDICATES TRACE AMOUNT.




$$
