000
CDUS43 KDLH 150619
CLIDLH


CLIMATE REPORT
NATIONAL WEATHER SERVICE DULUTH MN
1219 AM CST MON DEC 15 2014


...................................

...THE DULUTH MN CLIMATE SUMMARY FOR DECEMBER 14 2014...

CLIMATE NORMAL PERIOD 1981 TO 2010
CLIMATE RECORD PERIOD 1870 TO 2014


WEATHER ITEM   OBSERVED TIME   RECORD YEAR NORMAL DEPARTURE LAST
                VALUE   (LST)  VALUE       VALUE  FROM      YEAR
                                                  NORMAL
..................................................................
TEMPERATURE (F)
 YESTERDAY
  MAXIMUM         41   1225 PM  52    1894  22     19       11
  MINIMUM         37   1159 PM -26    1901   8     29       -3
  AVERAGE         39                        15     24        4

PRECIPITATION (IN)
  YESTERDAY        0.02          1.20 2005   0.03  -0.01     0.09
  MONTH TO DATE    0.21                      0.58  -0.37     2.30
  SINCE DEC 1      0.21                      0.58  -0.37     2.30
  SINCE JAN 1     29.58                     30.33  -0.75    29.90

SNOWFALL (IN)
  YESTERDAY        0.0          13.2  2005   0.5   -0.5      1.8
  MONTH TO DATE    2.4                       7.6   -5.2     26.6
  SINCE DEC 1      2.4                       7.6   -5.2     26.6
  SINCE JUL 1     18.9                      23.7   -4.8     31.6
  SNOW DEPTH       3

DEGREE DAYS
 HEATING
  YESTERDAY       26                        50    -24       61
  MONTH TO DATE  596                       666    -70      820
  SINCE DEC 1    596                       666    -70      820
  SINCE JUL 1   2811                      2879    -68     2777

 COOLING
  YESTERDAY        0                         0      0        0
  MONTH TO DATE    0                         0      0        0
  SINCE DEC 1      0                         0      0        0
  SINCE JAN 1    179                       204    -25      375
..................................................................


WIND (MPH)
  HIGHEST WIND SPEED    14   HIGHEST WIND DIRECTION     E (110)
  HIGHEST GUST SPEED    17   HIGHEST GUST DIRECTION     E (110)
  AVERAGE WIND SPEED     7.4


SKY COVER
  AVERAGE SKY COVER 1.0


WEATHER CONDITIONS
 THE FOLLOWING WEATHER WAS RECORDED YESTERDAY.
  LIGHT RAIN
  FOG
  FOG W/VISIBILITY <= 1/4 MILE


RELATIVE HUMIDITY (PERCENT)
 HIGHEST   100           500 AM
 LOWEST     92          1200 AM
 AVERAGE    96

..........................................................


THE DULUTH MN CLIMATE NORMALS FOR TODAY
                         NORMAL    RECORD    YEAR
 MAXIMUM TEMPERATURE (F)   22        48      1877
 MINIMUM TEMPERATURE (F)    7       -25      1926
                                             1919


SUNRISE AND SUNSET
DECEMBER 15 2014......SUNRISE   747 AM CST   SUNSET   421 PM CST
DECEMBER 16 2014......SUNRISE   748 AM CST   SUNSET   421 PM CST


-  INDICATES NEGATIVE NUMBERS.
R  INDICATES RECORD WAS SET OR TIED.
MM INDICATES DATA IS MISSING.
T  INDICATES TRACE AMOUNT.




$$
