423
CDUS43 KDLH 280629
CLIDLH


CLIMATE REPORT
NATIONAL WEATHER SERVICE DULUTH MN
1227 AM CST MON NOV 28 2016


...................................

...THE DULUTH MN CLIMATE SUMMARY FOR NOVEMBER 27 2016...

CLIMATE NORMAL PERIOD 1981 TO 2010
CLIMATE RECORD PERIOD 1870 TO 2016


WEATHER ITEM   OBSERVED TIME   RECORD YEAR NORMAL DEPARTURE LAST
                VALUE   (LST)  VALUE       VALUE  FROM      YEAR
                                                  NORMAL
..................................................................
TEMPERATURE (F)
 YESTERDAY
  MAXIMUM         37   1159 PM  60    1998  29      8       25
  MINIMUM         30    456 AM -12    1985  16     14       10
  AVERAGE         34                        22     12       18

PRECIPITATION (IN)
  YESTERDAY        0.19          1.34 1994   0.06   0.13      T
  MONTH TO DATE    1.88                      1.92  -0.04     2.72
  SINCE SEP 1      6.95                      8.88  -1.93    11.43
  SINCE JAN 1     30.87                     29.58   1.29    28.56

SNOWFALL (IN)
  YESTERDAY        0.0          12.4  1994   0.6   -0.6       T
  MONTH TO DATE    8.1                      12.0   -3.9      4.2
  SINCE SEP 1      8.1                      14.4   -6.3      4.2
  SINCE JUL 1      8.1                      14.4   -6.3      4.2
  SNOW DEPTH       3

DEGREE DAYS
 HEATING
  YESTERDAY       31                        43    -12       47
  MONTH TO DATE  655                       959   -304      725
  SINCE SEP 1   1348                      1935   -587     1448
  SINCE JUL 1   1402                      2084   -682     1544

 COOLING
  YESTERDAY        0                         0      0        0
  MONTH TO DATE    0                         0      0        0
  SINCE SEP 1     14                        14      0       58
  SINCE JAN 1    281                       204     77      336
..................................................................


WIND (MPH)
  HIGHEST WIND SPEED    24   HIGHEST WIND DIRECTION     E (100)
  HIGHEST GUST SPEED    32   HIGHEST GUST DIRECTION     E (100)
  AVERAGE WIND SPEED    12.4


SKY COVER
  AVERAGE SKY COVER 1.0


WEATHER CONDITIONS
 THE FOLLOWING WEATHER WAS RECORDED YESTERDAY.
  RAIN
  LIGHT RAIN
  FOG
  FOG W/VISIBILITY <= 1/4 MILE


RELATIVE HUMIDITY (PERCENT)
 HIGHEST   100          1200 AM
 LOWEST     92           100 AM
 AVERAGE    96

..........................................................


THE DULUTH MN CLIMATE NORMALS FOR TODAY
                         NORMAL    RECORD    YEAR
 MAXIMUM TEMPERATURE (F)   29        49      1899
 MINIMUM TEMPERATURE (F)   15       -16      1875


SUNRISE AND SUNSET
NOVEMBER 28 2016......SUNRISE   730 AM CST   SUNSET   423 PM CST
NOVEMBER 29 2016......SUNRISE   731 AM CST   SUNSET   423 PM CST


-  INDICATES NEGATIVE NUMBERS.
R  INDICATES RECORD WAS SET OR TIED.
MM INDICATES DATA IS MISSING.
T  INDICATES TRACE AMOUNT.




$$
