000
CDUS43 KDLH 141225
CLIDLH


CLIMATE REPORT
NATIONAL WEATHER SERVICE DULUTH MN
723 AM CDT SUN MAY 14 2017


...................................

...THE DULUTH MN CLIMATE SUMMARY FOR MAY 13 2017...

CLIMATE NORMAL PERIOD 1981 TO 2010
CLIMATE RECORD PERIOD 1870 TO 2017


WEATHER ITEM   OBSERVED TIME   RECORD YEAR NORMAL DEPARTURE LAST
                VALUE   (LST)  VALUE       VALUE  FROM      YEAR
                                                  NORMAL
..................................................................
TEMPERATURE (F)
 YESTERDAY
  MAXIMUM         63    543 PM  86    1977  62      1       46
  MINIMUM         37    419 AM  22    1997  40     -3       32
  AVERAGE         50                        51     -1       39

PRECIPITATION (IN)
  YESTERDAY        0.00          1.96 1995   0.10  -0.10      T
  MONTH TO DATE    0.53                      1.31  -0.78     0.83
  SINCE MAR 1      4.60                      5.23  -0.63     7.19
  SINCE JAN 1      7.56                      7.00   0.56     9.07

SNOWFALL (IN)
  YESTERDAY        0.0           0.2  1966   0.1   -0.1      0.1
  MONTH TO DATE    0.8                       0.4    0.4      0.1
  SINCE MAR 1      8.0                      20.5  -12.5     27.2
  SINCE JUL 1     67.0                      86.1  -19.1     81.4
  SNOW DEPTH       0

DEGREE DAYS
 HEATING
  YESTERDAY       15                        14      1       26
  MONTH TO DATE  206                       212     -6      184
  SINCE MAR 1   2077                      2184   -107     2021
  SINCE JUL 1   7767                      9051  -1284     7858

 COOLING
  YESTERDAY        0                         0      0        0
  MONTH TO DATE    0                         0      0        7
  SINCE MAR 1      0                         0      0        7
  SINCE JAN 1      0                         0      0        7
..................................................................


WIND (MPH)
  HIGHEST WIND SPEED    12   HIGHEST WIND DIRECTION    SE (120)
  HIGHEST GUST SPEED    14   HIGHEST GUST DIRECTION     S (180)
  AVERAGE WIND SPEED     6.5


SKY COVER
  AVERAGE SKY COVER 0.3


WEATHER CONDITIONS
 THE FOLLOWING WEATHER WAS RECORDED YESTERDAY.
  NO SIGNIFICANT WEATHER WAS OBSERVED.


RELATIVE HUMIDITY (PERCENT)
 HIGHEST    79           400 AM
 LOWEST     32           600 PM
 AVERAGE    56

..........................................................


THE DULUTH MN CLIMATE NORMALS FOR TODAY
                         NORMAL    RECORD    YEAR
 MAXIMUM TEMPERATURE (F)   62        91      1932
 MINIMUM TEMPERATURE (F)   40        27      1921


SUNRISE AND SUNSET
MAY 14 2017...........SUNRISE   535 AM CDT   SUNSET   836 PM CDT
MAY 15 2017...........SUNRISE   533 AM CDT   SUNSET   837 PM CDT


-  INDICATES NEGATIVE NUMBERS.
R  INDICATES RECORD WAS SET OR TIED.
MM INDICATES DATA IS MISSING.
T  INDICATES TRACE AMOUNT.




$$
