000
CDUS43 KDLH 070624
CLIDLH


CLIMATE REPORT
NATIONAL WEATHER SERVICE DULUTH MN
123 AM CDT WED SEP 7 2016


...................................

...THE DULUTH MN CLIMATE SUMMARY FOR SEPTEMBER 6 2016...

CLIMATE NORMAL PERIOD 1981 TO 2010
CLIMATE RECORD PERIOD 1870 TO 2016


WEATHER ITEM   OBSERVED TIME   RECORD YEAR NORMAL DEPARTURE LAST
                VALUE   (LST)  VALUE       VALUE  FROM      YEAR
                                                  NORMAL
..................................................................
TEMPERATURE (F)
 YESTERDAY
  MAXIMUM         79    208 PM  91    1978  69     10       81
  MINIMUM         61   1156 PM  33    1986  50     11       66
  AVERAGE         70                        59     11       74

PRECIPITATION (IN)
  YESTERDAY        T             3.97 1876   0.14  -0.14     1.22
  MONTH TO DATE    1.28                      0.81   0.47     3.99
  SINCE SEP 1      1.28                      0.81   0.47     3.99
  SINCE JAN 1     25.20                     21.51   3.69    21.12

SNOWFALL (IN)
  YESTERDAY        0.0           T    1954   0.0    0.0      0.0
  MONTH TO DATE    0.0                       0.0    0.0      0.0
  SINCE SEP 1      0.0                       0.0    0.0      0.0
  SINCE JUL 1      0.0                       0.0    0.0      0.0
  SNOW DEPTH       0

DEGREE DAYS
 HEATING
  YESTERDAY        0                         6     -6        0
  MONTH TO DATE    7                        34    -27        0
  SINCE SEP 1      7                        34    -27        0
  SINCE JUL 1     61                       183   -122       96

 COOLING
  YESTERDAY        5                         1      4        9
  MONTH TO DATE   14                         6      8       32
  SINCE SEP 1     14                         6      8       32
  SINCE JAN 1    281                       196     85      310
..................................................................


WIND (MPH)
  HIGHEST WIND SPEED    15   HIGHEST WIND DIRECTION     N (350)
  HIGHEST GUST SPEED    18   HIGHEST GUST DIRECTION    NW (320)
  AVERAGE WIND SPEED     4.5


SKY COVER
  AVERAGE SKY COVER 0.5


WEATHER CONDITIONS
 THE FOLLOWING WEATHER WAS RECORDED YESTERDAY.
  THUNDERSTORM
  LIGHT RAIN
  FOG


RELATIVE HUMIDITY (PERCENT)
 HIGHEST   100           300 AM
 LOWEST     62           200 PM
 AVERAGE    81

..........................................................


THE DULUTH MN CLIMATE NORMALS FOR TODAY
                         NORMAL    RECORD    YEAR
 MAXIMUM TEMPERATURE (F)   69        95      1976
 MINIMUM TEMPERATURE (F)   50        30      1986


SUNRISE AND SUNSET
SEPTEMBER  7 2016.....SUNRISE   637 AM CDT   SUNSET   735 PM CDT
SEPTEMBER  8 2016.....SUNRISE   638 AM CDT   SUNSET   733 PM CDT


-  INDICATES NEGATIVE NUMBERS.
R  INDICATES RECORD WAS SET OR TIED.
MM INDICATES DATA IS MISSING.
T  INDICATES TRACE AMOUNT.




$$
