346
CDUS43 KDLH 130635
CLIDLH


CLIMATE REPORT
NATIONAL WEATHER SERVICE DULUTH MN
128 AM CDT SAT MAY 13 2017


...................................

...THE DULUTH MN CLIMATE SUMMARY FOR MAY 12 2017...

CLIMATE NORMAL PERIOD 1981 TO 2010
CLIMATE RECORD PERIOD 1870 TO 2017


WEATHER ITEM   OBSERVED TIME   RECORD YEAR NORMAL DEPARTURE LAST
                VALUE   (LST)  VALUE       VALUE  FROM      YEAR
                                                  NORMAL
..................................................................
TEMPERATURE (F)
 YESTERDAY
  MAXIMUM         72    327 PM  84    1940  61     11       61
  MINIMUM         36    525 AM  24    1946  40     -4       43
  AVERAGE         54                        50      4       52

PRECIPITATION (IN)
  YESTERDAY        0.00          2.70 1879   0.10  -0.10     0.00
  MONTH TO DATE    0.53                      1.21  -0.68     0.83
  SINCE MAR 1      4.60                      5.13  -0.53     7.19
  SINCE JAN 1      7.56                      6.90   0.66     9.07

SNOWFALL (IN)
  YESTERDAY        0.0           0.1  1911   0.0    0.0      0.0
  MONTH TO DATE    0.8                       0.3    0.5       T
  SINCE MAR 1      8.0                      20.4  -12.4     27.1
  SINCE JUL 1     67.0                      86.0  -19.0     81.3
  SNOW DEPTH       0

DEGREE DAYS
 HEATING
  YESTERDAY       11                        15     -4       13
  MONTH TO DATE  191                       198     -7      158
  SINCE MAR 1   2062                      2170   -108     1995
  SINCE JUL 1   7752                      9037  -1285     7832

 COOLING
  YESTERDAY        0                         0      0        0
  MONTH TO DATE    0                         0      0        7
  SINCE MAR 1      0                         0      0        7
  SINCE JAN 1      0                         0      0        7
..................................................................


WIND (MPH)
  HIGHEST WIND SPEED    20   HIGHEST WIND DIRECTION     W (250)
  HIGHEST GUST SPEED    29   HIGHEST GUST DIRECTION    SW (240)
  AVERAGE WIND SPEED     7.2


SKY COVER
  AVERAGE SKY COVER 0.3


WEATHER CONDITIONS
 THE FOLLOWING WEATHER WAS RECORDED YESTERDAY.
  NO SIGNIFICANT WEATHER WAS OBSERVED.


RELATIVE HUMIDITY (PERCENT)
 HIGHEST    92           500 AM
 LOWEST     28           100 PM
 AVERAGE    60

..........................................................


THE DULUTH MN CLIMATE NORMALS FOR TODAY
                         NORMAL    RECORD    YEAR
 MAXIMUM TEMPERATURE (F)   62        86      1977
 MINIMUM TEMPERATURE (F)   40        22      1997


SUNRISE AND SUNSET
MAY 13 2017...........SUNRISE   536 AM CDT   SUNSET   835 PM CDT
MAY 14 2017...........SUNRISE   535 AM CDT   SUNSET   836 PM CDT


-  INDICATES NEGATIVE NUMBERS.
R  INDICATES RECORD WAS SET OR TIED.
MM INDICATES DATA IS MISSING.
T  INDICATES TRACE AMOUNT.




$$
