000
CDUS43 KDLH 100628
CLIDLH


CLIMATE REPORT
NATIONAL WEATHER SERVICE DULUTH MN
127 AM CDT TUE MAY 10 2016


...................................

...THE DULUTH MN CLIMATE SUMMARY FOR MAY 9 2016...

CLIMATE NORMAL PERIOD 1981 TO 2010
CLIMATE RECORD PERIOD 1870 TO 2016


WEATHER ITEM   OBSERVED TIME   RECORD YEAR NORMAL DEPARTURE LAST
                VALUE   (LST)  VALUE       VALUE  FROM      YEAR
                                                  NORMAL
..................................................................
TEMPERATURE (F)
 YESTERDAY
  MAXIMUM         64    137 PM  88    1896  60      4       52
  MINIMUM         39    501 AM  20    1966  39      0       38
  AVERAGE         52                        50      2       45

PRECIPITATION (IN)
  YESTERDAY        0.00          3.00 1979   0.11  -0.11     0.00
  MONTH TO DATE    0.51                      0.91  -0.40     0.50
  SINCE MAR 1      6.87                      4.83   2.04     2.32
  SINCE JAN 1      8.75                      6.60   2.15     3.16

SNOWFALL (IN)
  YESTERDAY        0.0           0.2  1990   0.0    0.0      0.0
  MONTH TO DATE    T                         0.3   -0.3      0.0
  SINCE MAR 1     27.1                      20.4    6.7      9.3
  SINCE JUL 1     81.3                      86.0   -4.7     49.2
  SNOW DEPTH       0

DEGREE DAYS
 HEATING
  YESTERDAY       13                        16     -3       20
  MONTH TO DATE  108                       153    -45       96
  SINCE MAR 1   1945                      2125   -180     1830
  SINCE JUL 1   7782                      8992  -1210     8669

 COOLING
  YESTERDAY        0                         0      0        0
  MONTH TO DATE    7                         0      7        0
  SINCE MAR 1      7                         0      7        0
  SINCE JAN 1      7                         0      7        0
..................................................................


WIND (MPH)
  HIGHEST WIND SPEED    30   HIGHEST WIND DIRECTION     E (80)
  HIGHEST GUST SPEED    40   HIGHEST GUST DIRECTION     E (80)
  AVERAGE WIND SPEED    15.7


SKY COVER
  AVERAGE SKY COVER 0.1


WEATHER CONDITIONS
 THE FOLLOWING WEATHER WAS RECORDED YESTERDAY.
  NO SIGNIFICANT WEATHER WAS OBSERVED.


RELATIVE HUMIDITY (PERCENT)
 HIGHEST    70           200 AM
 LOWEST     26           500 PM
 AVERAGE    48

..........................................................


THE DULUTH MN CLIMATE NORMALS FOR TODAY
                         NORMAL    RECORD    YEAR
 MAXIMUM TEMPERATURE (F)   61        86      2007
                                             1896
 MINIMUM TEMPERATURE (F)   39        23      1981


SUNRISE AND SUNSET
MAY 10 2016...........SUNRISE   540 AM CDT   SUNSET   831 PM CDT
MAY 11 2016...........SUNRISE   538 AM CDT   SUNSET   833 PM CDT


-  INDICATES NEGATIVE NUMBERS.
R  INDICATES RECORD WAS SET OR TIED.
MM INDICATES DATA IS MISSING.
T  INDICATES TRACE AMOUNT.




$$
