000
CDUS43 KDLH 160632
CLIDLH


CLIMATE REPORT
NATIONAL WEATHER SERVICE DULUTH MN
131 AM CDT SAT MAY 16 2015


...................................

...THE DULUTH MN CLIMATE SUMMARY FOR MAY 15 2015...

CLIMATE NORMAL PERIOD 1981 TO 2010
CLIMATE RECORD PERIOD 1870 TO 2015


WEATHER ITEM   OBSERVED TIME   RECORD YEAR NORMAL DEPARTURE LAST
                VALUE   (LST)  VALUE       VALUE  FROM      YEAR
                                                  NORMAL
..................................................................
TEMPERATURE (F)
 YESTERDAY
  MAXIMUM         58    509 PM  88    1931  62     -4       46
  MINIMUM         45    532 AM  26    2004  40      5       37
  AVERAGE         52                        51      1       42

PRECIPITATION (IN)
  YESTERDAY        0.02          1.28 1915   0.10  -0.08     0.03
  MONTH TO DATE    2.49                      1.51   0.98     2.31
  SINCE MAR 1      4.31                      5.43  -1.12     7.52
  SINCE JAN 1      5.15                      7.20  -2.05    10.37

SNOWFALL (IN)
  YESTERDAY        0.0           2.0  1907   0.0    0.0       T
  MONTH TO DATE    T                         0.4   -0.4       T
  SINCE MAR 1      9.3                      20.5  -11.2     47.2
  SINCE JUL 1     49.2                      86.1  -36.9    131.0
  SNOW DEPTH       0

DEGREE DAYS
 HEATING
  YESTERDAY       13                        14     -1       23
  MONTH TO DATE  226                       240    -14      305
  SINCE MAR 1   1960                      2212   -252     2630
  SINCE JUL 1   8799                      9079   -280    10071

 COOLING
  YESTERDAY        0                         0      0        0
  MONTH TO DATE    0                         0      0        0
  SINCE MAR 1      0                         0      0        0
  SINCE JAN 1      0                         0      0        0
..................................................................


WIND (MPH)
  HIGHEST WIND SPEED    12   HIGHEST WIND DIRECTION     E (100)
  HIGHEST GUST SPEED    14   HIGHEST GUST DIRECTION     E (100)
  AVERAGE WIND SPEED     4.3


SKY COVER
  AVERAGE SKY COVER 0.8


WEATHER CONDITIONS
 THE FOLLOWING WEATHER WAS RECORDED YESTERDAY.
  LIGHT RAIN
  FOG
  FOG W/VISIBILITY <= 1/4 MILE


RELATIVE HUMIDITY (PERCENT)
 HIGHEST   100           500 AM
 LOWEST     67           400 PM
 AVERAGE    84

..........................................................


THE DULUTH MN CLIMATE NORMALS FOR TODAY
                         NORMAL    RECORD    YEAR
 MAXIMUM TEMPERATURE (F)   62        84      1962
 MINIMUM TEMPERATURE (F)   41        20      1929


SUNRISE AND SUNSET
MAY 16 2015...........SUNRISE   533 AM CDT   SUNSET   838 PM CDT
MAY 17 2015...........SUNRISE   532 AM CDT   SUNSET   839 PM CDT


-  INDICATES NEGATIVE NUMBERS.
R  INDICATES RECORD WAS SET OR TIED.
MM INDICATES DATA IS MISSING.
T  INDICATES TRACE AMOUNT.




$$
