000
CDUS43 KDLH 052229
CLIDLH


CLIMATE REPORT
NATIONAL WEATHER SERVICE DULUTH MN
527 PM CDT THU OCT 5 2017


...................................

...THE DULUTH CLIMATE SUMMARY FOR OCTOBER 5 2017...
VALID TODAY AS OF 0500 PM LOCAL TIME.

CLIMATE NORMAL PERIOD 1981 TO 2010
CLIMATE RECORD PERIOD 1870 TO 2017


WEATHER ITEM   OBSERVED TIME   RECORD YEAR NORMAL DEPARTURE LAST
                VALUE   (LST)  VALUE       VALUE  FROM      YEAR
                                                  NORMAL
..................................................................
TEMPERATURE (F)
 TODAY
  MAXIMUM         56    339 PM  84    1963  57     -1       63
  MINIMUM         39   1239 AM  21    1988  39      0       51
                                      1952
  AVERAGE         48                        48      0       57

PRECIPITATION (IN)
  TODAY            0.00          1.92 1946   0.11  -0.11     0.15
  MONTH TO DATE    2.08                      0.57   1.51     0.15
  SINCE SEP 1      5.63                      4.68   0.95     3.67
  SINCE JAN 1     33.32                     25.38   7.94    27.59

SNOWFALL (IN)
  TODAY            0.0           0.1  2001   0.0    0.0      0.0
  MONTH TO DATE    0.0                       0.1   -0.1      0.0
  SINCE JUL 1      T                         0.2   -0.2      0.0
  SNOW DEPTH       0

DEGREE DAYS
 HEATING
  TODAY           17                        18     -1        8
  MONTH TO DATE   61                        84    -23       38
  SINCE SEP 1    273                       382   -109      200
  SINCE JUL 1    443                       531    -88      254

 COOLING
  TODAY            0                         0      0        0
  MONTH TO DATE    0                         0      0        0
  SINCE SEP 1     26                        14     12       14
  SINCE JAN 1    126                       204    -78      281
..................................................................


WIND (MPH)
  HIGHEST WIND SPEED    12   HIGHEST WIND DIRECTION     W (260)
  HIGHEST GUST SPEED    16   HIGHEST GUST DIRECTION    NW (320)
  AVERAGE WIND SPEED     8.5


SKY COVER
  AVERAGE SKY COVER 0.6


WEATHER CONDITIONS
 THE FOLLOWING WEATHER WAS RECORDED TODAY.
  NO SIGNIFICANT WEATHER WAS OBSERVED.


RELATIVE HUMIDITY (PERCENT)
 HIGHEST   100          1200 AM
 LOWEST     51           200 PM
 AVERAGE    76

..........................................................


THE DULUTH CLIMATE NORMALS FOR TOMORROW
                         NORMAL    RECORD    YEAR
 MAXIMUM TEMPERATURE (F)   56        83      1961
 MINIMUM TEMPERATURE (F)   38        23      1935


SUNRISE AND SUNSET
OCTOBER  5 2017.......SUNRISE   713 AM CDT   SUNSET   640 PM CDT
OCTOBER  6 2017.......SUNRISE   715 AM CDT   SUNSET   638 PM CDT


-  INDICATES NEGATIVE NUMBERS.
R  INDICATES RECORD WAS SET OR TIED.
MM INDICATES DATA IS MISSING.
T  INDICATES TRACE AMOUNT.




$$
