000
CDUS43 KDLH 272241
CLIDLH


CLIMATE REPORT
NATIONAL WEATHER SERVICE DULUTH MN
441 PM CST MON NOV 27 2017


...................................

...THE DULUTH CLIMATE SUMMARY FOR NOVEMBER 27 2017...
VALID TODAY AS OF 0400 PM LOCAL TIME.

CLIMATE NORMAL PERIOD 1981 TO 2010
CLIMATE RECORD PERIOD 1870 TO 2017


WEATHER ITEM   OBSERVED TIME   RECORD YEAR NORMAL DEPARTURE LAST
                VALUE   (LST)  VALUE       VALUE  FROM      YEAR
                                                  NORMAL
..................................................................
TEMPERATURE (F)
 TODAY
  MAXIMUM         36    359 PM  60    1998  29      7       37
  MINIMUM         29    458 AM -12    1985  16     13       30
  AVERAGE         33                        22     11       34

PRECIPITATION (IN)
  TODAY            0.00          1.34 1994   0.06  -0.06     0.19
  MONTH TO DATE    1.31                      1.92  -0.61     1.88
  SINCE SEP 1      8.26                      8.88  -0.62     6.95
  SINCE JAN 1     35.95                     29.58   6.37    30.87

SNOWFALL (IN)
  TODAY            0.0          12.4  1994   0.6   -0.6      0.0
  MONTH TO DATE   10.5                      12.0   -1.5      8.1
  SINCE JUL 1     21.6                      14.4    7.2      8.1
  SNOW DEPTH       T

DEGREE DAYS
 HEATING
  TODAY           32                        43    -11       31
  MONTH TO DATE 1071                       959    112      655
  SINCE SEP 1   1877                      1935    -58     1348
  SINCE JUL 1   2047                      2084    -37     1402

 COOLING
  TODAY            0                         0      0        0
  MONTH TO DATE    0                         0      0        0
  SINCE SEP 1     26                        14     12       14
  SINCE JAN 1    126                       204    -78      281
..................................................................


WIND (MPH)
  HIGHEST WIND SPEED    22   HIGHEST WIND DIRECTION     E (110)
  HIGHEST GUST SPEED    26   HIGHEST GUST DIRECTION     E (110)
  AVERAGE WIND SPEED    13.9


SKY COVER
  AVERAGE SKY COVER 0.7


WEATHER CONDITIONS
 THE FOLLOWING WEATHER WAS RECORDED TODAY.
  NO SIGNIFICANT WEATHER WAS OBSERVED.


RELATIVE HUMIDITY (PERCENT)
 HIGHEST    92           300 AM
 LOWEST     82          1000 AM
 AVERAGE    87

..........................................................


THE DULUTH CLIMATE NORMALS FOR TOMORROW
                         NORMAL    RECORD    YEAR
 MAXIMUM TEMPERATURE (F)   29        49      1899
 MINIMUM TEMPERATURE (F)   15       -16      1875


SUNRISE AND SUNSET
NOVEMBER 27 2017......SUNRISE   728 AM CST   SUNSET   424 PM CST
NOVEMBER 28 2017......SUNRISE   730 AM CST   SUNSET   424 PM CST


-  INDICATES NEGATIVE NUMBERS.
R  INDICATES RECORD WAS SET OR TIED.
MM INDICATES DATA IS MISSING.
T  INDICATES TRACE AMOUNT.




$$
