000
CDUS43 KDLH 290626
CLIDLH


CLIMATE REPORT
NATIONAL WEATHER SERVICE DULUTH MN
125 AM CDT SAT MAR 29 2014


...................................

...THE DULUTH MN CLIMATE SUMMARY FOR MARCH 28 2014...

CLIMATE NORMAL PERIOD 1981 TO 2010
CLIMATE RECORD PERIOD 1870 TO 2014


WEATHER ITEM   OBSERVED TIME   RECORD YEAR NORMAL DEPARTURE LAST
                VALUE   (LST)  VALUE       VALUE  FROM      YEAR
                                                  NORMAL
..................................................................
TEMPERATURE (F)
 YESTERDAY
  MAXIMUM         32    337 PM  81    1946  40     -8       46
  MINIMUM         15    647 AM -14    1923  22     -7       13
  AVERAGE         24                        31     -7       30

PRECIPITATION (IN)
  YESTERDAY        0.00          0.63 1965   0.06  -0.06     0.00
  MONTH TO DATE    1.52                      1.33   0.19     1.57
  SINCE MAR 1      1.52                      1.33   0.19     1.57
  SINCE JAN 1      4.37                      3.10   1.27     4.12

SNOWFALL (IN)
  YESTERDAY        0.0           8.0  1956   0.3   -0.3      0.0
  MONTH TO DATE   20.9                      12.3    8.6     25.5
  SINCE MAR 1     20.9                      12.3    8.6     25.5
  SINCE JUL 1    104.7                      77.9   26.8     78.3
  SNOW DEPTH      30

DEGREE DAYS
 HEATING
  YESTERDAY       41                        34      7       35
  MONTH TO DATE 1344                      1112    232     1249
  SINCE MAR 1   1344                      1112    232     1249
  SINCE JUL 1   8785                      7979    806     7757

 COOLING
  YESTERDAY        0                         0      0        0
  MONTH TO DATE    0                         0      0        0
  SINCE MAR 1      0                         0      0        0
  SINCE JAN 1      0                         0      0        0
..................................................................


WIND (MPH)
  HIGHEST WIND SPEED    15   HIGHEST WIND DIRECTION     N (340)
  HIGHEST GUST SPEED    18   HIGHEST GUST DIRECTION    NW (330)
  AVERAGE WIND SPEED     7.0


SKY COVER
  AVERAGE SKY COVER 0.2


WEATHER CONDITIONS
 THE FOLLOWING WEATHER WAS RECORDED YESTERDAY.
  NO SIGNIFICANT WEATHER WAS OBSERVED.


RELATIVE HUMIDITY (PERCENT)
 HIGHEST    80           500 AM
 LOWEST     31           500 PM
 AVERAGE    56

..........................................................


THE DULUTH MN CLIMATE NORMALS FOR TODAY
                         NORMAL    RECORD    YEAR
 MAXIMUM TEMPERATURE (F)   40        63      1963
 MINIMUM TEMPERATURE (F)   23        -9      1969


SUNRISE AND SUNSET
MARCH 29 2014.........SUNRISE   654 AM CDT   SUNSET   734 PM CDT
MARCH 30 2014.........SUNRISE   652 AM CDT   SUNSET   735 PM CDT


-  INDICATES NEGATIVE NUMBERS.
R  INDICATES RECORD WAS SET OR TIED.
MM INDICATES DATA IS MISSING.
T  INDICATES TRACE AMOUNT.




$$
