000
CDUS43 KDLH 160624
CLIDLH


CLIMATE REPORT
NATIONAL WEATHER SERVICE DULUTH MN
1223 AM CST TUE DEC 16 2014


...................................

...THE DULUTH MN CLIMATE SUMMARY FOR DECEMBER 15 2014...

CLIMATE NORMAL PERIOD 1981 TO 2010
CLIMATE RECORD PERIOD 1870 TO 2014


WEATHER ITEM   OBSERVED TIME   RECORD YEAR NORMAL DEPARTURE LAST
                VALUE   (LST)  VALUE       VALUE  FROM      YEAR
                                                  NORMAL
..................................................................
TEMPERATURE (F)
 YESTERDAY
  MAXIMUM         43   1030 AM  48    1877  22     21       -3
  MINIMUM         27   1159 PM -25    1926   7     20      -17
                                      1919
  AVERAGE         35                        15     20      -10

PRECIPITATION (IN)
  YESTERDAY        0.65          0.71 1927   0.04   0.61     0.00
  MONTH TO DATE    0.86                      0.62   0.24     2.30
  SINCE DEC 1      0.86                      0.62   0.24     2.30
  SINCE JAN 1     30.23                     30.37  -0.14    29.90

SNOWFALL (IN)
  YESTERDAY        1.6           7.2  1974   0.5    1.1      0.0
  MONTH TO DATE    4.0                       8.1   -4.1     26.6
  SINCE DEC 1      4.0                       8.1   -4.1     26.6
  SINCE JUL 1     20.5                      24.2   -3.7     31.6
  SNOW DEPTH       1

DEGREE DAYS
 HEATING
  YESTERDAY       30                        50    -20       75
  MONTH TO DATE  626                       716    -90      895
  SINCE DEC 1    626                       716    -90      895
  SINCE JUL 1   2841                      2929    -88     2852

 COOLING
  YESTERDAY        0                         0      0        0
  MONTH TO DATE    0                         0      0        0
  SINCE DEC 1      0                         0      0        0
  SINCE JAN 1    179                       204    -25      375
..................................................................


WIND (MPH)
  HIGHEST WIND SPEED    22   HIGHEST WIND DIRECTION     N (350)
  HIGHEST GUST SPEED    29   HIGHEST GUST DIRECTION    NW (330)
  AVERAGE WIND SPEED     9.7


SKY COVER
  AVERAGE SKY COVER 0.9


WEATHER CONDITIONS
 THE FOLLOWING WEATHER WAS RECORDED YESTERDAY.
  HEAVY RAIN
  RAIN
  LIGHT RAIN
  LIGHT SNOW
  FOG
  FOG W/VISIBILITY <= 1/4 MILE


RELATIVE HUMIDITY (PERCENT)
 HIGHEST    96           500 PM
 LOWEST     82           800 PM
 AVERAGE    89

..........................................................


THE DULUTH MN CLIMATE NORMALS FOR TODAY
                         NORMAL    RECORD    YEAR
 MAXIMUM TEMPERATURE (F)   22        50      1913
 MINIMUM TEMPERATURE (F)    7       -28      1876


SUNRISE AND SUNSET
DECEMBER 16 2014......SUNRISE   748 AM CST   SUNSET   421 PM CST
DECEMBER 17 2014......SUNRISE   749 AM CST   SUNSET   421 PM CST


-  INDICATES NEGATIVE NUMBERS.
R  INDICATES RECORD WAS SET OR TIED.
MM INDICATES DATA IS MISSING.
T  INDICATES TRACE AMOUNT.




$$
