000
CDUS43 KDLH 012242
CLIDLH


CLIMATE REPORT
NATIONAL WEATHER SERVICE DULUTH MN
541 PM CDT WED NOV 1 2017


...................................

...THE DULUTH CLIMATE SUMMARY FOR NOVEMBER 1 2017...
VALID TODAY AS OF 0500 PM LOCAL TIME.

CLIMATE NORMAL PERIOD 1981 TO 2010
CLIMATE RECORD PERIOD 1870 TO 2017


WEATHER ITEM   OBSERVED TIME   RECORD YEAR NORMAL DEPARTURE LAST
                VALUE   (LST)  VALUE       VALUE  FROM      YEAR
                                                  NORMAL
..................................................................
TEMPERATURE (F)
 TODAY
  MAXIMUM         29    359 PM  68    1990  44    -15       56
  MINIMUM         21    340 AM   2    1951  29     -8       37
  AVERAGE         25                        36    -11       47

PRECIPITATION (IN)
  TODAY            0.08          1.33 1991   0.08   0.00      T
  MONTH TO DATE    0.08                      0.08   0.00      T
  SINCE SEP 1      7.03                      7.04  -0.01     5.07
  SINCE JAN 1     34.72                     27.74   6.98    28.99

SNOWFALL (IN)
  TODAY            1.3          24.1  1991   0.3    0.0      0.0
  MONTH TO DATE    1.3                       0.3    0.0      0.0
  SINCE JUL 1     12.4                       2.7    9.7       T
  SNOW DEPTH       4

DEGREE DAYS
 HEATING
  TODAY           40                        29     11       18
  MONTH TO DATE   40                        29     11       18
  SINCE SEP 1    846                      1005   -159      711
  SINCE JUL 1   1016                      1154   -138      765

 COOLING
  TODAY            0                         0      0        0
  MONTH TO DATE    0                         0      0        0
  SINCE SEP 1     26                        14     12       14
  SINCE JAN 1    126                       204    -78      281
..................................................................


WIND (MPH)
  HIGHEST WIND SPEED    18   HIGHEST WIND DIRECTION    SE (120)
  HIGHEST GUST SPEED    23   HIGHEST GUST DIRECTION    SE (130)
  AVERAGE WIND SPEED    10.5


SKY COVER
  AVERAGE SKY COVER 0.7


WEATHER CONDITIONS
 THE FOLLOWING WEATHER WAS RECORDED TODAY.
  SNOW
  LIGHT SNOW
  FOG
  HAZE


RELATIVE HUMIDITY (PERCENT)
 HIGHEST   100           100 PM
 LOWEST     75           900 AM
 AVERAGE    88

..........................................................


THE DULUTH CLIMATE NORMALS FOR TOMORROW
                         NORMAL    RECORD    YEAR
 MAXIMUM TEMPERATURE (F)   43        71      1903
 MINIMUM TEMPERATURE (F)   29        -1      1951


SUNRISE AND SUNSET
NOVEMBER  1 2017......SUNRISE   751 AM CDT   SUNSET   552 PM CDT
NOVEMBER  2 2017......SUNRISE   753 AM CDT   SUNSET   551 PM CDT


-  INDICATES NEGATIVE NUMBERS.
R  INDICATES RECORD WAS SET OR TIED.
MM INDICATES DATA IS MISSING.
T  INDICATES TRACE AMOUNT.




$$
