000
CDUS43 KDLH 110620 CCA
CLIDLH

CLIMATE REPORT...CORRECTED
NATIONAL WEATHER SERVICE DULUTH MN
119 AM CDT MON AUG 11 2014


...................................

...THE DULUTH MN CLIMATE SUMMARY FOR AUGUST 10 2014...

CLIMATE NORMAL PERIOD 1981 TO 2010
CLIMATE RECORD PERIOD 1870 TO 2014


WEATHER ITEM   OBSERVED TIME   RECORD YEAR NORMAL DEPARTURE LAST
                VALUE   (LST)  VALUE       VALUE  FROM      YEAR
                                                  NORMAL
..................................................................
TEMPERATURE (F)
 YESTERDAY
  MAXIMUM         77   1041 AM  90    1947  76      1       77
  MINIMUM         63    600 AM  41    1967  55      8       57
  AVERAGE         70                        65      5       67

PRECIPITATION (IN)
  YESTERDAY        0.22          2.38 1909   0.12   0.10     0.00
  MONTH TO DATE    0.23                      1.14  -0.91     0.55
  SINCE JUN 1      8.12                      9.22  -1.10     6.82
  SINCE JAN 1     20.55                     18.14   2.41    20.16

SNOWFALL (IN)
  YESTERDAY        0.0           0.0  2002   0.0    0.0      0.0
                                      2001
  MONTH TO DATE    0.0                       0.0    0.0      0.0
  SINCE JUN 1      T                         0.0    0.0      0.0
  SINCE JUL 1      0.0                       0.0    0.0      0.0
  SNOW DEPTH       0

DEGREE DAYS
 HEATING
  YESTERDAY        0                         2     -2        0
  MONTH TO DATE    4                        20    -16       13
  SINCE JUN 1    206                       262    -56      206
  SINCE JUL 1     44                        83    -39       60

 COOLING
  YESTERDAY        5                         3      2        2
  MONTH TO DATE   22                        30     -8        7
  SINCE JUN 1    136                       150    -14      201
  SINCE JAN 1    154                       154      0      202
..................................................................


WIND (MPH)
  HIGHEST WIND SPEED     9   HIGHEST WIND DIRECTION     N (340)
  HIGHEST GUST SPEED    12   HIGHEST GUST DIRECTION     S (170)
  AVERAGE WIND SPEED     4.4


SKY COVER
  AVERAGE SKY COVER 0.8


WEATHER CONDITIONS
 THE FOLLOWING WEATHER WAS RECORDED YESTERDAY.
  LIGHT RAIN
  FOG


RELATIVE HUMIDITY (PERCENT)
 HIGHEST    87           800 PM
 LOWEST     54          1200 PM
 AVERAGE    71

..........................................................


THE DULUTH MN CLIMATE NORMALS FOR TODAY
                         NORMAL    RECORD    YEAR
 MAXIMUM TEMPERATURE (F)   75        94      1947
 MINIMUM TEMPERATURE (F)   55        37      1982


SUNRISE AND SUNSET
AUGUST 11 2014........SUNRISE   601 AM CDT   SUNSET   825 PM CDT
AUGUST 12 2014........SUNRISE   602 AM CDT   SUNSET   824 PM CDT


-  INDICATES NEGATIVE NUMBERS.
R  INDICATES RECORD WAS SET OR TIED.
MM INDICATES DATA IS MISSING.
T  INDICATES TRACE AMOUNT.




$$
