000
CDUS43 KDLH 142231
CLIDLH


CLIMATE REPORT
NATIONAL WEATHER SERVICE DULUTH MN
430 PM CST MON NOV 14 2016


...................................

...THE DULUTH MN CLIMATE SUMMARY FOR NOVEMBER 14 2016...
VALID TODAY AS OF 0400 PM LOCAL TIME.

CLIMATE NORMAL PERIOD 1981 TO 2010
CLIMATE RECORD PERIOD 1870 TO 2016


WEATHER ITEM   OBSERVED TIME   RECORD YEAR NORMAL DEPARTURE LAST
                VALUE   (LST)  VALUE       VALUE  FROM      YEAR
                                                  NORMAL
..................................................................
TEMPERATURE (F)
 TODAY
  MAXIMUM         48    634 AM  63    1953  36     12       48
  MINIMUM         41    145 AM  -3    1959  23     18       29
                                      1919
  AVERAGE         45                        30     15       39

PRECIPITATION (IN)
  TODAY            0.00          0.76 1909   0.07  -0.07     0.00
  MONTH TO DATE    0.01                      1.04  -1.03     0.41
  SINCE SEP 1      5.08                      8.00  -2.92     9.12
  SINCE JAN 1     29.00                     28.70   0.30    26.25

SNOWFALL (IN)
  TODAY            0.0           3.8  2010   0.4   -0.4      0.0
  MONTH TO DATE    0.0                       4.8   -4.8      2.5
  SINCE JUL 1      T                         7.2   -7.2      2.5
  SNOW DEPTH       0

DEGREE DAYS
 HEATING
  TODAY           20                        35    -15       26
  MONTH TO DATE  234                       448   -214      292
  SINCE SEP 1    927                      1424   -497     1015
  SINCE JUL 1    981                      1573   -592     1111

 COOLING
  TODAY            0                         0      0        0
  MONTH TO DATE    0                         0      0        0
  SINCE SEP 1     14                        14      0       58
  SINCE JAN 1    281                       204     77      336
..................................................................


WIND (MPH)
  HIGHEST WIND SPEED    13   HIGHEST WIND DIRECTION     E (100)
  HIGHEST GUST SPEED    16   HIGHEST GUST DIRECTION     N (350)
  AVERAGE WIND SPEED     7.0


SKY COVER
  POSSIBLE SUNSHINE  MM
  AVERAGE SKY COVER 0.9


WEATHER CONDITIONS
 THE FOLLOWING WEATHER WAS RECORDED TODAY.
  NO SIGNIFICANT WEATHER WAS OBSERVED.


RELATIVE HUMIDITY (PERCENT)
 HIGHEST    89           200 AM
 LOWEST     71          1100 AM
 AVERAGE    80

..........................................................


THE DULUTH MN CLIMATE NORMALS FOR TOMORROW
                         NORMAL    RECORD    YEAR
 MAXIMUM TEMPERATURE (F)   36        64      1939
 MINIMUM TEMPERATURE (F)   22        -4      1933
                                             1932


SUNRISE AND SUNSET
NOVEMBER 14 2016......SUNRISE   711 AM CST   SUNSET   435 PM CST
NOVEMBER 15 2016......SUNRISE   712 AM CST   SUNSET   434 PM CST


-  INDICATES NEGATIVE NUMBERS.
R  INDICATES RECORD WAS SET OR TIED.
MM INDICATES DATA IS MISSING.
T  INDICATES TRACE AMOUNT.




$$
