000
CDUS43 KDLH 080636
CLIDLH


CLIMATE REPORT
NATIONAL WEATHER SERVICE DULUTH MN
1234 AM CST WED FEB 8 2017


...................................

...THE DULUTH MN CLIMATE SUMMARY FOR FEBRUARY 7 2017...

CLIMATE NORMAL PERIOD 1981 TO 2010
CLIMATE RECORD PERIOD 1870 TO 2017


WEATHER ITEM   OBSERVED TIME   RECORD YEAR NORMAL DEPARTURE LAST
                VALUE   (LST)  VALUE       VALUE  FROM      YEAR
                                                  NORMAL
..................................................................
TEMPERATURE (F)
 YESTERDAY
  MAXIMUM         24    447 AM  55    1886  22      2       35
  MINIMUM          8   1159 PM -30    1933   4      4       16
  AVERAGE         16                        13      3       26

PRECIPITATION (IN)
  YESTERDAY        0.32          0.71 1937   0.03   0.29     0.11
  MONTH TO DATE    0.38                      0.17   0.21     0.26
  SINCE DEC 1      3.61                      2.34   1.27     5.01
  SINCE JAN 1      1.54                      1.13   0.41     1.31

SNOWFALL (IN)
  YESTERDAY        4.0 R         2.5  1981   0.4    3.6      0.9
  MONTH TO DATE    5.1                       3.0    2.1      4.0
  SINCE DEC 1     41.9                      40.1    1.8     41.6
  SINCE JUL 1     50.0                      56.2   -6.2     46.0
  SNOW DEPTH      14

DEGREE DAYS
 HEATING
  YESTERDAY       49                        52     -3       39
  MONTH TO DATE  372                       372      0      327
  SINCE DEC 1   3395                      3627   -232     3125
  SINCE JUL 1   4877                      5840   -963     4788

 COOLING
  YESTERDAY        0                         0      0        0
  MONTH TO DATE    0                         0      0        0
  SINCE DEC 1      0                         0      0        0
  SINCE JAN 1      0                         0      0        0
..................................................................


WIND (MPH)
  HIGHEST WIND SPEED    24   HIGHEST WIND DIRECTION     E (70)
  HIGHEST GUST SPEED    33   HIGHEST GUST DIRECTION     E (90)
  AVERAGE WIND SPEED    15.4


SKY COVER
  AVERAGE SKY COVER 1.0


WEATHER CONDITIONS
 THE FOLLOWING WEATHER WAS RECORDED YESTERDAY.
  HEAVY SNOW
  SNOW
  LIGHT SNOW
  FOG
  FOG W/VISIBILITY <= 1/4 MILE
  HAZE
  BLOWING SNOW


RELATIVE HUMIDITY (PERCENT)
 HIGHEST    96           200 AM
 LOWEST     73           300 PM
 AVERAGE    85

..........................................................


THE DULUTH MN CLIMATE NORMALS FOR TODAY
                         NORMAL    RECORD    YEAR
 MAXIMUM TEMPERATURE (F)   22        52      1991
 MINIMUM TEMPERATURE (F)    4       -31      1933


SUNRISE AND SUNSET
FEBRUARY  8 2017......SUNRISE   723 AM CST   SUNSET   523 PM CST
FEBRUARY  9 2017......SUNRISE   722 AM CST   SUNSET   525 PM CST


-  INDICATES NEGATIVE NUMBERS.
R  INDICATES RECORD WAS SET OR TIED.
MM INDICATES DATA IS MISSING.
T  INDICATES TRACE AMOUNT.




$$
