000
CDUS43 KDLH 092224
CLIDLH


CLIMATE REPORT
NATIONAL WEATHER SERVICE DULUTH MN
522 PM CDT THU OCT 9 2014


...................................

...THE DULUTH MN CLIMATE SUMMARY FOR OCTOBER 9 2014...
VALID TODAY AS OF 0500 PM LOCAL TIME.

CLIMATE NORMAL PERIOD 1981 TO 2010
CLIMATE RECORD PERIOD 1870 TO 2014


WEATHER ITEM   OBSERVED TIME   RECORD YEAR NORMAL DEPARTURE LAST
                VALUE   (LST)  VALUE       VALUE  FROM      YEAR
                                                  NORMAL
..................................................................
TEMPERATURE (F)
 TODAY
  MAXIMUM         50    349 PM  76    1960  55     -5       73
                                      1955
                                      1930
  MINIMUM         32    420 AM  20    1972  37     -5       56
  AVERAGE         41                        46     -5       65

PRECIPITATION (IN)
  TODAY            0.00          2.55 1973   0.10  -0.10     0.00
  MONTH TO DATE    0.94                      0.98  -0.04     1.76
  SINCE SEP 1      2.58                      5.09  -2.51     3.02
  SINCE JAN 1     27.53                     25.79   1.74    24.61

SNOWFALL (IN)
  TODAY            0.0           0.1  1967   0.0    0.0      0.0
  MONTH TO DATE    T                         0.2   -0.2      0.0
  SINCE JUL 1      T                         0.3   -0.3      0.0
  SNOW DEPTH       0

DEGREE DAYS
 HEATING
  TODAY           24                        19      5        0
  MONTH TO DATE  185                       158     27       89
  SINCE SEP 1    412                       456    -44      257
  SINCE JUL 1    489                       605   -116      331

 COOLING
  TODAY            0                         0      0        0
  MONTH TO DATE    0                         0      0        0
  SINCE SEP 1      9                        14     -5       24
  SINCE JAN 1    179                       204    -25      375
..................................................................


WIND (MPH)
  HIGHEST WIND SPEED    20   HIGHEST WIND DIRECTION    NW (310)
  HIGHEST GUST SPEED    27   HIGHEST GUST DIRECTION    NW (300)
  AVERAGE WIND SPEED    12.0


SKY COVER
  POSSIBLE SUNSHINE  MM
  AVERAGE SKY COVER 0.4


WEATHER CONDITIONS
 THE FOLLOWING WEATHER WAS RECORDED TODAY.
  NO SIGNIFICANT WEATHER WAS OBSERVED.


RELATIVE HUMIDITY (PERCENT)
 HIGHEST    82           400 AM
 LOWEST     50           300 PM
 AVERAGE    66

..........................................................


THE DULUTH MN CLIMATE NORMALS FOR TOMORROW
                         NORMAL    RECORD    YEAR
 MAXIMUM TEMPERATURE (F)   54        82      1938
 MINIMUM TEMPERATURE (F)   37        18      1906


SUNRISE AND SUNSET
OCTOBER  9 2014.......SUNRISE   718 AM CDT   SUNSET   633 PM CDT
OCTOBER 10 2014.......SUNRISE   719 AM CDT   SUNSET   631 PM CDT


-  INDICATES NEGATIVE NUMBERS.
R  INDICATES RECORD WAS SET OR TIED.
MM INDICATES DATA IS MISSING.
T  INDICATES TRACE AMOUNT.




$$
