000
CDUS43 KDLH 041607
CLIDLH


CLIMATE REPORT
NATIONAL WEATHER SERVICE DULUTH MN
1106 AM CDT TUE APR 4 2017


...................................

...THE DULUTH MN CLIMATE SUMMARY FOR APRIL 3 2017...

CLIMATE NORMAL PERIOD 1981 TO 2010
CLIMATE RECORD PERIOD 1870 TO 2017


WEATHER ITEM   OBSERVED TIME   RECORD YEAR NORMAL DEPARTURE LAST
                VALUE   (LST)  VALUE       VALUE  FROM      YEAR
                                                  NORMAL
..................................................................
TEMPERATURE (F)
 YESTERDAY
  MAXIMUM         53    255 PM  74    1929  43     10       29
  MINIMUM         38   1140 PM  -5    1954  25     13       20
  AVERAGE         46                        34     12       25

PRECIPITATION (IN)
  YESTERDAY        0.00          0.71 2007   0.06  -0.06      T
  MONTH TO DATE    0.11                      0.18  -0.07     0.11
  SINCE MAR 1      1.16                      1.67  -0.51     4.07
  SINCE JAN 1      4.12                      3.44   0.68     5.95

SNOWFALL (IN)
  YESTERDAY        0.0          12.1  2007   0.3   -0.3       T
  MONTH TO DATE    0.0                       1.0   -1.0      3.5
  SINCE MAR 1      5.3                      14.2   -8.9     20.8
  SINCE JUL 1     64.3                      79.8  -15.5     75.0
  SNOW DEPTH       0

DEGREE DAYS
 HEATING
  YESTERDAY       19                        31    -12       40
  MONTH TO DATE   59                        95    -36      118
  SINCE MAR 1   1252                      1305    -53     1146
  SINCE JUL 1   6942                      8172  -1230     6983

 COOLING
  YESTERDAY        0                         0      0        0
  MONTH TO DATE    0                         0      0        0
  SINCE MAR 1      0                         0      0        0
  SINCE JAN 1      0                         0      0        0
..................................................................


WIND (MPH)
  HIGHEST WIND SPEED    14   HIGHEST WIND DIRECTION    SE (130)
  HIGHEST GUST SPEED    16   HIGHEST GUST DIRECTION    SE (130)
  AVERAGE WIND SPEED     5.0


SKY COVER
  AVERAGE SKY COVER 0.8


WEATHER CONDITIONS
 THE FOLLOWING WEATHER WAS RECORDED YESTERDAY.
  FOG
  FOG W/VISIBILITY <= 1/4 MILE


RELATIVE HUMIDITY (PERCENT)
 HIGHEST   100           300 AM
 LOWEST     71           300 PM
 AVERAGE    86

..........................................................


THE DULUTH MN CLIMATE NORMALS FOR TODAY
                         NORMAL    RECORD    YEAR
 MAXIMUM TEMPERATURE (F)   43        69      1991
 MINIMUM TEMPERATURE (F)   25        -5      1975


SUNRISE AND SUNSET
APRIL  4 2017.........SUNRISE   642 AM CDT   SUNSET   742 PM CDT
APRIL  5 2017.........SUNRISE   640 AM CDT   SUNSET   744 PM CDT


-  INDICATES NEGATIVE NUMBERS.
R  INDICATES RECORD WAS SET OR TIED.
MM INDICATES DATA IS MISSING.
T  INDICATES TRACE AMOUNT.




$$
