361
CDUS43 KDLH 192223
CLIDLH


CLIMATE REPORT
NATIONAL WEATHER SERVICE DULUTH MN
522 PM CDT FRI MAY 19 2017


...................................

...THE DULUTH MN CLIMATE SUMMARY FOR MAY 19 2017...
VALID TODAY AS OF 0500 PM LOCAL TIME.

CLIMATE NORMAL PERIOD 1981 TO 2010
CLIMATE RECORD PERIOD 1870 TO 2017


WEATHER ITEM   OBSERVED TIME   RECORD YEAR NORMAL DEPARTURE LAST
                VALUE   (LST)  VALUE       VALUE  FROM      YEAR
                                                  NORMAL
..................................................................
TEMPERATURE (F)
 TODAY
  MAXIMUM         52   1223 PM  85    1972  63    -11       70
                                      1941
                                      1925
  MINIMUM         33    531 AM  26    1929  42     -9       40
  AVERAGE         43                        52     -9       55

PRECIPITATION (IN)
  TODAY            0.00          2.16 1877   0.11  -0.11     0.00
  MONTH TO DATE    2.83                      1.94   0.89     0.86
  SINCE MAR 1      6.90                      5.86   1.04     7.22
  SINCE JAN 1      9.86                      7.63   2.23     9.10

SNOWFALL (IN)
  TODAY            0.0           0.2  1963   0.0    0.0      0.0
  MONTH TO DATE    0.8                       0.4    0.4      0.1
  SINCE JUL 1     67.0                      86.1  -19.1     81.4
  SNOW DEPTH       0

DEGREE DAYS
 HEATING
  TODAY           22                        13      9       10
  MONTH TO DATE  297                       293      4      294
  SINCE MAR 1   2168                      2265    -97     2131
  SINCE JUL 1   7858                      9132  -1274     7968

 COOLING
  TODAY            0                         0      0        0
  MONTH TO DATE    0                         0      0        7
  SINCE MAR 1      0                         0      0        7
  SINCE JAN 1      0                         0      0        7
..................................................................


WIND (MPH)
  HIGHEST WIND SPEED    20   HIGHEST WIND DIRECTION     E (90)
  HIGHEST GUST SPEED    25   HIGHEST GUST DIRECTION     E (90)
  AVERAGE WIND SPEED     8.1


SKY COVER
  POSSIBLE SUNSHINE  MM
  AVERAGE SKY COVER 0.1


WEATHER CONDITIONS
 THE FOLLOWING WEATHER WAS RECORDED TODAY.
  NO SIGNIFICANT WEATHER WAS OBSERVED.


RELATIVE HUMIDITY (PERCENT)
 HIGHEST    92           100 AM
 LOWEST     32           100 PM
 AVERAGE    62

..........................................................


THE DULUTH MN CLIMATE NORMALS FOR TOMORROW
                         NORMAL    RECORD    YEAR
 MAXIMUM TEMPERATURE (F)   64        88      2009
 MINIMUM TEMPERATURE (F)   42        26      1986


SUNRISE AND SUNSET
MAY 19 2017...........SUNRISE   529 AM CDT   SUNSET   842 PM CDT
MAY 20 2017...........SUNRISE   528 AM CDT   SUNSET   843 PM CDT


-  INDICATES NEGATIVE NUMBERS.
R  INDICATES RECORD WAS SET OR TIED.
MM INDICATES DATA IS MISSING.
T  INDICATES TRACE AMOUNT.




$$
