920
CDUS43 KDLH 040622
CLIDLH


CLIMATE REPORT
NATIONAL WEATHER SERVICE DULUTH MN
1222 AM CST THU FEB 4 2016


...................................

...THE DULUTH MN CLIMATE SUMMARY FOR FEBRUARY 3 2016...

CLIMATE NORMAL PERIOD 1981 TO 2010
CLIMATE RECORD PERIOD 1870 TO 2016


WEATHER ITEM   OBSERVED TIME   RECORD YEAR NORMAL DEPARTURE LAST
                VALUE   (LST)  VALUE       VALUE  FROM      YEAR
                                                  NORMAL
..................................................................
TEMPERATURE (F)
 YESTERDAY
  MAXIMUM         19    315 PM  44    2005  21     -2       14
                                      1993
  MINIMUM         -2   1117 PM -33    1923   3     -5       -3
  AVERAGE          9                        12     -3        6

PRECIPITATION (IN)
  YESTERDAY        0.02          0.30 1943   0.02   0.00     0.00
  MONTH TO DATE    0.10                      0.07   0.03      T
  SINCE DEC 1      4.85                      2.24   2.61     1.72
  SINCE JAN 1      1.15                      1.03   0.12     0.46

SNOWFALL (IN)
  YESTERDAY        0.9           3.0  1974   0.4    0.5      0.0
  MONTH TO DATE    2.4                       1.3    1.1       T
  SINCE DEC 1     40.0                      38.4    1.6     15.2
  SINCE JUL 1     44.4                      54.5  -10.1     31.7
  SNOW DEPTH      14

DEGREE DAYS
 HEATING
  YESTERDAY       56                        53      3       59
  MONTH TO DATE  141                       161    -20      185
  SINCE DEC 1   2939                      3416   -477     3142
  SINCE JUL 1   4602                      5629  -1027     5357

 COOLING
  YESTERDAY        0                         0      0        0
  MONTH TO DATE    0                         0      0        0
  SINCE DEC 1      0                         0      0        0
  SINCE JAN 1      0                         0      0        0
..................................................................


WIND (MPH)
  HIGHEST WIND SPEED    20   HIGHEST WIND DIRECTION     N (350)
  HIGHEST GUST SPEED    26   HIGHEST GUST DIRECTION     N (360)
  AVERAGE WIND SPEED    11.9


SKY COVER
  AVERAGE SKY COVER 0.5


WEATHER CONDITIONS
 THE FOLLOWING WEATHER WAS RECORDED YESTERDAY.
  LIGHT SNOW
  BLOWING SNOW


RELATIVE HUMIDITY (PERCENT)
 HIGHEST    80          1200 AM
 LOWEST     49           500 PM
 AVERAGE    65

..........................................................


THE DULUTH MN CLIMATE NORMALS FOR TODAY
                         NORMAL    RECORD    YEAR
 MAXIMUM TEMPERATURE (F)   21        52      1890
 MINIMUM TEMPERATURE (F)    3       -29      1996
                                             1989


SUNRISE AND SUNSET
FEBRUARY  4 2016......SUNRISE   729 AM CST   SUNSET   516 PM CST
FEBRUARY  5 2016......SUNRISE   728 AM CST   SUNSET   517 PM CST


-  INDICATES NEGATIVE NUMBERS.
R  INDICATES RECORD WAS SET OR TIED.
MM INDICATES DATA IS MISSING.
T  INDICATES TRACE AMOUNT.




$$
