000
CDUS43 KDLH 100620
CLIDLH


CLIMATE REPORT
NATIONAL WEATHER SERVICE DULUTH MN
119 AM CDT WED AUG 10 2016


...................................

...THE DULUTH MN CLIMATE SUMMARY FOR AUGUST 9 2016...

CLIMATE NORMAL PERIOD 1981 TO 2010
CLIMATE RECORD PERIOD 1870 TO 2016


WEATHER ITEM   OBSERVED TIME   RECORD YEAR NORMAL DEPARTURE LAST
                VALUE   (LST)  VALUE       VALUE  FROM      YEAR
                                                  NORMAL
..................................................................
TEMPERATURE (F)
 YESTERDAY
  MAXIMUM         85    505 PM  92    1958  76      9       79
  MINIMUM         65    530 AM  42    1972  55     10       62
  AVERAGE         75                        66      9       71

PRECIPITATION (IN)
  YESTERDAY        0.00          1.95 1935   0.11  -0.11      T
  MONTH TO DATE    1.48                      1.02   0.46     1.46
  SINCE JUN 1     10.33                      9.10   1.23     8.11
  SINCE JAN 1     20.44                     18.02   2.42    14.50

SNOWFALL (IN)
  YESTERDAY        0.0           0.0  2002   0.0    0.0      0.0
                                      2001
  MONTH TO DATE    0.0                       0.0    0.0      0.0
  SINCE JUN 1      T                         0.0    0.0       T
  SINCE JUL 1      0.0                       0.0    0.0      0.0
  SNOW DEPTH       0

DEGREE DAYS
 HEATING
  YESTERDAY        0                         2     -2        0
  MONTH TO DATE    2                        18    -16       15
  SINCE JUN 1    173                       260    -87      151
  SINCE JUL 1     31                        81    -50       30

 COOLING
  YESTERDAY       10                         3      7        6
  MONTH TO DATE   46                        27     19       13
  SINCE JUN 1    192                       147     45      191
  SINCE JAN 1    201                       151     50      195
..................................................................


WIND (MPH)
  HIGHEST WIND SPEED    18   HIGHEST WIND DIRECTION    SW (240)
  HIGHEST GUST SPEED    24   HIGHEST GUST DIRECTION    SW (220)
  AVERAGE WIND SPEED    10.9


SKY COVER
  AVERAGE SKY COVER 0.5


WEATHER CONDITIONS
 THE FOLLOWING WEATHER WAS RECORDED YESTERDAY.
  THUNDERSTORM


RELATIVE HUMIDITY (PERCENT)
 HIGHEST    93           600 AM
 LOWEST     51           400 PM
 AVERAGE    72

..........................................................


THE DULUTH MN CLIMATE NORMALS FOR TODAY
                         NORMAL    RECORD    YEAR
 MAXIMUM TEMPERATURE (F)   76        90      1947
 MINIMUM TEMPERATURE (F)   55        41      1967


SUNRISE AND SUNSET
AUGUST 10 2016........SUNRISE   600 AM CDT   SUNSET   826 PM CDT
AUGUST 11 2016........SUNRISE   602 AM CDT   SUNSET   824 PM CDT


-  INDICATES NEGATIVE NUMBERS.
R  INDICATES RECORD WAS SET OR TIED.
MM INDICATES DATA IS MISSING.
T  INDICATES TRACE AMOUNT.




$$
