000
CDUS43 KDLH 041605
CLIDLH


CLIMATE REPORT
NATIONAL WEATHER SERVICE DULUTH MN
1103 AM CDT TUE APR 4 2017


...................................

...THE DULUTH MN CLIMATE SUMMARY FOR APRIL 2 2017...

CLIMATE NORMAL PERIOD 1981 TO 2010
CLIMATE RECORD PERIOD 1870 TO 2017


WEATHER ITEM   OBSERVED TIME   RECORD YEAR NORMAL DEPARTURE LAST
                VALUE   (LST)  VALUE       VALUE  FROM      YEAR
                                                  NORMAL
..................................................................
TEMPERATURE (F)
 YESTERDAY
  MAXIMUM         57   1205 PM  65    1925  42     15       26
  MINIMUM         33    617 AM  -4    1975  24      9       17
  AVERAGE         45                        33     12       22

PRECIPITATION (IN)
  YESTERDAY        0.11          0.81 1963   0.06   0.05     0.10
  MONTH TO DATE    0.11                      0.12  -0.01     0.11
  SINCE MAR 1      1.16                      1.61  -0.45     4.07
  SINCE JAN 1      4.12                      3.38   0.74     5.95

SNOWFALL (IN)
  YESTERDAY        0.0           6.2  1950   0.4   -0.4      3.3
  MONTH TO DATE    0.0                       0.7   -0.7      3.5
  SINCE MAR 1      5.3                      13.9   -8.6     20.8
  SINCE JUL 1     64.3                      79.5  -15.2     75.0
  SNOW DEPTH       0

DEGREE DAYS
 HEATING
  YESTERDAY       20                        32    -12       43
  MONTH TO DATE   40                        64    -24       78
  SINCE MAR 1   1233                      1274    -41     1106
  SINCE JUL 1   6923                      8141  -1218     6943

 COOLING
  YESTERDAY        0                         0      0        0
  MONTH TO DATE    0                         0      0        0
  SINCE MAR 1      0                         0      0        0
  SINCE JAN 1      0                         0      0        0
..................................................................


WIND (MPH)
  HIGHEST WIND SPEED    21   HIGHEST WIND DIRECTION     S (190)
  HIGHEST GUST SPEED    28   HIGHEST GUST DIRECTION     S (170)
  AVERAGE WIND SPEED     9.0


SKY COVER
  AVERAGE SKY COVER 0.7


WEATHER CONDITIONS
 THE FOLLOWING WEATHER WAS RECORDED YESTERDAY.
  LIGHT RAIN
  FOG


RELATIVE HUMIDITY (PERCENT)
 HIGHEST   100           500 AM
 LOWEST     47          1200 PM
 AVERAGE    74

..........................................................


THE DULUTH MN CLIMATE NORMALS FOR TODAY
                         NORMAL    RECORD    YEAR
 MAXIMUM TEMPERATURE (F)   43        74      1929
 MINIMUM TEMPERATURE (F)   25        -5      1954


SUNRISE AND SUNSET
APRIL  3 2017.........SUNRISE   644 AM CDT   SUNSET   741 PM CDT
APRIL  4 2017.........SUNRISE   642 AM CDT   SUNSET   742 PM CDT


-  INDICATES NEGATIVE NUMBERS.
R  INDICATES RECORD WAS SET OR TIED.
MM INDICATES DATA IS MISSING.
T  INDICATES TRACE AMOUNT.




$$
