000
CDUS43 KDLH 052238
CLIDLH


CLIMATE REPORT
NATIONAL WEATHER SERVICE DULUTH MN
430 PM CST SUN NOV 5 2017


...................................

...THE DULUTH CLIMATE SUMMARY FOR NOVEMBER 5 2017...
VALID TODAY AS OF 0400 PM LOCAL TIME.

CLIMATE NORMAL PERIOD 1981 TO 2010
CLIMATE RECORD PERIOD 1870 TO 2017


WEATHER ITEM   OBSERVED TIME   RECORD YEAR NORMAL DEPARTURE LAST
                VALUE   (LST)  VALUE       VALUE  FROM      YEAR
                                                  NORMAL
..................................................................
TEMPERATURE (F)
 TODAY
  MAXIMUM         34    448 AM  70    2016  42     -8       70
  MINIMUM         27    359 PM   6    1951  27      0       35
  AVERAGE         31                        34     -3       53

PRECIPITATION (IN)
  TODAY            0.01          1.68 1948   0.08  -0.07     0.00
  MONTH TO DATE    0.90                      0.37   0.53     0.01
  SINCE SEP 1      7.85                      7.33   0.52     5.08
  SINCE JAN 1     35.54                     28.03   7.51    29.00

SNOWFALL (IN)
  TODAY            T             3.2  1988   0.3   -0.3      0.0
  MONTH TO DATE    7.6                       1.4    6.2      0.0
  SINCE JUL 1     18.7                       3.8   14.9       T
  SNOW DEPTH       4

DEGREE DAYS
 HEATING
  TODAY           34                        31      3       12
  MONTH TO DATE  177                       149     28       83
  SINCE SEP 1    983                      1125   -142      776
  SINCE JUL 1   1153                      1274   -121      830

 COOLING
  TODAY            0                         0      0        0
  MONTH TO DATE    0                         0      0        0
  SINCE SEP 1     26                        14     12       14
  SINCE JAN 1    126                       204    -78      281
..................................................................


WIND (MPH)
  HIGHEST WIND SPEED    24   HIGHEST WIND DIRECTION    NW (300)
  HIGHEST GUST SPEED    34   HIGHEST GUST DIRECTION    NW (310)
  AVERAGE WIND SPEED    15.6


SKY COVER
  AVERAGE SKY COVER 0.5


WEATHER CONDITIONS
 THE FOLLOWING WEATHER WAS RECORDED TODAY.
  LIGHT RAIN
  FOG


RELATIVE HUMIDITY (PERCENT)
 HIGHEST    92           800 AM
 LOWEST     68           400 PM
 AVERAGE    80

..........................................................


THE DULUTH CLIMATE NORMALS FOR TOMORROW
                         NORMAL    RECORD    YEAR
 MAXIMUM TEMPERATURE (F)   41        70      2016
 MINIMUM TEMPERATURE (F)   27        -1      1991


SUNRISE AND SUNSET
NOVEMBER  5 2017......SUNRISE   657 AM CST   SUNSET   447 PM CST
NOVEMBER  6 2017......SUNRISE   659 AM CST   SUNSET   445 PM CST


-  INDICATES NEGATIVE NUMBERS.
R  INDICATES RECORD WAS SET OR TIED.
MM INDICATES DATA IS MISSING.
T  INDICATES TRACE AMOUNT.




$$
