000
CDUS43 KDLH 130642
CLIDLH


CLIMATE REPORT
NATIONAL WEATHER SERVICE DULUTH MN
1241 AM CST MON FEB 13 2017


...................................

...THE DULUTH MN CLIMATE SUMMARY FOR FEBRUARY 12 2017...

CLIMATE NORMAL PERIOD 1981 TO 2010
CLIMATE RECORD PERIOD 1870 TO 2017


WEATHER ITEM   OBSERVED TIME   RECORD YEAR NORMAL DEPARTURE LAST
                VALUE   (LST)  VALUE       VALUE  FROM      YEAR
                                                  NORMAL
..................................................................
TEMPERATURE (F)
 YESTERDAY
  MAXIMUM         35    513 PM  45    1976  23     12        9
  MINIMUM         22   1159 PM -33    1875   5     17       -9
  AVERAGE         29                        14     15        0

PRECIPITATION (IN)
  YESTERDAY        T             0.37 1922   0.02  -0.02      T
  MONTH TO DATE    0.41                      0.28   0.13     0.28
  SINCE DEC 1      3.64                      2.45   1.19     5.03
  SINCE JAN 1      1.57                      1.24   0.33     1.33

SNOWFALL (IN)
  YESTERDAY        T             2.6  1994   0.4   -0.4       T
  MONTH TO DATE    5.5                       4.9    0.6      5.1
  SINCE DEC 1     42.3                      42.0    0.3     42.7
  SINCE JUL 1     50.4                      58.1   -7.7     47.1
  SNOW DEPTH      13

DEGREE DAYS
 HEATING
  YESTERDAY       36                        51    -15       65
  MONTH TO DATE  609                       630    -21      637
  SINCE DEC 1   3632                      3885   -253     3435
  SINCE JUL 1   5114                      6098   -984     5098

 COOLING
  YESTERDAY        0                         0      0        0
  MONTH TO DATE    0                         0      0        0
  SINCE DEC 1      0                         0      0        0
  SINCE JAN 1      0                         0      0        0
..................................................................


WIND (MPH)
  HIGHEST WIND SPEED    33   HIGHEST WIND DIRECTION    NW (310)
  HIGHEST GUST SPEED    48   HIGHEST GUST DIRECTION    NW (320)
  AVERAGE WIND SPEED    18.3


SKY COVER
  AVERAGE SKY COVER 0.5


WEATHER CONDITIONS
 THE FOLLOWING WEATHER WAS RECORDED YESTERDAY.
  LIGHT SNOW
  FOG


RELATIVE HUMIDITY (PERCENT)
 HIGHEST   100          1200 AM
 LOWEST     38           300 PM
 AVERAGE    69

..........................................................


THE DULUTH MN CLIMATE NORMALS FOR TODAY
                         NORMAL    RECORD    YEAR
 MAXIMUM TEMPERATURE (F)   23        47      1947
 MINIMUM TEMPERATURE (F)    5       -29      1905


SUNRISE AND SUNSET
FEBRUARY 13 2017......SUNRISE   715 AM CST   SUNSET   531 PM CST
FEBRUARY 14 2017......SUNRISE   714 AM CST   SUNSET   532 PM CST


-  INDICATES NEGATIVE NUMBERS.
R  INDICATES RECORD WAS SET OR TIED.
MM INDICATES DATA IS MISSING.
T  INDICATES TRACE AMOUNT.




$$
