000
CDUS43 KDLH 110630
CLIDLH


CLIMATE REPORT
NATIONAL WEATHER SERVICE DULUTH MN
130 AM CDT SAT OCT 11 2014


...................................

...THE DULUTH MN CLIMATE SUMMARY FOR OCTOBER 10 2014...

CLIMATE NORMAL PERIOD 1981 TO 2010
CLIMATE RECORD PERIOD 1870 TO 2014


WEATHER ITEM   OBSERVED TIME   RECORD YEAR NORMAL DEPARTURE LAST
                VALUE   (LST)  VALUE       VALUE  FROM      YEAR
                                                  NORMAL
..................................................................
TEMPERATURE (F)
 YESTERDAY
  MAXIMUM         45    449 PM  82    1938  54     -9       69
  MINIMUM         30   1158 PM  18    1906  37     -7       50
  AVERAGE         38                        46     -8       60

PRECIPITATION (IN)
  YESTERDAY        0.00          1.83 1949   0.10  -0.10     0.00
  MONTH TO DATE    0.94                      1.08  -0.14     1.76
  SINCE SEP 1      2.58                      5.19  -2.61     3.02
  SINCE JAN 1     27.53                     25.89   1.64    24.61

SNOWFALL (IN)
  YESTERDAY        0.0           1.1  1977   0.1   -0.1      0.0
  MONTH TO DATE    T                         0.3   -0.3      0.0
  SINCE SEP 1      T                         0.4   -0.4      0.0
  SINCE JUL 1      T                         0.4   -0.4      0.0
  SNOW DEPTH       0

DEGREE DAYS
 HEATING
  YESTERDAY       27                        19      8        5
  MONTH TO DATE  212                       177     35       94
  SINCE SEP 1    439                       475    -36      262
  SINCE JUL 1    516                       624   -108      336

 COOLING
  YESTERDAY        0                         0      0        0
  MONTH TO DATE    0                         0      0        0
  SINCE SEP 1      9                        14     -5       24
  SINCE JAN 1    179                       204    -25      375
..................................................................


WIND (MPH)
  HIGHEST WIND SPEED    13   HIGHEST WIND DIRECTION    NW (310)
  HIGHEST GUST SPEED    16   HIGHEST GUST DIRECTION    NW (310)
  AVERAGE WIND SPEED     5.3


SKY COVER
  AVERAGE SKY COVER 0.5


WEATHER CONDITIONS
 THE FOLLOWING WEATHER WAS RECORDED YESTERDAY.
  NO SIGNIFICANT WEATHER WAS OBSERVED.


RELATIVE HUMIDITY (PERCENT)
 HIGHEST    85           500 AM
 LOWEST     53          1200 PM
 AVERAGE    69

..........................................................


THE DULUTH MN CLIMATE NORMALS FOR TODAY
                         NORMAL    RECORD    YEAR
 MAXIMUM TEMPERATURE (F)   54        79      1995
 MINIMUM TEMPERATURE (F)   36        21      1936
                                             1919


SUNRISE AND SUNSET
OCTOBER 11 2014.......SUNRISE   721 AM CDT   SUNSET   629 PM CDT
OCTOBER 12 2014.......SUNRISE   722 AM CDT   SUNSET   627 PM CDT


-  INDICATES NEGATIVE NUMBERS.
R  INDICATES RECORD WAS SET OR TIED.
MM INDICATES DATA IS MISSING.
T  INDICATES TRACE AMOUNT.




$$
