000
CDUS43 KDLH 070625
CLIDLH


CLIMATE REPORT
NATIONAL WEATHER SERVICE DULUTH MN
1225 AM CST SUN DEC 7 2014


...................................

...THE DULUTH MN CLIMATE SUMMARY FOR DECEMBER 6 2014...

CLIMATE NORMAL PERIOD 1981 TO 2010
CLIMATE RECORD PERIOD 1870 TO 2014


WEATHER ITEM   OBSERVED TIME   RECORD YEAR NORMAL DEPARTURE LAST
                VALUE   (LST)  VALUE       VALUE  FROM      YEAR
                                                  NORMAL
..................................................................
TEMPERATURE (F)
 YESTERDAY
  MAXIMUM         29    255 PM  56    1939  25      4        3
  MINIMUM          5    702 AM -20    1972  11     -6      -10
  AVERAGE         17                        18     -1       -3

PRECIPITATION (IN)
  YESTERDAY        0.00          1.91 1950   0.04  -0.04     0.00
  MONTH TO DATE    T                         0.27  -0.27     2.09
  SINCE DEC 1      T                         0.27  -0.27     2.09
  SINCE JAN 1     29.37                     30.02  -0.65    29.69

SNOWFALL (IN)
  YESTERDAY        0.0          23.2  1950   0.5   -0.5      0.0
  MONTH TO DATE    T                         3.2   -3.2     23.3
  SINCE DEC 1      T                         3.2   -3.2     23.3
  SINCE JUL 1     16.5                      19.3   -2.8     28.3
  SNOW DEPTH       4

DEGREE DAYS
 HEATING
  YESTERDAY       48                        47      1       68
  MONTH TO DATE  309                       276     33      275
  SINCE DEC 1    309                       276     33      275
  SINCE JUL 1   2524                      2489     35     2232

 COOLING
  YESTERDAY        0                         0      0        0
  MONTH TO DATE    0                         0      0        0
  SINCE DEC 1      0                         0      0        0
  SINCE JAN 1    179                       204    -25      375
..................................................................


WIND (MPH)
  HIGHEST WIND SPEED    16   HIGHEST WIND DIRECTION     N (340)
  HIGHEST GUST SPEED    20   HIGHEST GUST DIRECTION     N (350)
  AVERAGE WIND SPEED     6.4


SKY COVER
  AVERAGE SKY COVER 0.3


WEATHER CONDITIONS
 THE FOLLOWING WEATHER WAS RECORDED YESTERDAY.
  NO SIGNIFICANT WEATHER WAS OBSERVED.


RELATIVE HUMIDITY (PERCENT)
 HIGHEST    88           800 AM
 LOWEST     39           200 PM
 AVERAGE    64

..........................................................


THE DULUTH MN CLIMATE NORMALS FOR TODAY
                         NORMAL    RECORD    YEAR
 MAXIMUM TEMPERATURE (F)   25        51      1939
 MINIMUM TEMPERATURE (F)   11       -26      1976


SUNRISE AND SUNSET
DECEMBER  7 2014......SUNRISE   740 AM CST   SUNSET   420 PM CST
DECEMBER  8 2014......SUNRISE   741 AM CST   SUNSET   420 PM CST


-  INDICATES NEGATIVE NUMBERS.
R  INDICATES RECORD WAS SET OR TIED.
MM INDICATES DATA IS MISSING.
T  INDICATES TRACE AMOUNT.




$$
