000
CDUS43 KDLH 130628
CLIDLH


CLIMATE REPORT
NATIONAL WEATHER SERVICE DULUTH MN
123 AM CDT MON OCT 13 2014


...................................

...THE DULUTH MN CLIMATE SUMMARY FOR OCTOBER 12 2014...

CLIMATE NORMAL PERIOD 1981 TO 2010
CLIMATE RECORD PERIOD 1870 TO 2014


WEATHER ITEM   OBSERVED TIME   RECORD YEAR NORMAL DEPARTURE LAST
                VALUE   (LST)  VALUE       VALUE  FROM      YEAR
                                                  NORMAL
..................................................................
TEMPERATURE (F)
 YESTERDAY
  MAXIMUM         61    329 PM  81    1995  53      8       66
  MINIMUM         40    225 AM  18    1988  36      4       47
                                      1936
  AVERAGE         51                        45      6       57

PRECIPITATION (IN)
  YESTERDAY        0.00          0.95 1899   0.10  -0.10     0.01
  MONTH TO DATE    0.94                      1.27  -0.33     1.80
  SINCE SEP 1      2.58                      5.38  -2.80     3.06
  SINCE JAN 1     27.53                     26.08   1.45    24.65

SNOWFALL (IN)
  YESTERDAY        0.0           2.3  2006   0.1   -0.1      0.0
  MONTH TO DATE    T                         0.4   -0.4      0.0
  SINCE SEP 1      T                         0.5   -0.5      0.0
  SINCE JUL 1      T                         0.5   -0.5      0.0
  SNOW DEPTH       0

DEGREE DAYS
 HEATING
  YESTERDAY       14                        20     -6        8
  MONTH TO DATE  249                       217     32      106
  SINCE SEP 1    476                       515    -39      274
  SINCE JUL 1    553                       664   -111      348

 COOLING
  YESTERDAY        0                         0      0        0
  MONTH TO DATE    0                         0      0        0
  SINCE SEP 1      9                        14     -5       24
  SINCE JAN 1    179                       204    -25      375
..................................................................


WIND (MPH)
  HIGHEST WIND SPEED    23   HIGHEST WIND DIRECTION     S (180)
  HIGHEST GUST SPEED    29   HIGHEST GUST DIRECTION     S (180)
  AVERAGE WIND SPEED    11.8


SKY COVER
  AVERAGE SKY COVER 0.1


WEATHER CONDITIONS
 THE FOLLOWING WEATHER WAS RECORDED YESTERDAY.
  NO SIGNIFICANT WEATHER WAS OBSERVED.


RELATIVE HUMIDITY (PERCENT)
 HIGHEST    70           500 AM
 LOWEST     36           300 PM
 AVERAGE    53

..........................................................


THE DULUTH MN CLIMATE NORMALS FOR TODAY
                         NORMAL    RECORD    YEAR
 MAXIMUM TEMPERATURE (F)   53        80      1956
 MINIMUM TEMPERATURE (F)   36        19      1917


SUNRISE AND SUNSET
OCTOBER 13 2014.......SUNRISE   724 AM CDT   SUNSET   625 PM CDT
OCTOBER 14 2014.......SUNRISE   725 AM CDT   SUNSET   623 PM CDT


-  INDICATES NEGATIVE NUMBERS.
R  INDICATES RECORD WAS SET OR TIED.
MM INDICATES DATA IS MISSING.
T  INDICATES TRACE AMOUNT.




$$
