000
CDUS43 KDLH 112227
CLIDLH


CLIMATE REPORT
NATIONAL WEATHER SERVICE DULUTH MN
426 PM CST TUE NOV 11 2014


...................................

...THE DULUTH MN CLIMATE SUMMARY FOR NOVEMBER 11 2014...
VALID TODAY AS OF 0400 PM LOCAL TIME.

CLIMATE NORMAL PERIOD 1981 TO 2010
CLIMATE RECORD PERIOD 1870 TO 2014


WEATHER ITEM   OBSERVED TIME   RECORD YEAR NORMAL DEPARTURE LAST
                VALUE   (LST)  VALUE       VALUE  FROM      YEAR
                                                  NORMAL
..................................................................
TEMPERATURE (F)
 TODAY
  MAXIMUM         22    359 PM  62    1930  38    -16       24
  MINIMUM         18    924 AM  -3    1986  25     -7       12
  AVERAGE         20                        31    -11       18

PRECIPITATION (IN)
  TODAY            0.08          1.67 1940   0.07   0.01      T
  MONTH TO DATE    0.61                      0.82  -0.21     0.41
  SINCE SEP 1      4.05                      7.78  -3.73     5.60
  SINCE JAN 1     29.00                     28.48   0.52    27.19

SNOWFALL (IN)
  TODAY            2.9           3.7  1975   0.4    2.5       T
  MONTH TO DATE    8.2                       3.5    4.7      1.1
  SINCE JUL 1      8.3                       5.9    2.4      1.4
  SNOW DEPTH       6

DEGREE DAYS
 HEATING
  TODAY           45                        34     11       47
  MONTH TO DATE  354                       344     10      359
  SINCE SEP 1   1203                      1320   -117     1137
  SINCE JUL 1   1280                      1469   -189     1211

 COOLING
  TODAY            0                         0      0        0
  MONTH TO DATE    0                         0      0        0
  SINCE SEP 1      9                        14     -5       24
  SINCE JAN 1    179                       204    -25      375
..................................................................


WIND (MPH)
  HIGHEST WIND SPEED    21   HIGHEST WIND DIRECTION     N (340)
  HIGHEST GUST SPEED    29   HIGHEST GUST DIRECTION    NW (330)
  AVERAGE WIND SPEED    15.3


SKY COVER
  POSSIBLE SUNSHINE  MM
  AVERAGE SKY COVER 1.0


WEATHER CONDITIONS
 THE FOLLOWING WEATHER WAS RECORDED TODAY.
  SNOW
  LIGHT SNOW
  HAZE
  BLOWING SNOW


RELATIVE HUMIDITY (PERCENT)
 HIGHEST    84           100 AM
 LOWEST     57           300 PM
 AVERAGE    71

..........................................................


THE DULUTH MN CLIMATE NORMALS FOR TOMORROW
                         NORMAL    RECORD    YEAR
 MAXIMUM TEMPERATURE (F)   38        60      1884
 MINIMUM TEMPERATURE (F)   24        -6      1966


SUNRISE AND SUNSET
NOVEMBER 11 2014......SUNRISE   706 AM CST   SUNSET   439 PM CST
NOVEMBER 12 2014......SUNRISE   707 AM CST   SUNSET   438 PM CST


-  INDICATES NEGATIVE NUMBERS.
R  INDICATES RECORD WAS SET OR TIED.
MM INDICATES DATA IS MISSING.
T  INDICATES TRACE AMOUNT.




$$
