000
CDUS43 KDLH 292239
CLIDLH


CLIMATE REPORT
NATIONAL WEATHER SERVICE DULUTH MN
438 PM CST MON JAN 29 2018


...................................

...THE DULUTH CLIMATE SUMMARY FOR JANUARY 29 2018...
VALID TODAY AS OF 0400 PM LOCAL TIME.

CLIMATE NORMAL PERIOD 1981 TO 2010
CLIMATE RECORD PERIOD 1870 TO 2018


WEATHER ITEM   OBSERVED TIME   RECORD YEAR NORMAL DEPARTURE LAST
                VALUE   (LST)  VALUE       VALUE  FROM      YEAR
                                                  NORMAL
..................................................................
TEMPERATURE (F)
 TODAY
  MAXIMUM          8    359 PM  46    1877  20    -12       18
  MINIMUM         -7    713 AM -35    1951   2     -9        4
  AVERAGE          1                        11    -10       11

PRECIPITATION (IN)
  TODAY            T             0.95 1881   0.03  -0.03     0.01
  MONTH TO DATE    0.53                      0.91  -0.38     0.83
  SINCE DEC 1      1.36                      2.12  -0.76     2.90
  SINCE JAN 1      0.53                      0.91  -0.38     0.83

SNOWFALL (IN)
  TODAY            T             6.7  1969   0.5   -0.5      0.2
  MONTH TO DATE    7.8                      18.4  -10.6     11.0
  SINCE JUL 1     42.8                      52.2   -9.4     40.4
  SNOW DEPTH       7

DEGREE DAYS
 HEATING
  TODAY           64                        54     10       54
  MONTH TO DATE 1555                      1590    -35     1421
  SINCE DEC 1   3238                      3146     92     2933
  SINCE JUL 1   5384                      5359     25     4415

 COOLING
  TODAY            0                         0      0        0
  MONTH TO DATE    0                         0      0        0
  SINCE DEC 1      0                         0      0        0
  SINCE JAN 1      0                         0      0        0
..................................................................


WIND (MPH)
  HIGHEST WIND SPEED    13   HIGHEST WIND DIRECTION    NW (300)
  HIGHEST GUST SPEED    16   HIGHEST GUST DIRECTION    NW (300)
  AVERAGE WIND SPEED     8.1


SKY COVER
  AVERAGE SKY COVER 0.5


WEATHER CONDITIONS
 THE FOLLOWING WEATHER WAS RECORDED TODAY.
  NO SIGNIFICANT WEATHER WAS OBSERVED.


RELATIVE HUMIDITY (PERCENT)
 HIGHEST    83           700 AM
 LOWEST     63           300 PM
 AVERAGE    73

..........................................................


THE DULUTH CLIMATE NORMALS FOR TOMORROW
                         NORMAL    RECORD    YEAR
 MAXIMUM TEMPERATURE (F)   20        44      1890
 MINIMUM TEMPERATURE (F)    2       -35      1994


SUNRISE AND SUNSET
JANUARY 29 2018.......SUNRISE   737 AM CST   SUNSET   508 PM CST
JANUARY 30 2018.......SUNRISE   736 AM CST   SUNSET   509 PM CST


-  INDICATES NEGATIVE NUMBERS.
R  INDICATES RECORD WAS SET OR TIED.
MM INDICATES DATA IS MISSING.
T  INDICATES TRACE AMOUNT.




$$
