000
CDUS43 KDLH 020631
CLIDLH


CLIMATE REPORT
NATIONAL WEATHER SERVICE DULUTH MN
129 AM CDT FRI JUN 2 2017


...................................

...THE DULUTH MN CLIMATE SUMMARY FOR JUNE 1 2017...

CLIMATE NORMAL PERIOD 1981 TO 2010
CLIMATE RECORD PERIOD 1870 TO 2017


WEATHER ITEM   OBSERVED TIME   RECORD YEAR NORMAL DEPARTURE LAST
                VALUE   (LST)  VALUE       VALUE  FROM      YEAR
                                                  NORMAL
..................................................................
TEMPERATURE (F)
 YESTERDAY
  MAXIMUM         79    305 PM  87    1988  67     12       66
  MINIMUM         40    405 AM  31    1946  45     -5       41
  AVERAGE         60                        56      4       54

PRECIPITATION (IN)
  YESTERDAY        0.00          1.36 1998   0.12  -0.12     0.14
  MONTH TO DATE    0.00                      0.12  -0.12     0.14
  SINCE JUN 1      0.00                      0.12  -0.12     0.14
  SINCE JAN 1     11.14                      9.04   2.10    10.25

SNOWFALL (IN)
  YESTERDAY        0.0           T    1998   0.0    0.0      0.0
  MONTH TO DATE    0.0                       0.0    0.0      0.0
  SINCE JUN 1      0.0                       0.0    0.0      0.0
  SINCE JUL 1     67.0                      86.1  -19.1     81.4
  SNOW DEPTH       0

DEGREE DAYS
 HEATING
  YESTERDAY        5                         9     -4       11
  MONTH TO DATE    5                         9     -4       11
  SINCE JUN 1      5                         9     -4       11
  SINCE JUL 1   8012                      9274  -1262     8055

 COOLING
  YESTERDAY        0                         0      0        0
  MONTH TO DATE    0                         0      0        0
  SINCE JUN 1      0                         0      0        0
  SINCE JAN 1      0                         4     -4        9
..................................................................


WIND (MPH)
  HIGHEST WIND SPEED    16   HIGHEST WIND DIRECTION     W (270)
  HIGHEST GUST SPEED    22   HIGHEST GUST DIRECTION    NW (300)
  AVERAGE WIND SPEED     5.9


SKY COVER
  AVERAGE SKY COVER 0.1


WEATHER CONDITIONS
 THE FOLLOWING WEATHER WAS RECORDED YESTERDAY.
  NO SIGNIFICANT WEATHER WAS OBSERVED.


RELATIVE HUMIDITY (PERCENT)
 HIGHEST    73           400 AM
 LOWEST     24           200 PM
 AVERAGE    49

..........................................................


THE DULUTH MN CLIMATE NORMALS FOR TODAY
                         NORMAL    RECORD    YEAR
 MAXIMUM TEMPERATURE (F)   67        88      1948
                                             1894
 MINIMUM TEMPERATURE (F)   45        30      1962


SUNRISE AND SUNSET
JUNE  2 2017..........SUNRISE   517 AM CDT   SUNSET   856 PM CDT
JUNE  3 2017..........SUNRISE   517 AM CDT   SUNSET   857 PM CDT


-  INDICATES NEGATIVE NUMBERS.
R  INDICATES RECORD WAS SET OR TIED.
MM INDICATES DATA IS MISSING.
T  INDICATES TRACE AMOUNT.




$$
