677
CDUS43 KDLH 060637
CLIDLH


CLIMATE REPORT
NATIONAL WEATHER SERVICE DULUTH MN
136 AM CDT SUN AUG 6 2017


...................................

...THE DULUTH MN CLIMATE SUMMARY FOR AUGUST 5 2017...

CLIMATE NORMAL PERIOD 1981 TO 2010
CLIMATE RECORD PERIOD 1870 TO 2017


WEATHER ITEM   OBSERVED TIME   RECORD YEAR NORMAL DEPARTURE LAST
                VALUE   (LST)  VALUE       VALUE  FROM      YEAR
                                                  NORMAL
..................................................................
TEMPERATURE (F)
 YESTERDAY
  MAXIMUM         74    111 PM  93    2001  76     -2       75
  MINIMUM         48    511 AM  40    1992  56     -8       60
  AVERAGE         61                        66     -5       68

PRECIPITATION (IN)
  YESTERDAY        T             1.69 1900   0.11  -0.11     0.00
  MONTH TO DATE    1.31                      0.55   0.76     1.48
  SINCE JUN 1     10.63                      8.63   2.00    10.33
  SINCE JAN 1     21.77                     17.55   4.22    20.44

SNOWFALL (IN)
  YESTERDAY       MM             0.0  2002   0.0   MM        0.0
                                      2001
  MONTH TO DATE    0.0                       0.0    0.0      0.0
  SINCE JUN 1      T                         0.0    0.0       T
  SINCE JUL 1      T                         0.0    0.0      0.0
  SNOW DEPTH       0

DEGREE DAYS
 HEATING
  YESTERDAY        4                         2      2        0
  MONTH TO DATE   21                        10     11        0
  SINCE JUN 1    205                       252    -47      171
  SINCE JUL 1     74                        73      1       29

 COOLING
  YESTERDAY        0                         3     -3        3
  MONTH TO DATE    7                        15     -8       32
  SINCE JUN 1     90                       135    -45      178
  SINCE JAN 1     90                       139    -49      187
..................................................................


WIND (MPH)
  HIGHEST WIND SPEED    14   HIGHEST WIND DIRECTION     W (260)
  HIGHEST GUST SPEED    15   HIGHEST GUST DIRECTION     W (250)
  AVERAGE WIND SPEED     5.5


SKY COVER
  AVERAGE SKY COVER 0.2


WEATHER CONDITIONS
 THE FOLLOWING WEATHER WAS RECORDED YESTERDAY.
  LIGHT RAIN


RELATIVE HUMIDITY (PERCENT)
 HIGHEST   100           200 AM
 LOWEST     46           400 PM
 AVERAGE    73

..........................................................


THE DULUTH MN CLIMATE NORMALS FOR TODAY
                         NORMAL    RECORD    YEAR
 MAXIMUM TEMPERATURE (F)   76        94      1930
 MINIMUM TEMPERATURE (F)   56        40      1975


SUNRISE AND SUNSET
AUGUST  6 2017........SUNRISE   555 AM CDT   SUNSET   833 PM CDT
AUGUST  7 2017........SUNRISE   557 AM CDT   SUNSET   832 PM CDT


-  INDICATES NEGATIVE NUMBERS.
R  INDICATES RECORD WAS SET OR TIED.
MM INDICATES DATA IS MISSING.
T  INDICATES TRACE AMOUNT.




$$
