000
CDUS43 KDLH 170644
CLIDLH


CLIMATE REPORT
NATIONAL WEATHER SERVICE DULUTH MN
141 AM CDT WED AUG 17 2016


...................................

...THE DULUTH MN CLIMATE SUMMARY FOR AUGUST 16 2016...

CLIMATE NORMAL PERIOD 1981 TO 2010
CLIMATE RECORD PERIOD 1870 TO 2016


WEATHER ITEM   OBSERVED TIME   RECORD YEAR NORMAL DEPARTURE LAST
                VALUE   (LST)  VALUE       VALUE  FROM      YEAR
                                                  NORMAL
..................................................................
TEMPERATURE (F)
 YESTERDAY
  MAXIMUM         80    304 PM  91    1988  75      5       85
  MINIMUM         61    450 AM  35    1976  55      6       62
  AVERAGE         71                        65      6       74

PRECIPITATION (IN)
  YESTERDAY        0.72          2.51 1972   0.11   0.61      T
  MONTH TO DATE    2.68                      1.86   0.82     1.54
  SINCE JUN 1     11.53                      9.94   1.59     8.19
  SINCE JAN 1     21.64                     18.86   2.78    14.58

SNOWFALL (IN)
  YESTERDAY        0.0           0.0  2002   0.0    0.0      0.0
                                      2001
  MONTH TO DATE    0.0                       0.0    0.0      0.0
  SINCE JUN 1      T                         0.0    0.0       T
  SINCE JUL 1      0.0                       0.0    0.0      0.0
  SNOW DEPTH       0

DEGREE DAYS
 HEATING
  YESTERDAY        0                         2     -2        0
  MONTH TO DATE    6                        32    -26       15
  SINCE JUN 1    177                       274    -97      151
  SINCE JUL 1     35                        95    -60       30

 COOLING
  YESTERDAY        6                         2      4        9
  MONTH TO DATE   64                        42     22       72
  SINCE JUN 1    210                       162     48      250
  SINCE JAN 1    219                       166     53      254
..................................................................


WIND (MPH)
  HIGHEST WIND SPEED    12   HIGHEST WIND DIRECTION     S (200)
  HIGHEST GUST SPEED    13   HIGHEST GUST DIRECTION     S (200)
  AVERAGE WIND SPEED     4.2


SKY COVER
  AVERAGE SKY COVER 0.5


WEATHER CONDITIONS
 THE FOLLOWING WEATHER WAS RECORDED YESTERDAY.
  HEAVY RAIN
  RAIN
  LIGHT RAIN
  FOG


RELATIVE HUMIDITY (PERCENT)
 HIGHEST   100           100 AM
 LOWEST     50           200 PM
 AVERAGE    75

..........................................................


THE DULUTH MN CLIMATE NORMALS FOR TODAY
                         NORMAL    RECORD    YEAR
 MAXIMUM TEMPERATURE (F)   74        91      1934
 MINIMUM TEMPERATURE (F)   55        39      1981


SUNRISE AND SUNSET
AUGUST 17 2016........SUNRISE   610 AM CDT   SUNSET   815 PM CDT
AUGUST 18 2016........SUNRISE   611 AM CDT   SUNSET   813 PM CDT


-  INDICATES NEGATIVE NUMBERS.
R  INDICATES RECORD WAS SET OR TIED.
MM INDICATES DATA IS MISSING.
T  INDICATES TRACE AMOUNT.




$$
