700
CDUS43 KDLH 150627
CLIDLH


CLIMATE REPORT
NATIONAL WEATHER SERVICE DULUTH MN
125 AM CDT THU JUN 15 2017


...................................

...THE DULUTH MN CLIMATE SUMMARY FOR JUNE 14 2017...

CLIMATE NORMAL PERIOD 1981 TO 2010
CLIMATE RECORD PERIOD 1870 TO 2017


WEATHER ITEM   OBSERVED TIME   RECORD YEAR NORMAL DEPARTURE LAST
                VALUE   (LST)  VALUE       VALUE  FROM      YEAR
                                                  NORMAL
..................................................................
TEMPERATURE (F)
 YESTERDAY
  MAXIMUM         64    332 PM  90    1910  70     -6       56
  MINIMUM         46    526 AM  35    1958  49     -3       48
  AVERAGE         55                        60     -5       52

PRECIPITATION (IN)
  YESTERDAY        0.44          1.82 1967   0.14   0.30     0.98
  MONTH TO DATE    2.40                      1.81   0.59     2.84
  SINCE JUN 1      2.40                      1.81   0.59     2.84
  SINCE JAN 1     13.54                     10.73   2.81    12.95

SNOWFALL (IN)
  YESTERDAY        0.0           0.0  2002   0.0    0.0      0.0
                                      2001
  MONTH TO DATE    T                         0.0    0.0       T
  SINCE JUN 1      T                         0.0    0.0       T
  SINCE JUL 1     67.0                      86.1  -19.1     81.4
  SNOW DEPTH       0

DEGREE DAYS
 HEATING
  YESTERDAY       10                         6      4       13
  MONTH TO DATE   47                       108    -61      111
  SINCE JUN 1     47                       108    -61      111
  SINCE JUL 1   8054                      9373  -1319     8155

 COOLING
  YESTERDAY        0                         1     -1        0
  MONTH TO DATE   10                         5      5        5
  SINCE JUN 1     10                         5      5        5
  SINCE JAN 1     10                         9      1       14
..................................................................


WIND (MPH)
  HIGHEST WIND SPEED    25   HIGHEST WIND DIRECTION    SE (120)
  HIGHEST GUST SPEED    36   HIGHEST GUST DIRECTION     E (100)
  AVERAGE WIND SPEED     9.2


SKY COVER
  AVERAGE SKY COVER 0.7


WEATHER CONDITIONS
 THE FOLLOWING WEATHER WAS RECORDED YESTERDAY.
  THUNDERSTORM
  RAIN
  LIGHT RAIN
  FOG
  FOG W/VISIBILITY <= 1/4 MILE


RELATIVE HUMIDITY (PERCENT)
 HIGHEST   100           300 AM
 LOWEST     83          1200 AM
 AVERAGE    92

..........................................................


THE DULUTH MN CLIMATE NORMALS FOR TODAY
                         NORMAL    RECORD    YEAR
 MAXIMUM TEMPERATURE (F)   71        88      1913
                                             1894
 MINIMUM TEMPERATURE (F)   49        35      1989
                                             1968
                                             1948


SUNRISE AND SUNSET
JUNE 15 2017..........SUNRISE   514 AM CDT   SUNSET   905 PM CDT
JUNE 16 2017..........SUNRISE   514 AM CDT   SUNSET   905 PM CDT


-  INDICATES NEGATIVE NUMBERS.
R  INDICATES RECORD WAS SET OR TIED.
MM INDICATES DATA IS MISSING.
T  INDICATES TRACE AMOUNT.




$$
