000
CDUS43 KDLH 090646
CLIDLH


CLIMATE REPORT
NATIONAL WEATHER SERVICE DULUTH MN
146 AM CDT SAT JUL 9 2016


...................................

...THE DULUTH MN CLIMATE SUMMARY FOR JULY 8 2016...

CLIMATE NORMAL PERIOD 1981 TO 2010
CLIMATE RECORD PERIOD 1870 TO 2016


WEATHER ITEM   OBSERVED TIME   RECORD YEAR NORMAL DEPARTURE LAST
                VALUE   (LST)  VALUE       VALUE  FROM      YEAR
                                                  NORMAL
..................................................................
TEMPERATURE (F)
 YESTERDAY
  MAXIMUM         71    156 PM  98    1936  76     -5       72
  MINIMUM         54   1158 PM  37    1961  55     -1       52
  AVERAGE         63                        65     -2       62

PRECIPITATION (IN)
  YESTERDAY        0.23          1.93 1889   0.13   0.10     0.00
  MONTH TO DATE    0.84                      1.16  -0.32     1.99
  SINCE JUN 1      5.30                      5.39  -0.09     5.63
  SINCE JAN 1     15.41                     14.31   1.10    12.02

SNOWFALL (IN)
  YESTERDAY        0.0           T    1992   0.0    0.0      0.0
  MONTH TO DATE    0.0                       0.0    0.0      0.0
  SINCE JUN 1      T                         0.0    0.0       T
  SINCE JUL 1      0.0                       0.0    0.0      0.0
  SNOW DEPTH       0

DEGREE DAYS
 HEATING
  YESTERDAY        2                         2      0        3
  MONTH TO DATE    9                        22    -13       13
  SINCE JUN 1    151                       201    -50      134
  SINCE JUL 1      9                        22    -13       13

 COOLING
  YESTERDAY        0                         3     -3        0
  MONTH TO DATE   17                        21     -4       12
  SINCE JUN 1     60                        51      9       34
  SINCE JAN 1     69                        55     14       38
..................................................................


WIND (MPH)
  HIGHEST WIND SPEED    18   HIGHEST WIND DIRECTION     N (10)
  HIGHEST GUST SPEED    25   HIGHEST GUST DIRECTION     N (20)
  AVERAGE WIND SPEED     9.0


SKY COVER
  AVERAGE SKY COVER 0.9


WEATHER CONDITIONS
 THE FOLLOWING WEATHER WAS RECORDED YESTERDAY.
  THUNDERSTORM
  RAIN
  LIGHT RAIN
  FOG
  FOG W/VISIBILITY <= 1/4 MILE


RELATIVE HUMIDITY (PERCENT)
 HIGHEST   100          1200 AM
 LOWEST     73          1000 AM
 AVERAGE    87

..........................................................


THE DULUTH MN CLIMATE NORMALS FOR TODAY
                         NORMAL    RECORD    YEAR
 MAXIMUM TEMPERATURE (F)   76        98      1936
 MINIMUM TEMPERATURE (F)   55        42      1997


SUNRISE AND SUNSET
JULY  9 2016..........SUNRISE   524 AM CDT   SUNSET   903 PM CDT
JULY 10 2016..........SUNRISE   525 AM CDT   SUNSET   902 PM CDT


-  INDICATES NEGATIVE NUMBERS.
R  INDICATES RECORD WAS SET OR TIED.
MM INDICATES DATA IS MISSING.
T  INDICATES TRACE AMOUNT.




$$
