000
CDUS43 KDLH 210625
CLIDLH


CLIMATE REPORT
NATIONAL WEATHER SERVICE DULUTH MN
1225 AM CST WED JAN 21 2015


...................................

...THE DULUTH MN CLIMATE SUMMARY FOR JANUARY 20 2015...

CLIMATE NORMAL PERIOD 1981 TO 2010
CLIMATE RECORD PERIOD 1870 TO 2015


WEATHER ITEM   OBSERVED TIME   RECORD YEAR NORMAL DEPARTURE LAST
                VALUE   (LST)  VALUE       VALUE  FROM      YEAR
                                                  NORMAL
..................................................................
TEMPERATURE (F)
 YESTERDAY
  MAXIMUM         25    334 PM  46    1908  19      6       13
                                      1891
  MINIMUM         23   1159 PM -35    1996   1     22      -13
  AVERAGE         24                        10     14        0

PRECIPITATION (IN)
  YESTERDAY        T             0.44 1894   0.03  -0.03      T
  MONTH TO DATE    0.30                      0.67  -0.37     0.54
  SINCE DEC 1      1.56                      1.88  -0.32     3.42
  SINCE JAN 1      0.30                      0.67  -0.37     0.54

SNOWFALL (IN)
  YESTERDAY        T             7.2  1982   0.7   -0.7      0.6
  MONTH TO DATE    4.8                      13.4   -8.6      5.8
  SINCE DEC 1     13.4                      31.1  -17.7     45.7
  SINCE JUL 1     29.9                      47.2  -17.3     50.7
  SNOW DEPTH       7

DEGREE DAYS
 HEATING
  YESTERDAY       41                        55    -14       65
  MONTH TO DATE 1145                      1097     48     1205
  SINCE DEC 1   2486                      2653   -167     3071
  SINCE JUL 1   4701                      4866   -165     5028

 COOLING
  YESTERDAY        0                         0      0        0
  MONTH TO DATE    0                         0      0        0
  SINCE DEC 1      0                         0      0        0
  SINCE JAN 1      0                         0      0        0
..................................................................


WIND (MPH)
  HIGHEST WIND SPEED    17   HIGHEST WIND DIRECTION     E (100)
  HIGHEST GUST SPEED    22   HIGHEST GUST DIRECTION     E (90)
  AVERAGE WIND SPEED     7.6


SKY COVER
  AVERAGE SKY COVER 0.8


WEATHER CONDITIONS
 THE FOLLOWING WEATHER WAS RECORDED YESTERDAY.
  LIGHT SNOW
  FOG


RELATIVE HUMIDITY (PERCENT)
 HIGHEST    88           400 AM
 LOWEST     74           300 PM
 AVERAGE    81

..........................................................


THE DULUTH MN CLIMATE NORMALS FOR TODAY
                         NORMAL    RECORD    YEAR
 MAXIMUM TEMPERATURE (F)   19        45      1900
 MINIMUM TEMPERATURE (F)    1       -33      1883


SUNRISE AND SUNSET
JANUARY 21 2015.......SUNRISE   745 AM CST   SUNSET   455 PM CST
JANUARY 22 2015.......SUNRISE   744 AM CST   SUNSET   457 PM CST


-  INDICATES NEGATIVE NUMBERS.
R  INDICATES RECORD WAS SET OR TIED.
MM INDICATES DATA IS MISSING.
T  INDICATES TRACE AMOUNT.




$$
