000
CDUS43 KDLH 102227
CLIDLH


CLIMATE REPORT
NATIONAL WEATHER SERVICE DULUTH MN
526 PM CDT SUN MAY 10 2015


...................................

...THE DULUTH MN CLIMATE SUMMARY FOR MAY 10 2015...
VALID TODAY AS OF 0500 PM LOCAL TIME.

CLIMATE NORMAL PERIOD 1981 TO 2010
CLIMATE RECORD PERIOD 1870 TO 2015


WEATHER ITEM   OBSERVED TIME   RECORD YEAR NORMAL DEPARTURE LAST
                VALUE   (LST)  VALUE       VALUE  FROM      YEAR
                                                  NORMAL
..................................................................
TEMPERATURE (F)
 TODAY
  MAXIMUM         42   1027 AM  86    2007  61    -19       68
                                      1896
  MINIMUM         37    124 AM  23    1981  39     -2       36
  AVERAGE         40                        50    -10       52

PRECIPITATION (IN)
  TODAY            T             1.22 1953   0.10  -0.10     0.01
  MONTH TO DATE    0.50                      1.01  -0.51     1.33
  SINCE MAR 1      2.32                      4.93  -2.61     6.54
  SINCE JAN 1      3.16                      6.70  -3.54     9.39

SNOWFALL (IN)
  TODAY            0.0           5.5  1902   0.0    0.0      0.0
  MONTH TO DATE    0.0                       0.3   -0.3       T
  SINCE JUL 1     49.2                      86.0  -36.8    131.0
  SNOW DEPTH       0

DEGREE DAYS
 HEATING
  TODAY           25                        15     10       13
  MONTH TO DATE  121                       168    -47      210
  SINCE MAR 1   1855                      2140   -285     2535
  SINCE JUL 1   8694                      9007   -313     9976

 COOLING
  TODAY            0                         0      0        0
  MONTH TO DATE    0                         0      0        0
  SINCE MAR 1      0                         0      0        0
  SINCE JAN 1      0                         0      0        0
..................................................................


WIND (MPH)
  HIGHEST WIND SPEED    30   HIGHEST WIND DIRECTION     E (80)
  HIGHEST GUST SPEED    39   HIGHEST GUST DIRECTION     E (90)
  AVERAGE WIND SPEED    17.0


SKY COVER
  POSSIBLE SUNSHINE  MM
  AVERAGE SKY COVER 0.6


WEATHER CONDITIONS
 THE FOLLOWING WEATHER WAS RECORDED TODAY.
  NO SIGNIFICANT WEATHER WAS OBSERVED.


RELATIVE HUMIDITY (PERCENT)
 HIGHEST    85           100 AM
 LOWEST     64           500 AM
 AVERAGE    75

..........................................................


THE DULUTH MN CLIMATE NORMALS FOR TOMORROW
                         NORMAL    RECORD    YEAR
 MAXIMUM TEMPERATURE (F)   61        83      1991
 MINIMUM TEMPERATURE (F)   39        23      1963
                                             1946


SUNRISE AND SUNSET
MAY 10 2015...........SUNRISE   541 AM CDT   SUNSET   830 PM CDT
MAY 11 2015...........SUNRISE   539 AM CDT   SUNSET   832 PM CDT


-  INDICATES NEGATIVE NUMBERS.
R  INDICATES RECORD WAS SET OR TIED.
MM INDICATES DATA IS MISSING.
T  INDICATES TRACE AMOUNT.




$$
