000
CDUS43 KDLH 292231
CLIDLH


CLIMATE REPORT
NATIONAL WEATHER SERVICE DULUTH MN
529 PM CDT FRI SEP 29 2017


...................................

...THE DULUTH CLIMATE SUMMARY FOR SEPTEMBER 29 2017...
VALID TODAY AS OF 0500 PM LOCAL TIME.

CLIMATE NORMAL PERIOD 1981 TO 2010
CLIMATE RECORD PERIOD 1870 TO 2017


WEATHER ITEM   OBSERVED TIME   RECORD YEAR NORMAL DEPARTURE LAST
                VALUE   (LST)  VALUE       VALUE  FROM      YEAR
                                                  NORMAL
..................................................................
TEMPERATURE (F)
 TODAY
  MAXIMUM         55    304 PM  83    1892  59     -4       62
  MINIMUM         43    632 AM  25    1984  41      2       50
  AVERAGE         49                        50     -1       56

PRECIPITATION (IN)
  TODAY            0.00          2.88 1881   0.13  -0.13     0.00
  MONTH TO DATE    3.55                      3.99  -0.44     3.52
  SINCE SEP 1      3.55                      3.99  -0.44     3.52
  SINCE JAN 1     31.24                     24.69   6.55    27.44

SNOWFALL (IN)
  TODAY            0.0           T    1993   0.0    0.0      0.0
  MONTH TO DATE    T                         0.1   -0.1      0.0
  SINCE JUL 1      T                         0.1   -0.1      0.0
  SNOW DEPTH       0

DEGREE DAYS
 HEATING
  TODAY           16                        15      1        9
  MONTH TO DATE  197                       281    -84      152
  SINCE SEP 1    197                       281    -84      152
  SINCE JUL 1    367                       430    -63      206

 COOLING
  TODAY            0                         0      0        0
  MONTH TO DATE   26                        13     13       14
  SINCE SEP 1     26                        13     13       14
  SINCE JAN 1    126                       203    -77      281
..................................................................


WIND (MPH)
  HIGHEST WIND SPEED    14   HIGHEST WIND DIRECTION     N (360)
  HIGHEST GUST SPEED    18   HIGHEST GUST DIRECTION     N (350)
  AVERAGE WIND SPEED     8.1


SKY COVER
  AVERAGE SKY COVER 0.4


WEATHER CONDITIONS
 THE FOLLOWING WEATHER WAS RECORDED TODAY.
  NO SIGNIFICANT WEATHER WAS OBSERVED.


RELATIVE HUMIDITY (PERCENT)
 HIGHEST   100           200 AM
 LOWEST     61           100 PM
 AVERAGE    81

..........................................................


THE DULUTH CLIMATE NORMALS FOR TOMORROW
                         NORMAL    RECORD    YEAR
 MAXIMUM TEMPERATURE (F)   59        82      1897
 MINIMUM TEMPERATURE (F)   40        26      1972


SUNRISE AND SUNSET
SEPTEMBER 29 2017.....SUNRISE   705 AM CDT   SUNSET   652 PM CDT
SEPTEMBER 30 2017.....SUNRISE   706 AM CDT   SUNSET   650 PM CDT


-  INDICATES NEGATIVE NUMBERS.
R  INDICATES RECORD WAS SET OR TIED.
MM INDICATES DATA IS MISSING.
T  INDICATES TRACE AMOUNT.




$$
