000
CDUS43 KDLH 080632
CLIDLH


CLIMATE REPORT
NATIONAL WEATHER SERVICE DULUTH MN
130 AM CDT SAT APR 8 2017


...................................

...THE DULUTH MN CLIMATE SUMMARY FOR APRIL 7 2017...

CLIMATE NORMAL PERIOD 1981 TO 2010
CLIMATE RECORD PERIOD 1870 TO 2017


WEATHER ITEM   OBSERVED TIME   RECORD YEAR NORMAL DEPARTURE LAST
                VALUE   (LST)  VALUE       VALUE  FROM      YEAR
                                                  NORMAL
..................................................................
TEMPERATURE (F)
 YESTERDAY
  MAXIMUM         58    428 PM  73    1931  45     13       34
  MINIMUM         24    304 AM   2    1936  26     -2       29
  AVERAGE         41                        36      5       32

PRECIPITATION (IN)
  YESTERDAY        0.00          1.86 2001   0.07  -0.07     0.04
  MONTH TO DATE    0.11                      0.45  -0.34     0.67
  SINCE MAR 1      1.16                      1.94  -0.78     4.63
  SINCE JAN 1      4.12                      3.71   0.41     6.51

SNOWFALL (IN)
  YESTERDAY        0.0           4.8  1951   0.3   -0.3      1.3
  MONTH TO DATE    0.0                       2.2   -2.2      9.2
  SINCE MAR 1      5.3                      15.4  -10.1     26.5
  SINCE JUL 1     64.3                      81.0  -16.7     80.7
  SNOW DEPTH       0

DEGREE DAYS
 HEATING
  YESTERDAY       24                        29     -5       33
  MONTH TO DATE  151                       215    -64      256
  SINCE MAR 1   1344                      1425    -81     1284
  SINCE JUL 1   7034                      8292  -1258     7121

 COOLING
  YESTERDAY        0                         0      0        0
  MONTH TO DATE    0                         0      0        0
  SINCE MAR 1      0                         0      0        0
  SINCE JAN 1      0                         0      0        0
..................................................................


WIND (MPH)
  HIGHEST WIND SPEED    18   HIGHEST WIND DIRECTION     S (190)
  HIGHEST GUST SPEED    23   HIGHEST GUST DIRECTION     S (180)
  AVERAGE WIND SPEED     7.3


SKY COVER
  AVERAGE SKY COVER 0.0


WEATHER CONDITIONS
 THE FOLLOWING WEATHER WAS RECORDED YESTERDAY.
  NO SIGNIFICANT WEATHER WAS OBSERVED.


RELATIVE HUMIDITY (PERCENT)
 HIGHEST    81           600 AM
 LOWEST     23           300 PM
 AVERAGE    52

..........................................................


THE DULUTH MN CLIMATE NORMALS FOR TODAY
                         NORMAL    RECORD    YEAR
 MAXIMUM TEMPERATURE (F)   45        74      1987
 MINIMUM TEMPERATURE (F)   27         5      1974
                                             1972
                                             1885


SUNRISE AND SUNSET
APRIL  8 2017.........SUNRISE   634 AM CDT   SUNSET   748 PM CDT
APRIL  9 2017.........SUNRISE   632 AM CDT   SUNSET   749 PM CDT


-  INDICATES NEGATIVE NUMBERS.
R  INDICATES RECORD WAS SET OR TIED.
MM INDICATES DATA IS MISSING.
T  INDICATES TRACE AMOUNT.




$$
