000
CDUS43 KDLH 042213
CLIDLH


CLIMATE REPORT
NATIONAL WEATHER SERVICE DULUTH MN
413 PM CST TUE NOV 4 2014


...................................

...THE DULUTH MN CLIMATE SUMMARY FOR NOVEMBER 4 2014...
VALID TODAY AS OF 0400 PM LOCAL TIME.

CLIMATE NORMAL PERIOD 1981 TO 2010
CLIMATE RECORD PERIOD 1870 TO 2014


WEATHER ITEM   OBSERVED TIME   RECORD YEAR NORMAL DEPARTURE LAST
                VALUE   (LST)  VALUE       VALUE  FROM      YEAR
                                                  NORMAL
..................................................................
TEMPERATURE (F)
 TODAY
  MAXIMUM         45   1042 AM  69    1975  42      3       45
  MINIMUM         41   1130 AM   4    1991  28     13       34
                                      1951
  AVERAGE         43                        35      8       40

PRECIPITATION (IN)
  TODAY            0.28          1.02 1880   0.07   0.21     0.28
  MONTH TO DATE    0.33                      0.29   0.04     0.28
  SINCE SEP 1      3.77                      7.25  -3.48     5.47
  SINCE JAN 1     28.72                     27.95   0.77    27.06

SNOWFALL (IN)
  TODAY           MM             6.3  1993   0.3   MM        0.0
  MONTH TO DATE    0.0                       1.1   -1.1      0.0
  SINCE JUL 1      0.1                       3.5   -3.4      0.3
  SNOW DEPTH       0

DEGREE DAYS
 HEATING
  TODAY           22                        30     -8       25
  MONTH TO DATE  103                       118    -15      107
  SINCE SEP 1    952                      1094   -142      885
  SINCE JUL 1   1029                      1243   -214      959

 COOLING
  TODAY            0                         0      0        0
  MONTH TO DATE    0                         0      0        0
  SINCE SEP 1      9                        14     -5       24
  SINCE JAN 1    179                       204    -25      375
..................................................................


WIND (MPH)
  HIGHEST WIND SPEED    24   HIGHEST WIND DIRECTION     S (180)
  HIGHEST GUST SPEED    31   HIGHEST GUST DIRECTION     S (170)
  AVERAGE WIND SPEED    12.7


SKY COVER
  POSSIBLE SUNSHINE  MM
  AVERAGE SKY COVER 1.0


WEATHER CONDITIONS
 THE FOLLOWING WEATHER WAS RECORDED TODAY.
  LIGHT RAIN
  FOG


RELATIVE HUMIDITY (PERCENT)
 HIGHEST    89          1200 AM
 LOWEST     59           300 PM
 AVERAGE    74

..........................................................


THE DULUTH MN CLIMATE NORMALS FOR TOMORROW
                         NORMAL    RECORD    YEAR
 MAXIMUM TEMPERATURE (F)   42        68      1975
 MINIMUM TEMPERATURE (F)   27         6      1951


SUNRISE AND SUNSET
NOVEMBER  4 2014......SUNRISE   656 AM CST   SUNSET   448 PM CST
NOVEMBER  5 2014......SUNRISE   657 AM CST   SUNSET   447 PM CST


-  INDICATES NEGATIVE NUMBERS.
R  INDICATES RECORD WAS SET OR TIED.
MM INDICATES DATA IS MISSING.
T  INDICATES TRACE AMOUNT.




$$
