000
CDUS43 KDLH 190624
CLIDLH


CLIMATE REPORT
NATIONAL WEATHER SERVICE DULUTH MN
1223 AM CST MON JAN 19 2015


...................................

...THE DULUTH MN CLIMATE SUMMARY FOR JANUARY 18 2015...

CLIMATE NORMAL PERIOD 1981 TO 2010
CLIMATE RECORD PERIOD 1870 TO 2015


WEATHER ITEM   OBSERVED TIME   RECORD YEAR NORMAL DEPARTURE LAST
                VALUE   (LST)  VALUE       VALUE  FROM      YEAR
                                                  NORMAL
..................................................................
TEMPERATURE (F)
 YESTERDAY
  MAXIMUM         32   1042 AM  44    1891  19     13       21
  MINIMUM         16   1022 PM -33    1994   1     15        4
  AVERAGE         24                        10     14       13

PRECIPITATION (IN)
  YESTERDAY        T             0.32 2013   0.03  -0.03      T
  MONTH TO DATE    0.30                      0.61  -0.31     0.54
  SINCE DEC 1      1.56                      1.82  -0.26     3.42
  SINCE JAN 1      0.30                      0.61  -0.31     0.54

SNOWFALL (IN)
  YESTERDAY        T             8.6  1996   0.7   -0.7       T
  MONTH TO DATE    4.8                      12.1   -7.3      5.2
  SINCE DEC 1     13.4                      29.8  -16.4     45.1
  SINCE JUL 1     29.9                      45.9  -16.0     50.1
  SNOW DEPTH       7

DEGREE DAYS
 HEATING
  YESTERDAY       41                        55    -14       52
  MONTH TO DATE 1061                       987     74     1096
  SINCE DEC 1   2402                      2543   -141     2962
  SINCE JUL 1   4617                      4756   -139     4919

 COOLING
  YESTERDAY        0                         0      0        0
  MONTH TO DATE    0                         0      0        0
  SINCE DEC 1      0                         0      0        0
  SINCE JAN 1      0                         0      0        0
..................................................................


WIND (MPH)
  HIGHEST WIND SPEED    22   HIGHEST WIND DIRECTION    NW (310)
  HIGHEST GUST SPEED    32   HIGHEST GUST DIRECTION    NW (310)
  AVERAGE WIND SPEED    10.3


SKY COVER
  AVERAGE SKY COVER 0.9


WEATHER CONDITIONS
 THE FOLLOWING WEATHER WAS RECORDED YESTERDAY.
  LT FREEZING RAIN
  LIGHT SNOW


RELATIVE HUMIDITY (PERCENT)
 HIGHEST    85           500 AM
 LOWEST     53           200 PM
 AVERAGE    69

..........................................................


THE DULUTH MN CLIMATE NORMALS FOR TODAY
                         NORMAL    RECORD    YEAR
 MAXIMUM TEMPERATURE (F)   19        44      1900
 MINIMUM TEMPERATURE (F)    1       -32      1994


SUNRISE AND SUNSET
JANUARY 19 2015.......SUNRISE   746 AM CST   SUNSET   452 PM CST
JANUARY 20 2015.......SUNRISE   746 AM CST   SUNSET   454 PM CST


-  INDICATES NEGATIVE NUMBERS.
R  INDICATES RECORD WAS SET OR TIED.
MM INDICATES DATA IS MISSING.
T  INDICATES TRACE AMOUNT.




$$
