000
CDUS43 KDLH 210641
CLIDLH


CLIMATE REPORT
NATIONAL WEATHER SERVICE DULUTH MN
140 AM CDT SUN JUN 21 2015


...................................

...THE DULUTH MN CLIMATE SUMMARY FOR JUNE 20 2015...

CLIMATE NORMAL PERIOD 1981 TO 2010
CLIMATE RECORD PERIOD 1870 TO 2015


WEATHER ITEM   OBSERVED TIME   RECORD YEAR NORMAL DEPARTURE LAST
                VALUE   (LST)  VALUE       VALUE  FROM      YEAR
                                                  NORMAL
..................................................................
TEMPERATURE (F)
 YESTERDAY
  MAXIMUM         74    604 PM  88    1995  72      2       57
  MINIMUM         52   1131 PM  31    1992  51      1       48
  AVERAGE         63                        61      2       53

PRECIPITATION (IN)
  YESTERDAY        0.53          3.11 2012   0.15   0.38     0.19
  MONTH TO DATE    1.33                      2.69  -1.36     3.30
  SINCE JUN 1      1.33                      2.69  -1.36     3.30
  SINCE JAN 1      7.72                     11.61  -3.89    15.73

SNOWFALL (IN)
  YESTERDAY        0.0           0.0  2002   0.0    0.0      0.0
                                      2001
  MONTH TO DATE    0.0                       0.0    0.0       T
  SINCE JUN 1      0.0                       0.0    0.0       T
  SINCE JUL 1     49.2                      86.1  -36.9    131.0
  SNOW DEPTH       0

DEGREE DAYS
 HEATING
  YESTERDAY        2                         5     -3       12
  MONTH TO DATE  110                       140    -30      116
  SINCE JUN 1    110                       140    -30      116
  SINCE JUL 1   9092                      9405   -313    10296

 COOLING
  YESTERDAY        0                         1     -1        0
  MONTH TO DATE    5                        11     -6        8
  SINCE JUN 1      5                        11     -6        8
  SINCE JAN 1      9                        15     -6       26
..................................................................


WIND (MPH)
  HIGHEST WIND SPEED    13   HIGHEST WIND DIRECTION     S (190)
  HIGHEST GUST SPEED    17   HIGHEST GUST DIRECTION     S (190)
  AVERAGE WIND SPEED     5.7


SKY COVER
  AVERAGE SKY COVER 0.7


WEATHER CONDITIONS
 THE FOLLOWING WEATHER WAS RECORDED YESTERDAY.
  THUNDERSTORM
  HEAVY RAIN
  RAIN
  LIGHT RAIN
  FOG


RELATIVE HUMIDITY (PERCENT)
 HIGHEST    93           100 PM
 LOWEST     66           700 PM
 AVERAGE    80

..........................................................


THE DULUTH MN CLIMATE NORMALS FOR TODAY
                         NORMAL    RECORD    YEAR
 MAXIMUM TEMPERATURE (F)   72        90      1911
                                             1910
 MINIMUM TEMPERATURE (F)   51        30      1992


SUNRISE AND SUNSET
JUNE 21 2015..........SUNRISE   514 AM CDT   SUNSET   907 PM CDT
JUNE 22 2015..........SUNRISE   515 AM CDT   SUNSET   907 PM CDT


-  INDICATES NEGATIVE NUMBERS.
R  INDICATES RECORD WAS SET OR TIED.
MM INDICATES DATA IS MISSING.
T  INDICATES TRACE AMOUNT.




$$
