000
CDUS43 KDLH 202229
CLIDLH


CLIMATE REPORT
NATIONAL WEATHER SERVICE DULUTH MN
528 PM CDT THU AUG 20 2015


...................................

...THE DULUTH MN CLIMATE SUMMARY FOR AUGUST 20 2015...
VALID TODAY AS OF 0500 PM LOCAL TIME.

CLIMATE NORMAL PERIOD 1981 TO 2010
CLIMATE RECORD PERIOD 1870 TO 2015


WEATHER ITEM   OBSERVED TIME   RECORD YEAR NORMAL DEPARTURE LAST
                VALUE   (LST)  VALUE       VALUE  FROM      YEAR
                                                  NORMAL
..................................................................
TEMPERATURE (F)
 TODAY
  MAXIMUM         66    359 PM  91    2013  74     -8       72
  MINIMUM         50    613 AM  36    2004  54     -4       59
  AVERAGE         58                        64     -6       66

PRECIPITATION (IN)
  TODAY            0.02          2.95 1972   0.12  -0.10     0.00
  MONTH TO DATE    3.33                      2.34   0.99     3.60
  SINCE JUN 1      9.98                     10.42  -0.44    11.49
  SINCE JAN 1     16.37                     19.34  -2.97    23.92

SNOWFALL (IN)
  TODAY            0.0           0.0  2002   0.0    0.0      0.0
                                      2001
  MONTH TO DATE    0.0                       0.0    0.0      0.0
  SINCE JUL 1      0.0                       0.0    0.0      0.0
  SNOW DEPTH       0

DEGREE DAYS
 HEATING
  TODAY            7                         3      4        0
  MONTH TO DATE   36                        44     -8       17
  SINCE JUN 1    172                       286   -114      219
  SINCE JUL 1     51                       107    -56       57

 COOLING
  TODAY            0                         2     -2        1
  MONTH TO DATE   72                        50     22       32
  SINCE JUN 1    250                       170     80      146
  SINCE JAN 1    254                       174     80      164
..................................................................


WIND (MPH)
  HIGHEST WIND SPEED    17   HIGHEST WIND DIRECTION    NW (320)
  HIGHEST GUST SPEED    23   HIGHEST GUST DIRECTION    NW (330)
  AVERAGE WIND SPEED    13.9


SKY COVER
  POSSIBLE SUNSHINE  MM
  AVERAGE SKY COVER 0.8


WEATHER CONDITIONS
 THE FOLLOWING WEATHER WAS RECORDED TODAY.
  LIGHT RAIN
  FOG
  HAZE


RELATIVE HUMIDITY (PERCENT)
 HIGHEST    96          1200 AM
 LOWEST     48           400 PM
 AVERAGE    72

..........................................................


THE DULUTH MN CLIMATE NORMALS FOR TOMORROW
                         NORMAL    RECORD    YEAR
 MAXIMUM TEMPERATURE (F)   74        90      1976
 MINIMUM TEMPERATURE (F)   54        37      2004


SUNRISE AND SUNSET
AUGUST 20 2015........SUNRISE   613 AM CDT   SUNSET   811 PM CDT
AUGUST 21 2015........SUNRISE   614 AM CDT   SUNSET   809 PM CDT


-  INDICATES NEGATIVE NUMBERS.
R  INDICATES RECORD WAS SET OR TIED.
MM INDICATES DATA IS MISSING.
T  INDICATES TRACE AMOUNT.




$$
