000
CDUS43 KDLH 030624
CLIDLH


CLIMATE REPORT
NATIONAL WEATHER SERVICE DULUTH MN
123 AM CDT WED SEP 3 2014


...................................

...THE DULUTH MN CLIMATE SUMMARY FOR SEPTEMBER 2 2014...

CLIMATE NORMAL PERIOD 1981 TO 2010
CLIMATE RECORD PERIOD 1870 TO 2014


WEATHER ITEM   OBSERVED TIME   RECORD YEAR NORMAL DEPARTURE LAST
                VALUE   (LST)  VALUE       VALUE  FROM      YEAR
                                                  NORMAL
..................................................................
TEMPERATURE (F)
 YESTERDAY
  MAXIMUM         76    231 PM  92    1983  70      6       67
  MINIMUM         51    608 AM  34    1974  51      0       48
                                      1946
  AVERAGE         64                        61      3       58

PRECIPITATION (IN)
  YESTERDAY        T             2.20 1985   0.13  -0.13      T
  MONTH TO DATE    0.25                      0.27  -0.02      T
  SINCE SEP 1      0.25                      0.27  -0.02      T
  SINCE JAN 1     25.20                     20.97   4.23    21.59

SNOWFALL (IN)
  YESTERDAY        0.0           0.0  2002   0.0    0.0      0.0
                                      2001
  MONTH TO DATE    0.0                       0.0    0.0      0.0
  SINCE SEP 1      0.0                       0.0    0.0      0.0
  SINCE JUL 1      0.0                       0.0    0.0      0.0
  SNOW DEPTH       0

DEGREE DAYS
 HEATING
  YESTERDAY        1                         5     -4        7
  MONTH TO DATE    2                        10     -8        7
  SINCE SEP 1      2                        10     -8        7
  SINCE JUL 1     79                       159    -80       81

 COOLING
  YESTERDAY        0                         1     -1        0
  MONTH TO DATE    0                         2     -2        0
  SINCE SEP 1      0                         2     -2        0
  SINCE JAN 1    170                       192    -22      351
..................................................................


WIND (MPH)
  HIGHEST WIND SPEED    23   HIGHEST WIND DIRECTION     W (260)
  HIGHEST GUST SPEED    30   HIGHEST GUST DIRECTION    SW (240)
  AVERAGE WIND SPEED     9.2


SKY COVER
  AVERAGE SKY COVER 0.2


WEATHER CONDITIONS
 THE FOLLOWING WEATHER WAS RECORDED YESTERDAY.
  NO SIGNIFICANT WEATHER WAS OBSERVED.


RELATIVE HUMIDITY (PERCENT)
 HIGHEST    89           500 AM
 LOWEST     38          1200 PM
 AVERAGE    64

..........................................................


THE DULUTH MN CLIMATE NORMALS FOR TODAY
                         NORMAL    RECORD    YEAR
 MAXIMUM TEMPERATURE (F)   70        89      1960
 MINIMUM TEMPERATURE (F)   51        32      1974


SUNRISE AND SUNSET
SEPTEMBER  3 2014.....SUNRISE   631 AM CDT   SUNSET   744 PM CDT
SEPTEMBER  4 2014.....SUNRISE   632 AM CDT   SUNSET   742 PM CDT


-  INDICATES NEGATIVE NUMBERS.
R  INDICATES RECORD WAS SET OR TIED.
MM INDICATES DATA IS MISSING.
T  INDICATES TRACE AMOUNT.




$$
