000
CDUS43 KDLH 090021
CLIDLH


CLIMATE REPORT
NATIONAL WEATHER SERVICE DULUTH MN
621 PM CST FRI DEC 8 2017


...................................

...THE DULUTH CLIMATE SUMMARY FOR DECEMBER 8 2017...
VALID TODAY AS OF 0500 PM LOCAL TIME.

CLIMATE NORMAL PERIOD 1981 TO 2010
CLIMATE RECORD PERIOD 1870 TO 2017


WEATHER ITEM   OBSERVED TIME   RECORD YEAR NORMAL DEPARTURE LAST
                VALUE   (LST)  VALUE       VALUE  FROM      YEAR
                                                  NORMAL
..................................................................
TEMPERATURE (F)
 TODAY
  MAXIMUM         22    427 PM  45    1990  24     -2       23
  MINIMUM         16    916 AM -23    1932  10      6       12
                                      1876
  AVERAGE         19                        17      2       18

PRECIPITATION (IN)
  TODAY            0.04          0.69 1963   0.04   0.00     0.01
  MONTH TO DATE    0.15                      0.36  -0.21     0.46
  SINCE DEC 1      0.15                      0.36  -0.21     0.46
  SINCE JAN 1     36.10                     30.11   5.99    32.05

SNOWFALL (IN)
  TODAY            1.6          11.9  1969   0.5    1.1      0.2
  MONTH TO DATE    1.7                       4.3   -2.6      6.9
  SINCE JUL 1     23.3                      20.4    2.9     15.0
  SNOW DEPTH       2

DEGREE DAYS
 HEATING
  TODAY           46                        48     -2       47
  MONTH TO DATE  325                       371    -46      306
  SINCE DEC 1    325                       371    -46      306
  SINCE JUL 1   2471                      2584   -113     1788

 COOLING
  TODAY            0                         0      0        0
  MONTH TO DATE    0                         0      0        0
  SINCE DEC 1      0                         0      0        0
  SINCE JAN 1    126                       204    -78      281
..................................................................


WIND (MPH)
  HIGHEST WIND SPEED    17   HIGHEST WIND DIRECTION    NW (310)
  HIGHEST GUST SPEED    22   HIGHEST GUST DIRECTION    NW (330)
  AVERAGE WIND SPEED    10.6


SKY COVER
  AVERAGE SKY COVER 1.0


WEATHER CONDITIONS
 THE FOLLOWING WEATHER WAS RECORDED TODAY.
  LIGHT SNOW
  FOG


RELATIVE HUMIDITY (PERCENT)
 HIGHEST    84          1200 AM
 LOWEST     68           200 PM
 AVERAGE    76

..........................................................


THE DULUTH CLIMATE NORMALS FOR TOMORROW
                         NORMAL    RECORD    YEAR
 MAXIMUM TEMPERATURE (F)   24        54      1939
 MINIMUM TEMPERATURE (F)   10       -30      1876


SUNRISE AND SUNSET
DECEMBER  8 2017......SUNRISE   741 AM CST   SUNSET   420 PM CST
DECEMBER  9 2017......SUNRISE   742 AM CST   SUNSET   420 PM CST


-  INDICATES NEGATIVE NUMBERS.
R  INDICATES RECORD WAS SET OR TIED.
MM INDICATES DATA IS MISSING.
T  INDICATES TRACE AMOUNT.




$$
