000
CDUS43 KDLH 270622
CLIDLH


CLIMATE REPORT
NATIONAL WEATHER SERVICE DULUTH MN
122 AM CDT THU MAR 27 2014


...................................

...THE DULUTH MN CLIMATE SUMMARY FOR MARCH 26 2014...

CLIMATE NORMAL PERIOD 1981 TO 2010
CLIMATE RECORD PERIOD 1870 TO 2014


WEATHER ITEM   OBSERVED TIME   RECORD YEAR NORMAL DEPARTURE LAST
                VALUE   (LST)  VALUE       VALUE  FROM      YEAR
                                                  NORMAL
..................................................................
TEMPERATURE (F)
 YESTERDAY
  MAXIMUM         29   1037 PM  72    2007  39    -10       37
  MINIMUM         -1    227 AM -19    1965  22    -23       28
  AVERAGE         14                        30    -16       33

PRECIPITATION (IN)
  YESTERDAY        0.00          1.41 1950   0.05  -0.05      T
  MONTH TO DATE    0.91                      1.22  -0.31     1.57
  SINCE MAR 1      0.91                      1.22  -0.31     1.57
  SINCE JAN 1      3.76                      2.99   0.77     4.12

SNOWFALL (IN)
  YESTERDAY        0.0           4.5  1995   0.4   -0.4       T
  MONTH TO DATE   14.9                      11.7    3.2     25.5
  SINCE MAR 1     14.9                      11.7    3.2     25.5
  SINCE JUL 1     98.7                      77.3   21.4     78.3
  SNOW DEPTH      26

DEGREE DAYS
 HEATING
  YESTERDAY       51                        35     16       32
  MONTH TO DATE 1266                      1043    223     1183
  SINCE MAR 1   1266                      1043    223     1183
  SINCE JUL 1   8707                      7910    797     7691

 COOLING
  YESTERDAY        0                         0      0        0
  MONTH TO DATE    0                         0      0        0
  SINCE MAR 1      0                         0      0        0
  SINCE JAN 1      0                         0      0        0
..................................................................


WIND (MPH)
  HIGHEST WIND SPEED    21   HIGHEST WIND DIRECTION     E (110)
  HIGHEST GUST SPEED    26   HIGHEST GUST DIRECTION    SE (130)
  AVERAGE WIND SPEED    10.9


SKY COVER
  AVERAGE SKY COVER 0.6


WEATHER CONDITIONS
 THE FOLLOWING WEATHER WAS RECORDED YESTERDAY.
  NO SIGNIFICANT WEATHER WAS OBSERVED.


RELATIVE HUMIDITY (PERCENT)
 HIGHEST    79           200 AM
 LOWEST     50           300 PM
 AVERAGE    65

..........................................................


THE DULUTH MN CLIMATE NORMALS FOR TODAY
                         NORMAL    RECORD    YEAR
 MAXIMUM TEMPERATURE (F)   39        79      1946
 MINIMUM TEMPERATURE (F)   22        -8      1982


SUNRISE AND SUNSET
MARCH 27 2014.........SUNRISE   658 AM CDT   SUNSET   731 PM CDT
MARCH 28 2014.........SUNRISE   656 AM CDT   SUNSET   733 PM CDT


-  INDICATES NEGATIVE NUMBERS.
R  INDICATES RECORD WAS SET OR TIED.
MM INDICATES DATA IS MISSING.
T  INDICATES TRACE AMOUNT.




$$
