000
CDUS43 KDLH 292220
CLIDLH


CLIMATE REPORT
NATIONAL WEATHER SERVICE DULUTH MN
420 PM CST SUN JAN 29 2017


...................................

...THE DULUTH MN CLIMATE SUMMARY FOR JANUARY 29 2017...
VALID TODAY AS OF 0400 PM LOCAL TIME.

CLIMATE NORMAL PERIOD 1981 TO 2010
CLIMATE RECORD PERIOD 1870 TO 2017


WEATHER ITEM   OBSERVED TIME   RECORD YEAR NORMAL DEPARTURE LAST
                VALUE   (LST)  VALUE       VALUE  FROM      YEAR
                                                  NORMAL
..................................................................
TEMPERATURE (F)
 TODAY
  MAXIMUM         18    425 AM  46    1877  20     -2       29
  MINIMUM         12   1210 PM -35    1951   2     10        0
  AVERAGE         15                        11      4       15

PRECIPITATION (IN)
  TODAY            0.01          0.95 1881   0.03  -0.02     0.13
  MONTH TO DATE    0.83                      0.91  -0.08     1.05
  SINCE DEC 1      2.90                      2.12   0.78     4.75
  SINCE JAN 1      0.83                      0.91  -0.08     1.05

SNOWFALL (IN)
  TODAY            0.2           6.7  1969   0.5   -0.3      0.7
  MONTH TO DATE   11.0                      18.4   -7.4     13.0
  SINCE JUL 1     40.4                      52.2  -11.8     42.0
  SNOW DEPTH       8

DEGREE DAYS
 HEATING
  TODAY           50                        54     -4       50
  MONTH TO DATE 1417                      1590   -173     1545
  SINCE DEC 1   2929                      3146   -217     2732
  SINCE JUL 1   4411                      5359   -948     4395

 COOLING
  TODAY            0                         0      0        0
  MONTH TO DATE    0                         0      0        0
  SINCE DEC 1      0                         0      0        0
  SINCE JAN 1      0                         0      0        0
..................................................................


WIND (MPH)
  HIGHEST WIND SPEED    12   HIGHEST WIND DIRECTION    NW (310)
  HIGHEST GUST SPEED    21   HIGHEST GUST DIRECTION     N (340)
  AVERAGE WIND SPEED    10.5


SKY COVER
  POSSIBLE SUNSHINE  MM
  AVERAGE SKY COVER 0.8


WEATHER CONDITIONS
 THE FOLLOWING WEATHER WAS RECORDED TODAY.
  LIGHT SNOW
  FOG


RELATIVE HUMIDITY (PERCENT)
 HIGHEST    84           500 AM
 LOWEST     51           400 PM
 AVERAGE    68

..........................................................


THE DULUTH MN CLIMATE NORMALS FOR TOMORROW
                         NORMAL    RECORD    YEAR
 MAXIMUM TEMPERATURE (F)   20        44      1890
 MINIMUM TEMPERATURE (F)    2       -35      1994


SUNRISE AND SUNSET
JANUARY 29 2017.......SUNRISE   736 AM CST   SUNSET   508 PM CST
JANUARY 30 2017.......SUNRISE   735 AM CST   SUNSET   509 PM CST


-  INDICATES NEGATIVE NUMBERS.
R  INDICATES RECORD WAS SET OR TIED.
MM INDICATES DATA IS MISSING.
T  INDICATES TRACE AMOUNT.




$$
