000
CDUS43 KDLH 092225
CLIDLH


CLIMATE REPORT
NATIONAL WEATHER SERVICE DULUTH MN
523 PM CDT SAT MAY 9 2015


...................................

...THE DULUTH MN CLIMATE SUMMARY FOR MAY 9 2015...
VALID TODAY AS OF 0500 PM LOCAL TIME.

CLIMATE NORMAL PERIOD 1981 TO 2010
CLIMATE RECORD PERIOD 1870 TO 2015


WEATHER ITEM   OBSERVED TIME   RECORD YEAR NORMAL DEPARTURE LAST
                VALUE   (LST)  VALUE       VALUE  FROM      YEAR
                                                  NORMAL
..................................................................
TEMPERATURE (F)
 TODAY
  MAXIMUM         52    420 PM  88    1896  60     -8       46
  MINIMUM         41    434 AM  20    1966  39      2       37
  AVERAGE         47                        50     -3       42

PRECIPITATION (IN)
  TODAY            0.00          3.00 1979   0.11  -0.11     0.05
  MONTH TO DATE    0.50                      0.91  -0.41     1.32
  SINCE MAR 1      2.32                      4.83  -2.51     6.53
  SINCE JAN 1      3.16                      6.60  -3.44     9.38

SNOWFALL (IN)
  TODAY            0.0           0.2  1990   0.0    0.0      0.0
  MONTH TO DATE    0.0                       0.3   -0.3       T
  SINCE JUL 1     49.2                      86.0  -36.8    131.0
  SNOW DEPTH       0

DEGREE DAYS
 HEATING
  TODAY           18                        16      2       23
  MONTH TO DATE   94                       153    -59      197
  SINCE MAR 1   1828                      2125   -297     2522
  SINCE JUL 1   8667                      8992   -325     9963

 COOLING
  TODAY            0                         0      0        0
  MONTH TO DATE    0                         0      0        0
  SINCE MAR 1      0                         0      0        0
  SINCE JAN 1      0                         0      0        0
..................................................................


WIND (MPH)
  HIGHEST WIND SPEED    16   HIGHEST WIND DIRECTION    NE (60)
  HIGHEST GUST SPEED    19   HIGHEST GUST DIRECTION    NE (60)
  AVERAGE WIND SPEED    10.2


SKY COVER
  POSSIBLE SUNSHINE  MM
  AVERAGE SKY COVER 0.8


WEATHER CONDITIONS
 THE FOLLOWING WEATHER WAS RECORDED TODAY.
  NO SIGNIFICANT WEATHER WAS OBSERVED.


RELATIVE HUMIDITY (PERCENT)
 HIGHEST    76          1200 AM
 LOWEST     54           200 PM
 AVERAGE    65

..........................................................


THE DULUTH MN CLIMATE NORMALS FOR TOMORROW
                         NORMAL    RECORD    YEAR
 MAXIMUM TEMPERATURE (F)   61        86      2007
                                             1896
 MINIMUM TEMPERATURE (F)   39        23      1981


SUNRISE AND SUNSET
MAY  9 2015...........SUNRISE   542 AM CDT   SUNSET   829 PM CDT
MAY 10 2015...........SUNRISE   541 AM CDT   SUNSET   830 PM CDT


-  INDICATES NEGATIVE NUMBERS.
R  INDICATES RECORD WAS SET OR TIED.
MM INDICATES DATA IS MISSING.
T  INDICATES TRACE AMOUNT.




$$
