037
CDUS43 KDLH 080634
CLIDLH


CLIMATE REPORT
NATIONAL WEATHER SERVICE DULUTH MN
1231 AM CST FRI DEC 8 2017


...................................

...THE DULUTH MN CLIMATE SUMMARY FOR DECEMBER 7 2017...

CLIMATE NORMAL PERIOD 1981 TO 2010
CLIMATE RECORD PERIOD 1870 TO 2017


WEATHER ITEM   OBSERVED TIME   RECORD YEAR NORMAL DEPARTURE LAST
                VALUE   (LST)  VALUE       VALUE  FROM      YEAR
                                                  NORMAL
..................................................................
TEMPERATURE (F)
 YESTERDAY
  MAXIMUM         21   1236 PM  51    1939  25     -4       20
  MINIMUM          3    509 AM -26    1976  11     -8       15
  AVERAGE         12                        18     -6       18

PRECIPITATION (IN)
  YESTERDAY        T             0.74 1969   0.05  -0.05      T
  MONTH TO DATE    0.11                      0.32  -0.21     0.45
  SINCE DEC 1      0.11                      0.32  -0.21     0.45
  SINCE JAN 1     36.06                     30.07   5.99    32.04

SNOWFALL (IN)
  YESTERDAY        T             7.3  1969   0.6   -0.6      0.7
  MONTH TO DATE    0.1                       3.8   -3.7      6.7
  SINCE DEC 1      0.1                       3.8   -3.7      6.7
  SINCE JUL 1     21.7                      19.9    1.8     14.8
  SNOW DEPTH       T

DEGREE DAYS
 HEATING
  YESTERDAY       53                        47      6       47
  MONTH TO DATE  279                       323    -44      259
  SINCE DEC 1    279                       323    -44      259
  SINCE JUL 1   2425                      2536   -111     1741

 COOLING
  YESTERDAY        0                         0      0        0
  MONTH TO DATE    0                         0      0        0
  SINCE DEC 1      0                         0      0        0
  SINCE JAN 1    126                       204    -78      281
..................................................................


WIND (MPH)
  HIGHEST WIND SPEED    23   HIGHEST WIND DIRECTION    NW (320)
  HIGHEST GUST SPEED    32   HIGHEST GUST DIRECTION    NW (320)
  AVERAGE WIND SPEED    14.7


SKY COVER
  AVERAGE SKY COVER 0.6


WEATHER CONDITIONS
 THE FOLLOWING WEATHER WAS RECORDED YESTERDAY.
  LIGHT SNOW


RELATIVE HUMIDITY (PERCENT)
 HIGHEST    86           300 AM
 LOWEST     51          1200 PM
 AVERAGE    69

..........................................................


THE DULUTH MN CLIMATE NORMALS FOR TODAY
                         NORMAL    RECORD    YEAR
 MAXIMUM TEMPERATURE (F)   24        45      1990
 MINIMUM TEMPERATURE (F)   10       -23      1932
                                             1876


SUNRISE AND SUNSET
DECEMBER  8 2017......SUNRISE   741 AM CST   SUNSET   420 PM CST
DECEMBER  9 2017......SUNRISE   742 AM CST   SUNSET   420 PM CST


-  INDICATES NEGATIVE NUMBERS.
R  INDICATES RECORD WAS SET OR TIED.
MM INDICATES DATA IS MISSING.
T  INDICATES TRACE AMOUNT.




$$
