000
CDUS43 KDLH 062236
CLIDLH


CLIMATE REPORT
NATIONAL WEATHER SERVICE DULUTH MN
535 PM CDT WED APR 6 2016


...................................

...THE DULUTH MN CLIMATE SUMMARY FOR APRIL 6 2016...
VALID TODAY AS OF 0500 PM LOCAL TIME.

CLIMATE NORMAL PERIOD 1981 TO 2010
CLIMATE RECORD PERIOD 1870 TO 2016


WEATHER ITEM   OBSERVED TIME   RECORD YEAR NORMAL DEPARTURE LAST
                VALUE   (LST)  VALUE       VALUE  FROM      YEAR
                                                  NORMAL
..................................................................
TEMPERATURE (F)
 TODAY
  MAXIMUM         35    333 PM  75    1900  44     -9       37
  MINIMUM         31    809 AM   2    1982  26      5       28
                                      1979
  AVERAGE         33                        35     -2       33

PRECIPITATION (IN)
  TODAY            0.27          1.56 1882   0.07   0.20     0.00
  MONTH TO DATE    0.59                      0.38   0.21      T
  SINCE MAR 1      4.55                      1.87   2.68     0.79
  SINCE JAN 1      6.43                      3.64   2.79     1.63

SNOWFALL (IN)
  TODAY            1.8           5.5  1956   0.3    1.5      0.0
  MONTH TO DATE    7.2                       1.9    5.3      0.1
  SINCE JUL 1     78.7                      80.7   -2.0     48.1
  SNOW DEPTH       2

DEGREE DAYS
 HEATING
  TODAY           32                        30      2       32
  MONTH TO DATE  223                       186     37      178
  SINCE MAR 1   1251                      1396   -145     1237
  SINCE JUL 1   7088                      8263  -1175     8076

 COOLING
  TODAY            0                         0      0        0
  MONTH TO DATE    0                         0      0        0
  SINCE MAR 1      0                         0      0        0
  SINCE JAN 1      0                         0      0        0
..................................................................


WIND (MPH)
  HIGHEST WIND SPEED    14   HIGHEST WIND DIRECTION     E (80)
  HIGHEST GUST SPEED    17   HIGHEST GUST DIRECTION    NE (50)
  AVERAGE WIND SPEED     7.6


SKY COVER
  POSSIBLE SUNSHINE  MM
  AVERAGE SKY COVER 0.9


WEATHER CONDITIONS
 THE FOLLOWING WEATHER WAS RECORDED TODAY.
  MIXED PRECIP
  LT FREEZING RAIN
  HEAVY SNOW
  SNOW
  LIGHT SNOW
  FOG
  FOG W/VISIBILITY <= 1/4 MILE
  HAZE


RELATIVE HUMIDITY (PERCENT)
 HIGHEST    92           200 AM
 LOWEST     82           100 PM
 AVERAGE    87

..........................................................


THE DULUTH MN CLIMATE NORMALS FOR TOMORROW
                         NORMAL    RECORD    YEAR
 MAXIMUM TEMPERATURE (F)   45        73      1931
 MINIMUM TEMPERATURE (F)   26         2      1936


SUNRISE AND SUNSET
APRIL  6 2016.........SUNRISE   637 AM CDT   SUNSET   745 PM CDT
APRIL  7 2016.........SUNRISE   635 AM CDT   SUNSET   747 PM CDT


-  INDICATES NEGATIVE NUMBERS.
R  INDICATES RECORD WAS SET OR TIED.
MM INDICATES DATA IS MISSING.
T  INDICATES TRACE AMOUNT.




$$
