000
CDUS43 KDLH 290629
CLIDLH


CLIMATE REPORT
NATIONAL WEATHER SERVICE DULUTH MN
1226 AM CST WED NOV 29 2017


...................................

...THE DULUTH MN CLIMATE SUMMARY FOR NOVEMBER 28 2017...

CLIMATE NORMAL PERIOD 1981 TO 2010
CLIMATE RECORD PERIOD 1870 TO 2017


WEATHER ITEM   OBSERVED TIME   RECORD YEAR NORMAL DEPARTURE LAST
                VALUE   (LST)  VALUE       VALUE  FROM      YEAR
                                                  NORMAL
..................................................................
TEMPERATURE (F)
 YESTERDAY
  MAXIMUM         46   1222 AM  49    1899  29     17       45
  MINIMUM         19   1159 PM -16    1875  15      4       37
  AVERAGE         33                        22     11       41

PRECIPITATION (IN)
  YESTERDAY        0.00          2.24 1960   0.05  -0.05     0.60
  MONTH TO DATE    1.31                      1.97  -0.66     2.48
  SINCE SEP 1      8.26                      8.93  -0.67     7.55
  SINCE JAN 1     35.95                     29.63   6.32    31.47

SNOWFALL (IN)
  YESTERDAY        0.0          11.4  1960   0.5   -0.5      0.0
  MONTH TO DATE   10.5                      12.5   -2.0      8.1
  SINCE SEP 1     21.6                      14.9    6.7      8.1
  SINCE JUL 1     21.6                      14.9    6.7      8.1
  SNOW DEPTH       T

DEGREE DAYS
 HEATING
  YESTERDAY       32                        43    -11       24
  MONTH TO DATE 1098                      1002     96      679
  SINCE SEP 1   1904                      1978    -74     1372
  SINCE JUL 1   2074                      2127    -53     1426

 COOLING
  YESTERDAY        0                         0      0        0
  MONTH TO DATE    0                         0      0        0
  SINCE SEP 1     26                        14     12       14
  SINCE JAN 1    126                       204    -78      281
..................................................................


WIND (MPH)
  HIGHEST WIND SPEED    36   HIGHEST WIND DIRECTION     W (280)
  HIGHEST GUST SPEED    47   HIGHEST GUST DIRECTION     W (280)
  AVERAGE WIND SPEED    18.5


SKY COVER
  AVERAGE SKY COVER 0.2


WEATHER CONDITIONS
 THE FOLLOWING WEATHER WAS RECORDED YESTERDAY.
  NO SIGNIFICANT WEATHER WAS OBSERVED.


RELATIVE HUMIDITY (PERCENT)
 HIGHEST    82           700 AM
 LOWEST     36          1200 PM
 AVERAGE    59

..........................................................


THE DULUTH MN CLIMATE NORMALS FOR TODAY
                         NORMAL    RECORD    YEAR
 MAXIMUM TEMPERATURE (F)   28        53      1932
 MINIMUM TEMPERATURE (F)   15       -29      1875


SUNRISE AND SUNSET
NOVEMBER 29 2017......SUNRISE   731 AM CST   SUNSET   423 PM CST
NOVEMBER 30 2017......SUNRISE   732 AM CST   SUNSET   423 PM CST


-  INDICATES NEGATIVE NUMBERS.
R  INDICATES RECORD WAS SET OR TIED.
MM INDICATES DATA IS MISSING.
T  INDICATES TRACE AMOUNT.




$$
