000
CDUS43 KDLH 030623
CLIDLH


CLIMATE REPORT
NATIONAL WEATHER SERVICE DULUTH MN
1221 AM CST MON NOV 3 2014


...................................

...THE DULUTH MN CLIMATE SUMMARY FOR NOVEMBER 2 2014...

CLIMATE NORMAL PERIOD 1981 TO 2010
CLIMATE RECORD PERIOD 1870 TO 2014


WEATHER ITEM   OBSERVED TIME   RECORD YEAR NORMAL DEPARTURE LAST
                VALUE   (LST)  VALUE       VALUE  FROM      YEAR
                                                  NORMAL
..................................................................
TEMPERATURE (F)
 YESTERDAY
  MAXIMUM         51    357 PM  71    1903  43      8       44
  MINIMUM         31    600 AM  -1    1951  29      2       29
  AVERAGE         41                        36      5       37

PRECIPITATION (IN)
  YESTERDAY        0.00          1.22 1961   0.07  -0.07     0.00
  MONTH TO DATE    0.00                      0.15  -0.15      T
  SINCE SEP 1      3.44                      7.11  -3.67     5.19
  SINCE JAN 1     28.39                     27.81   0.58    26.78

SNOWFALL (IN)
  YESTERDAY        0.0           8.6  1992   0.2   -0.2      0.0
  MONTH TO DATE    0.0                       0.5   -0.5      0.0
  SINCE SEP 1      0.1                       2.9   -2.8      0.3
  SINCE JUL 1      0.1                       2.9   -2.8      0.3
  SNOW DEPTH       0

DEGREE DAYS
 HEATING
  YESTERDAY       24                        29     -5       28
  MONTH TO DATE   58                        58      0       55
  SINCE SEP 1    907                      1034   -127      833
  SINCE JUL 1    984                      1183   -199      907

 COOLING
  YESTERDAY        0                         0      0        0
  MONTH TO DATE    0                         0      0        0
  SINCE SEP 1      9                        14     -5       24
  SINCE JAN 1    179                       204    -25      375
..................................................................


WIND (MPH)
  HIGHEST WIND SPEED    17   HIGHEST WIND DIRECTION     S (170)
  HIGHEST GUST SPEED    21   HIGHEST GUST DIRECTION     S (190)
  AVERAGE WIND SPEED    10.0


SKY COVER
  AVERAGE SKY COVER 0.0


WEATHER CONDITIONS
 THE FOLLOWING WEATHER WAS RECORDED YESTERDAY.
  NO SIGNIFICANT WEATHER WAS OBSERVED.


RELATIVE HUMIDITY (PERCENT)
 HIGHEST    76           800 PM
 LOWEST     33           200 PM
 AVERAGE    55

..........................................................


THE DULUTH MN CLIMATE NORMALS FOR TODAY
                         NORMAL    RECORD    YEAR
 MAXIMUM TEMPERATURE (F)   43        73      1903
 MINIMUM TEMPERATURE (F)   28         2      1951


SUNRISE AND SUNSET
NOVEMBER  3 2014......SUNRISE   654 AM CST   SUNSET   451 PM CST
NOVEMBER  4 2014......SUNRISE   655 AM CST   SUNSET   448 PM CST


-  INDICATES NEGATIVE NUMBERS.
R  INDICATES RECORD WAS SET OR TIED.
MM INDICATES DATA IS MISSING.
T  INDICATES TRACE AMOUNT.




$$
