123
CDUS43 KDLH 180626
CLIDLH


CLIMATE REPORT
NATIONAL WEATHER SERVICE DULUTH MN
126 AM CDT THU AUG 18 2016


...................................

...THE DULUTH MN CLIMATE SUMMARY FOR AUGUST 17 2016...

CLIMATE NORMAL PERIOD 1981 TO 2010
CLIMATE RECORD PERIOD 1870 TO 2016


WEATHER ITEM   OBSERVED TIME   RECORD YEAR NORMAL DEPARTURE LAST
                VALUE   (LST)  VALUE       VALUE  FROM      YEAR
                                                  NORMAL
..................................................................
TEMPERATURE (F)
 YESTERDAY
  MAXIMUM         84    321 PM  91    1934  74     10       73
  MINIMUM         61    534 AM  39    1981  55      6       57
  AVERAGE         73                        64      9       65

PRECIPITATION (IN)
  YESTERDAY        0.00          1.98 1971   0.12  -0.12     0.00
  MONTH TO DATE    2.68                      1.98   0.70     1.54
  SINCE JUN 1     11.53                     10.06   1.47     8.19
  SINCE JAN 1     21.64                     18.98   2.66    14.58

SNOWFALL (IN)
  YESTERDAY        0.0           0.0  2002   0.0    0.0      0.0
                                      2001
  MONTH TO DATE    0.0                       0.0    0.0      0.0
  SINCE JUN 1      T                         0.0    0.0       T
  SINCE JUL 1      0.0                       0.0    0.0      0.0
  SNOW DEPTH       0

DEGREE DAYS
 HEATING
  YESTERDAY        0                         3     -3        0
  MONTH TO DATE    6                        35    -29       15
  SINCE JUN 1    177                       277   -100      151
  SINCE JUL 1     35                        98    -63       30

 COOLING
  YESTERDAY        8                         2      6        0
  MONTH TO DATE   72                        44     28       72
  SINCE JUN 1    218                       164     54      250
  SINCE JAN 1    227                       168     59      254
..................................................................


WIND (MPH)
  HIGHEST WIND SPEED    12   HIGHEST WIND DIRECTION     W (290)
  HIGHEST GUST SPEED    19   HIGHEST GUST DIRECTION    NW (310)
  AVERAGE WIND SPEED     6.3


SKY COVER
  AVERAGE SKY COVER 0.2


WEATHER CONDITIONS
 THE FOLLOWING WEATHER WAS RECORDED YESTERDAY.
  NO SIGNIFICANT WEATHER WAS OBSERVED.


RELATIVE HUMIDITY (PERCENT)
 HIGHEST   100           400 AM
 LOWEST     43           400 PM
 AVERAGE    72

..........................................................


THE DULUTH MN CLIMATE NORMALS FOR TODAY
                         NORMAL    RECORD    YEAR
 MAXIMUM TEMPERATURE (F)   74        92      1955
                                             1934
 MINIMUM TEMPERATURE (F)   55        38      1975
                                             1950


SUNRISE AND SUNSET
AUGUST 18 2016........SUNRISE   611 AM CDT   SUNSET   813 PM CDT
AUGUST 19 2016........SUNRISE   612 AM CDT   SUNSET   811 PM CDT


-  INDICATES NEGATIVE NUMBERS.
R  INDICATES RECORD WAS SET OR TIED.
MM INDICATES DATA IS MISSING.
T  INDICATES TRACE AMOUNT.




$$
