000
CDUS43 KDLH 160622
CLIDLH


CLIMATE REPORT
NATIONAL WEATHER SERVICE DULUTH MN
1221 AM CST WED NOV 16 2016


...................................

...THE DULUTH MN CLIMATE SUMMARY FOR NOVEMBER 15 2016...

CLIMATE NORMAL PERIOD 1981 TO 2010
CLIMATE RECORD PERIOD 1870 TO 2016


WEATHER ITEM   OBSERVED TIME   RECORD YEAR NORMAL DEPARTURE LAST
                VALUE   (LST)  VALUE       VALUE  FROM      YEAR
                                                  NORMAL
..................................................................
TEMPERATURE (F)
 YESTERDAY
  MAXIMUM         54    254 PM  64    1939  36     18       50
  MINIMUM         34   1128 PM  -4    1933  22     12       30
                                      1932
  AVERAGE         44                        29     15       40

PRECIPITATION (IN)
  YESTERDAY        0.09          0.99 1988   0.08   0.01     0.00
  MONTH TO DATE    0.10                      1.12  -1.02     0.41
  SINCE SEP 1      5.17                      8.08  -2.91     9.12
  SINCE JAN 1     29.09                     28.78   0.31    26.25

SNOWFALL (IN)
  YESTERDAY        0.0          11.1  1956   0.5   -0.5      0.0
  MONTH TO DATE    0.0                       5.3   -5.3      2.5
  SINCE SEP 1      T                         7.7   -7.7      2.5
  SINCE JUL 1      T                         7.7   -7.7      2.5
  SNOW DEPTH       0

DEGREE DAYS
 HEATING
  YESTERDAY       21                        36    -15       25
  MONTH TO DATE  255                       484   -229      317
  SINCE SEP 1    948                      1460   -512     1040
  SINCE JUL 1   1002                      1609   -607     1136

 COOLING
  YESTERDAY        0                         0      0        0
  MONTH TO DATE    0                         0      0        0
  SINCE SEP 1     14                        14      0       58
  SINCE JAN 1    281                       204     77      336
..................................................................


WIND (MPH)
  HIGHEST WIND SPEED    17   HIGHEST WIND DIRECTION    SW (220)
  HIGHEST GUST SPEED    22   HIGHEST GUST DIRECTION    SW (210)
  AVERAGE WIND SPEED     8.5


SKY COVER
  AVERAGE SKY COVER 0.7


WEATHER CONDITIONS
 THE FOLLOWING WEATHER WAS RECORDED YESTERDAY.
  LIGHT RAIN
  FOG


RELATIVE HUMIDITY (PERCENT)
 HIGHEST   100           800 AM
 LOWEST     70           800 PM
 AVERAGE    85

..........................................................


THE DULUTH MN CLIMATE NORMALS FOR TODAY
                         NORMAL    RECORD    YEAR
 MAXIMUM TEMPERATURE (F)   35        64      1931
 MINIMUM TEMPERATURE (F)   22       -10      1933


SUNRISE AND SUNSET
NOVEMBER 16 2016......SUNRISE   714 AM CST   SUNSET   433 PM CST
NOVEMBER 17 2016......SUNRISE   715 AM CST   SUNSET   432 PM CST


-  INDICATES NEGATIVE NUMBERS.
R  INDICATES RECORD WAS SET OR TIED.
MM INDICATES DATA IS MISSING.
T  INDICATES TRACE AMOUNT.




$$
