000
CDUS43 KDLH 270628
CLIDLH


CLIMATE REPORT
NATIONAL WEATHER SERVICE DULUTH MN
1227 AM CST TUE DEC 27 2016


...................................

...THE DULUTH MN CLIMATE SUMMARY FOR DECEMBER 26 2016...

CLIMATE NORMAL PERIOD 1981 TO 2010
CLIMATE RECORD PERIOD 1870 TO 2016


WEATHER ITEM   OBSERVED TIME   RECORD YEAR NORMAL DEPARTURE LAST
                VALUE   (LST)  VALUE       VALUE  FROM      YEAR
                                                  NORMAL
..................................................................
TEMPERATURE (F)
 YESTERDAY
  MAXIMUM         38    555 AM  43    2011  20     18       28
  MINIMUM         11   1159 PM -27    1934   4      7       19
  AVERAGE         25                        12     13       24

PRECIPITATION (IN)
  YESTERDAY        0.13          0.43 1938   0.04   0.09     0.31
  MONTH TO DATE    1.93                      1.03   0.90     3.70
  SINCE DEC 1      1.93                      1.03   0.90     3.70
  SINCE JAN 1     33.52                     30.78   2.74    32.29

SNOWFALL (IN)
  YESTERDAY        0.2           4.5  1968   0.6   -0.4      3.8
  MONTH TO DATE   18.6                      14.5    4.1     24.1
  SINCE DEC 1     18.6                      14.5    4.1     24.1
  SINCE JUL 1     26.7                      30.6   -3.9     28.5
  SNOW DEPTH       7

DEGREE DAYS
 HEATING
  YESTERDAY       40                        53    -13       41
  MONTH TO DATE 1266                      1289    -23      945
  SINCE DEC 1   1266                      1289    -23      945
  SINCE JUL 1   2748                      3502   -754     2608

 COOLING
  YESTERDAY        0                         0      0        0
  MONTH TO DATE    0                         0      0        0
  SINCE DEC 1      0                         0      0        0
  SINCE JAN 1    281                       204     77      336
..................................................................


WIND (MPH)
  HIGHEST WIND SPEED    37   HIGHEST WIND DIRECTION     S (200)
  HIGHEST GUST SPEED    47   HIGHEST GUST DIRECTION    SW (220)
  AVERAGE WIND SPEED    24.3


SKY COVER
  AVERAGE SKY COVER 1.0


WEATHER CONDITIONS
 THE FOLLOWING WEATHER WAS RECORDED YESTERDAY.
  MIXED PRECIP
  LIGHT RAIN
  LT FREEZING RAIN
  SNOW
  LIGHT SNOW
  SLEET
  FOG
  BLOWING SNOW


RELATIVE HUMIDITY (PERCENT)
 HIGHEST    96           100 AM
 LOWEST     73           600 PM
 AVERAGE    85

..........................................................


THE DULUTH MN CLIMATE NORMALS FOR TODAY
                         NORMAL    RECORD    YEAR
 MAXIMUM TEMPERATURE (F)   20        40      2003
 MINIMUM TEMPERATURE (F)    4       -28      1924
                                             1917


SUNRISE AND SUNSET
DECEMBER 27 2016......SUNRISE   753 AM CST   SUNSET   427 PM CST
DECEMBER 28 2016......SUNRISE   754 AM CST   SUNSET   428 PM CST


-  INDICATES NEGATIVE NUMBERS.
R  INDICATES RECORD WAS SET OR TIED.
MM INDICATES DATA IS MISSING.
T  INDICATES TRACE AMOUNT.




$$
