000
CDUS43 KDLH 090631
CLIDLH


CLIMATE REPORT
NATIONAL WEATHER SERVICE DULUTH MN
126 AM CDT SAT AUG 9 2014


...................................

...THE DULUTH MN CLIMATE SUMMARY FOR AUGUST 8 2014...

CLIMATE NORMAL PERIOD 1981 TO 2010
CLIMATE RECORD PERIOD 1870 TO 2014


WEATHER ITEM   OBSERVED TIME   RECORD YEAR NORMAL DEPARTURE LAST
                VALUE   (LST)  VALUE       VALUE  FROM      YEAR
                                                  NORMAL
..................................................................
TEMPERATURE (F)
 YESTERDAY
  MAXIMUM         80    252 PM  94    1887  76      4       73
  MINIMUM         59    602 AM  42    1964  56      3       54
                                      1927
  AVERAGE         70                        66      4       64

PRECIPITATION (IN)
  YESTERDAY        0.00          3.22 1939   0.12  -0.12     0.01
  MONTH TO DATE    0.01                      0.91  -0.90     0.55
  SINCE JUN 1      7.90                      8.99  -1.09     6.82
  SINCE JAN 1     20.33                     17.91   2.42    20.16

SNOWFALL (IN)
  YESTERDAY        0.0           T    1950   0.0    0.0      0.0
  MONTH TO DATE    0.0                       0.0    0.0      0.0
  SINCE JUN 1      T                         0.0    0.0      0.0
  SINCE JUL 1      0.0                       0.0    0.0      0.0
  SNOW DEPTH       0

DEGREE DAYS
 HEATING
  YESTERDAY        0                         2     -2        1
  MONTH TO DATE    4                        16    -12        9
  SINCE JUN 1    206                       258    -52      202
  SINCE JUL 1     44                        79    -35       56

 COOLING
  YESTERDAY        5                         3      2        0
  MONTH TO DATE   14                        24    -10        5
  SINCE JUN 1    128                       144    -16      199
  SINCE JAN 1    146                       148     -2      200
..................................................................


WIND (MPH)
  HIGHEST WIND SPEED    13   HIGHEST WIND DIRECTION    SE (140)
  HIGHEST GUST SPEED    16   HIGHEST GUST DIRECTION    SE (130)
  AVERAGE WIND SPEED     4.8


SKY COVER
  AVERAGE SKY COVER 0.4


WEATHER CONDITIONS
 THE FOLLOWING WEATHER WAS RECORDED YESTERDAY.
  NO SIGNIFICANT WEATHER WAS OBSERVED.


RELATIVE HUMIDITY (PERCENT)
 HIGHEST    84           700 AM
 LOWEST     45           100 PM
 AVERAGE    65

..........................................................


THE DULUTH MN CLIMATE NORMALS FOR TODAY
                         NORMAL    RECORD    YEAR
 MAXIMUM TEMPERATURE (F)   76        92      1958
 MINIMUM TEMPERATURE (F)   55        42      1972


SUNRISE AND SUNSET
AUGUST  9 2014........SUNRISE   559 AM CDT   SUNSET   829 PM CDT
AUGUST 10 2014........SUNRISE   600 AM CDT   SUNSET   827 PM CDT


-  INDICATES NEGATIVE NUMBERS.
R  INDICATES RECORD WAS SET OR TIED.
MM INDICATES DATA IS MISSING.
T  INDICATES TRACE AMOUNT.




$$
