000
CDUS43 KDLH 052235
CLIDLH


CLIMATE REPORT
NATIONAL WEATHER SERVICE DULUTH MN
433 PM CST FRI DEC 5 2014


...................................

...THE DULUTH MN CLIMATE SUMMARY FOR DECEMBER 5 2014...
VALID TODAY AS OF 0400 PM LOCAL TIME.

CLIMATE NORMAL PERIOD 1981 TO 2010
CLIMATE RECORD PERIOD 1870 TO 2014


WEATHER ITEM   OBSERVED TIME   RECORD YEAR NORMAL DEPARTURE LAST
                VALUE   (LST)  VALUE       VALUE  FROM      YEAR
                                                  NORMAL
..................................................................
TEMPERATURE (F)
 TODAY
  MAXIMUM         35    328 PM  52    1913  26      9       20
  MINIMUM         22   1223 AM -13    1964  12     10       -3
  AVERAGE         29                        18     11        9

PRECIPITATION (IN)
  TODAY            0.00          1.18 1909   0.04  -0.04      T
  MONTH TO DATE    T                         0.23  -0.23     2.09
  SINCE DEC 1      T                         0.23  -0.23     2.09
  SINCE JAN 1     29.37                     29.98  -0.61    29.69

SNOWFALL (IN)
  TODAY            0.0           6.6  1950   0.6   -0.6       T
  MONTH TO DATE    T                         2.7   -2.7     23.3
  SINCE JUL 1     16.5                      18.8   -2.3     28.3
  SNOW DEPTH       4

DEGREE DAYS
 HEATING
  TODAY           36                        47    -11       56
  MONTH TO DATE  259                       229     30      207
  SINCE DEC 1    259                       229     30      207
  SINCE JUL 1   2474                      2442     32     2164

 COOLING
  TODAY            0                         0      0        0
  MONTH TO DATE    0                         0      0        0
  SINCE DEC 1      0                         0      0        0
  SINCE JAN 1    179                       204    -25      375
..................................................................


WIND (MPH)
  HIGHEST WIND SPEED    14   HIGHEST WIND DIRECTION     W (270)
  HIGHEST GUST SPEED    16   HIGHEST GUST DIRECTION     S (200)
  AVERAGE WIND SPEED     9.2


SKY COVER
  POSSIBLE SUNSHINE  MM
  AVERAGE SKY COVER 0.7


WEATHER CONDITIONS
 THE FOLLOWING WEATHER WAS RECORDED TODAY.
  FOG
  HAZE


RELATIVE HUMIDITY (PERCENT)
 HIGHEST    81           800 AM
 LOWEST     54          1200 AM
 AVERAGE    68

..........................................................


THE DULUTH MN CLIMATE NORMALS FOR TOMORROW
                         NORMAL    RECORD    YEAR
 MAXIMUM TEMPERATURE (F)   25        56      1939
 MINIMUM TEMPERATURE (F)   11       -20      1972


SUNRISE AND SUNSET
DECEMBER  5 2014......SUNRISE   738 AM CST   SUNSET   421 PM CST
DECEMBER  6 2014......SUNRISE   739 AM CST   SUNSET   421 PM CST


-  INDICATES NEGATIVE NUMBERS.
R  INDICATES RECORD WAS SET OR TIED.
MM INDICATES DATA IS MISSING.
T  INDICATES TRACE AMOUNT.




$$
