000
CDUS43 KDLH 040624
CLIDLH


CLIMATE REPORT
NATIONAL WEATHER SERVICE DULUTH MN
123 AM CDT THU SEP 4 2014


...................................

...THE DULUTH MN CLIMATE SUMMARY FOR SEPTEMBER 3 2014...

CLIMATE NORMAL PERIOD 1981 TO 2010
CLIMATE RECORD PERIOD 1870 TO 2014


WEATHER ITEM   OBSERVED TIME   RECORD YEAR NORMAL DEPARTURE LAST
                VALUE   (LST)  VALUE       VALUE  FROM      YEAR
                                                  NORMAL
..................................................................
TEMPERATURE (F)
 YESTERDAY
  MAXIMUM         76    124 PM  89    1960  70      6       79
  MINIMUM         56    231 AM  32    1974  51      5       46
  AVERAGE         66                        60      6       63

PRECIPITATION (IN)
  YESTERDAY        T             3.38 1980   0.13  -0.13     0.00
  MONTH TO DATE    0.25                      0.40  -0.15      T
  SINCE SEP 1      0.25                      0.40  -0.15      T
  SINCE JAN 1     25.20                     21.10   4.10    21.59

SNOWFALL (IN)
  YESTERDAY        0.0           0.0  2002   0.0    0.0      0.0
                                      2001
  MONTH TO DATE    0.0                       0.0    0.0      0.0
  SINCE SEP 1      0.0                       0.0    0.0      0.0
  SINCE JUL 1      0.0                       0.0    0.0      0.0
  SNOW DEPTH       0

DEGREE DAYS
 HEATING
  YESTERDAY        0                         6     -6        2
  MONTH TO DATE    2                        16    -14        9
  SINCE SEP 1      2                        16    -14        9
  SINCE JUL 1     79                       165    -86       83

 COOLING
  YESTERDAY        1                         1      0        0
  MONTH TO DATE    1                         3     -2        0
  SINCE SEP 1      1                         3     -2        0
  SINCE JAN 1    171                       193    -22      351
..................................................................


WIND (MPH)
  HIGHEST WIND SPEED    22   HIGHEST WIND DIRECTION     S (200)
  HIGHEST GUST SPEED    28   HIGHEST GUST DIRECTION    SW (230)
  AVERAGE WIND SPEED     9.0


SKY COVER
  AVERAGE SKY COVER 0.5


WEATHER CONDITIONS
 THE FOLLOWING WEATHER WAS RECORDED YESTERDAY.
  FOG


RELATIVE HUMIDITY (PERCENT)
 HIGHEST    93           200 AM
 LOWEST     53           200 PM
 AVERAGE    73

..........................................................


THE DULUTH MN CLIMATE NORMALS FOR TODAY
                         NORMAL    RECORD    YEAR
 MAXIMUM TEMPERATURE (F)   70        89      1897
 MINIMUM TEMPERATURE (F)   51        36      1918


SUNRISE AND SUNSET
SEPTEMBER  4 2014.....SUNRISE   632 AM CDT   SUNSET   742 PM CDT
SEPTEMBER  5 2014.....SUNRISE   634 AM CDT   SUNSET   740 PM CDT


-  INDICATES NEGATIVE NUMBERS.
R  INDICATES RECORD WAS SET OR TIED.
MM INDICATES DATA IS MISSING.
T  INDICATES TRACE AMOUNT.




$$
