000
CDUS43 KDLH 280621
CLIDLH


CLIMATE REPORT
NATIONAL WEATHER SERVICE DULUTH MN
118 AM CDT THU SEP 28 2017


...................................

...THE DULUTH MN CLIMATE SUMMARY FOR SEPTEMBER 27 2017...

CLIMATE NORMAL PERIOD 1981 TO 2010
CLIMATE RECORD PERIOD 1870 TO 2017


WEATHER ITEM   OBSERVED TIME   RECORD YEAR NORMAL DEPARTURE LAST
                VALUE   (LST)  VALUE       VALUE  FROM      YEAR
                                                  NORMAL
..................................................................
TEMPERATURE (F)
 YESTERDAY
  MAXIMUM         60    240 PM  83    1987  60      0       51
  MINIMUM         45    125 AM  27    1991  42      3       47
                                      1965
  AVERAGE         53                        51      2       49

PRECIPITATION (IN)
  YESTERDAY        0.00          0.75 1874   0.13  -0.13     0.12
  MONTH TO DATE    3.52                      3.74  -0.22     3.52
  SINCE SEP 1      3.52                      3.74  -0.22     3.52
  SINCE JAN 1     31.21                     24.44   6.77    27.44

SNOWFALL (IN)
  YESTERDAY        0.0           T    2003   0.0    0.0      0.0
                                      1993
  MONTH TO DATE    T                         0.1   -0.1      0.0
  SINCE SEP 1      T                         0.1   -0.1      0.0
  SINCE JUL 1      T                         0.1   -0.1      0.0
  SNOW DEPTH       0

DEGREE DAYS
 HEATING
  YESTERDAY       12                        14     -2       16
  MONTH TO DATE  173                       251    -78      132
  SINCE SEP 1    173                       251    -78      132
  SINCE JUL 1    343                       400    -57      186

 COOLING
  YESTERDAY        0                         0      0        0
  MONTH TO DATE   26                        13     13       14
  SINCE SEP 1     26                        13     13       14
  SINCE JAN 1    126                       203    -77      281
..................................................................


WIND (MPH)
  HIGHEST WIND SPEED    18   HIGHEST WIND DIRECTION     W (290)
  HIGHEST GUST SPEED    24   HIGHEST GUST DIRECTION     W (270)
  AVERAGE WIND SPEED     9.9


SKY COVER
  AVERAGE SKY COVER 0.7


WEATHER CONDITIONS
 THE FOLLOWING WEATHER WAS RECORDED YESTERDAY.
  HAZE


RELATIVE HUMIDITY (PERCENT)
 HIGHEST    93          1200 AM
 LOWEST     62           200 PM
 AVERAGE    78

..........................................................


THE DULUTH MN CLIMATE NORMALS FOR TODAY
                         NORMAL    RECORD    YEAR
 MAXIMUM TEMPERATURE (F)   60        81      2014
 MINIMUM TEMPERATURE (F)   41        24      1961


SUNRISE AND SUNSET
SEPTEMBER 28 2017.....SUNRISE   704 AM CDT   SUNSET   654 PM CDT
SEPTEMBER 29 2017.....SUNRISE   705 AM CDT   SUNSET   652 PM CDT


-  INDICATES NEGATIVE NUMBERS.
R  INDICATES RECORD WAS SET OR TIED.
MM INDICATES DATA IS MISSING.
T  INDICATES TRACE AMOUNT.




$$
