000
CDUS43 KDLH 160627
CLIDLH


CLIMATE REPORT
NATIONAL WEATHER SERVICE DULUTH MN
125 AM CDT SUN AUG 16 2015


...................................

...THE DULUTH MN CLIMATE SUMMARY FOR AUGUST 15 2015...

CLIMATE NORMAL PERIOD 1981 TO 2010
CLIMATE RECORD PERIOD 1870 TO 2015


WEATHER ITEM   OBSERVED TIME   RECORD YEAR NORMAL DEPARTURE LAST
                VALUE   (LST)  VALUE       VALUE  FROM      YEAR
                                                  NORMAL
..................................................................
TEMPERATURE (F)
 YESTERDAY
  MAXIMUM         90    320 PM  92    1930  75     15       82
                                      1922
  MINIMUM         64    520 AM  35    1976  55      9       58
  AVERAGE         77                        65     12       70

PRECIPITATION (IN)
  YESTERDAY        0.00          2.29 1973   0.12  -0.12     0.00
  MONTH TO DATE    1.54                      1.75  -0.21     1.69
  SINCE JUN 1      8.19                      9.83  -1.64     9.58
  SINCE JAN 1     14.58                     18.75  -4.17    22.01

SNOWFALL (IN)
  YESTERDAY        0.0           0.0  2002   0.0    0.0      0.0
                                      2001
  MONTH TO DATE    0.0                       0.0    0.0      0.0
  SINCE JUN 1      T                         0.0    0.0       T
  SINCE JUL 1      0.0                       0.0    0.0      0.0
  SNOW DEPTH       0

DEGREE DAYS
 HEATING
  YESTERDAY        0                         2     -2        0
  MONTH TO DATE   15                        30    -15        7
  SINCE JUN 1    151                       272   -121      209
  SINCE JUL 1     30                        93    -63       47

 COOLING
  YESTERDAY       12                         2     10        5
  MONTH TO DATE   63                        40     23       29
  SINCE JUN 1    241                       160     81      143
  SINCE JAN 1    245                       164     81      161
..................................................................


WIND (MPH)
  HIGHEST WIND SPEED    20   HIGHEST WIND DIRECTION    SW (210)
  HIGHEST GUST SPEED    26   HIGHEST GUST DIRECTION    SW (210)
  AVERAGE WIND SPEED     8.6


SKY COVER
  AVERAGE SKY COVER 0.1


WEATHER CONDITIONS
 THE FOLLOWING WEATHER WAS RECORDED YESTERDAY.
  HAZE


RELATIVE HUMIDITY (PERCENT)
 HIGHEST    84           400 AM
 LOWEST     52           200 PM
 AVERAGE    68

..........................................................


THE DULUTH MN CLIMATE NORMALS FOR TODAY
                         NORMAL    RECORD    YEAR
 MAXIMUM TEMPERATURE (F)   75        91      1988
 MINIMUM TEMPERATURE (F)   55        35      1976


SUNRISE AND SUNSET
AUGUST 16 2015........SUNRISE   607 AM CDT   SUNSET   817 PM CDT
AUGUST 17 2015........SUNRISE   608 AM CDT   SUNSET   816 PM CDT


-  INDICATES NEGATIVE NUMBERS.
R  INDICATES RECORD WAS SET OR TIED.
MM INDICATES DATA IS MISSING.
T  INDICATES TRACE AMOUNT.




$$
