000
CDUS43 KDLH 090709
CLIDLH


CLIMATE REPORT
NATIONAL WEATHER SERVICE DULUTH MN
207 AM CDT SUN JUL 9 2017


...................................

...THE DULUTH MN CLIMATE SUMMARY FOR JULY 8 2017...

CLIMATE NORMAL PERIOD 1981 TO 2010
CLIMATE RECORD PERIOD 1870 TO 2017


WEATHER ITEM   OBSERVED TIME   RECORD YEAR NORMAL DEPARTURE LAST
                VALUE   (LST)  VALUE       VALUE  FROM      YEAR
                                                  NORMAL
..................................................................
TEMPERATURE (F)
 YESTERDAY
  MAXIMUM         79    335 PM  98    1936  76      3       71
  MINIMUM         52    455 AM  37    1961  55     -3       54
  AVERAGE         66                        65      1       63

PRECIPITATION (IN)
  YESTERDAY        T             1.93 1889   0.13  -0.13     0.23
  MONTH TO DATE    1.88                      1.16   0.72     0.84
  SINCE JUN 1      7.09                      5.39   1.70     5.30
  SINCE JAN 1     18.23                     14.31   3.92    15.41

SNOWFALL (IN)
  YESTERDAY        0.0           T    1992   0.0    0.0      0.0
  MONTH TO DATE    0.0                       0.0    0.0      0.0
  SINCE JUN 1      T                         0.0    0.0       T
  SINCE JUL 1      0.0                       0.0    0.0      0.0
  SNOW DEPTH       0

DEGREE DAYS
 HEATING
  YESTERDAY        0                         2     -2        2
  MONTH TO DATE   11                        22    -11        9
  SINCE JUN 1    142                       201    -59      151
  SINCE JUL 1     11                        22    -11        9

 COOLING
  YESTERDAY        1                         3     -2        0
  MONTH TO DATE   19                        21     -2       17
  SINCE JUN 1     32                        51    -19       60
  SINCE JAN 1     32                        55    -23       69
..................................................................


WIND (MPH)
  HIGHEST WIND SPEED    22   HIGHEST WIND DIRECTION     W (270)
  HIGHEST GUST SPEED    26   HIGHEST GUST DIRECTION     W (270)
  AVERAGE WIND SPEED     8.9


SKY COVER
  AVERAGE SKY COVER 0.3


WEATHER CONDITIONS
 THE FOLLOWING WEATHER WAS RECORDED YESTERDAY.
  NO SIGNIFICANT WEATHER WAS OBSERVED.


RELATIVE HUMIDITY (PERCENT)
 HIGHEST   100           500 AM
 LOWEST     42           300 PM
 AVERAGE    71

..........................................................


THE DULUTH MN CLIMATE NORMALS FOR TODAY
                         NORMAL    RECORD    YEAR
 MAXIMUM TEMPERATURE (F)   76        98      1936
 MINIMUM TEMPERATURE (F)   55        42      1997


SUNRISE AND SUNSET
JULY  9 2017..........SUNRISE   524 AM CDT   SUNSET   903 PM CDT
JULY 10 2017..........SUNRISE   525 AM CDT   SUNSET   903 PM CDT


-  INDICATES NEGATIVE NUMBERS.
R  INDICATES RECORD WAS SET OR TIED.
MM INDICATES DATA IS MISSING.
T  INDICATES TRACE AMOUNT.




$$
