000
CDUS43 KDLH 140623
CLIDLH


CLIMATE REPORT
NATIONAL WEATHER SERVICE DULUTH MN
122 AM CDT SAT MAY 14 2016


...................................

...THE DULUTH MN CLIMATE SUMMARY FOR MAY 13 2016...

CLIMATE NORMAL PERIOD 1981 TO 2010
CLIMATE RECORD PERIOD 1870 TO 2016


WEATHER ITEM   OBSERVED TIME   RECORD YEAR NORMAL DEPARTURE LAST
                VALUE   (LST)  VALUE       VALUE  FROM      YEAR
                                                  NORMAL
..................................................................
TEMPERATURE (F)
 YESTERDAY
  MAXIMUM         46   1215 AM  86    1977  62    -16       47
  MINIMUM         32   1159 PM  22    1997  40     -8       34
  AVERAGE         39                        51    -12       41

PRECIPITATION (IN)
  YESTERDAY        T             1.96 1995   0.10  -0.10     0.20
  MONTH TO DATE    0.83                      1.31  -0.48     2.14
  SINCE MAR 1      7.19                      5.23   1.96     3.96
  SINCE JAN 1      9.07                      7.00   2.07     4.80

SNOWFALL (IN)
  YESTERDAY        0.1           0.2  1966   0.1    0.0      0.0
  MONTH TO DATE    0.1                       0.4   -0.3       T
  SINCE MAR 1     27.2                      20.5    6.7      9.3
  SINCE JUL 1     81.4                      86.1   -4.7     49.2
  SNOW DEPTH       0

DEGREE DAYS
 HEATING
  YESTERDAY       26                        14     12       24
  MONTH TO DATE  184                       212    -28      194
  SINCE MAR 1   2021                      2184   -163     1928
  SINCE JUL 1   7858                      9051  -1193     8767

 COOLING
  YESTERDAY        0                         0      0        0
  MONTH TO DATE    7                         0      7        0
  SINCE MAR 1      7                         0      7        0
  SINCE JAN 1      7                         0      7        0
..................................................................


WIND (MPH)
  HIGHEST WIND SPEED    25   HIGHEST WIND DIRECTION    NW (310)
  HIGHEST GUST SPEED    33   HIGHEST GUST DIRECTION    NW (320)
  AVERAGE WIND SPEED    13.7


SKY COVER
  AVERAGE SKY COVER 0.9


WEATHER CONDITIONS
 THE FOLLOWING WEATHER WAS RECORDED YESTERDAY.
  LIGHT RAIN
  LIGHT SNOW
  HAZE


RELATIVE HUMIDITY (PERCENT)
 HIGHEST    82           900 PM
 LOWEST     45           200 PM
 AVERAGE    64

..........................................................


THE DULUTH MN CLIMATE NORMALS FOR TODAY
                         NORMAL    RECORD    YEAR
 MAXIMUM TEMPERATURE (F)   62        91      1932
 MINIMUM TEMPERATURE (F)   40        27      1921


SUNRISE AND SUNSET
MAY 14 2016...........SUNRISE   534 AM CDT   SUNSET   836 PM CDT
MAY 15 2016...........SUNRISE   533 AM CDT   SUNSET   838 PM CDT


-  INDICATES NEGATIVE NUMBERS.
R  INDICATES RECORD WAS SET OR TIED.
MM INDICATES DATA IS MISSING.
T  INDICATES TRACE AMOUNT.




$$
