000
CDUS43 KDLH 192229
CLIDLH


CLIMATE REPORT
NATIONAL WEATHER SERVICE DULUTH MN
428 PM CST MON FEB 19 2018


...................................

...THE DULUTH CLIMATE SUMMARY FOR FEBRUARY 19 2018...
VALID TODAY AS OF 0400 PM LOCAL TIME.

CLIMATE NORMAL PERIOD 1981 TO 2010
CLIMATE RECORD PERIOD 1870 TO 2018


WEATHER ITEM   OBSERVED TIME   RECORD YEAR NORMAL DEPARTURE LAST
                VALUE   (LST)  VALUE       VALUE  FROM      YEAR
                                                  NORMAL
..................................................................
TEMPERATURE (F)
 TODAY
  MAXIMUM         14    359 PM  51    1930  25    -11       43
  MINIMUM          8    944 AM -28    1966   7      1       28
  AVERAGE         11                        16     -5       36

PRECIPITATION (IN)
  TODAY            0.15          0.93 1939   0.03   0.12     0.00
  MONTH TO DATE    0.67                      0.48   0.19     0.41
  SINCE DEC 1      2.13                      2.65  -0.52     3.64
  SINCE JAN 1      1.30                      1.44  -0.14     1.57

SNOWFALL (IN)
  TODAY            1.8           3.6  1949   0.5    1.3      0.0
  MONTH TO DATE    7.6                       7.9   -0.3      5.6
  SINCE JUL 1     51.7                      61.1   -9.4     50.5
  SNOW DEPTH      14

DEGREE DAYS
 HEATING
  TODAY           54                        49      5       29
  MONTH TO DATE 1118                       978    140      845
  SINCE DEC 1   4467                      4233    234     3868
  SINCE JUL 1   6613                      6446    167     5350

 COOLING
  TODAY            0                         0      0        0
  MONTH TO DATE    0                         0      0        0
  SINCE DEC 1      0                         0      0        0
  SINCE JAN 1      0                         0      0        0
..................................................................


WIND (MPH)
  HIGHEST WIND SPEED    21   HIGHEST WIND DIRECTION    NE (60)
  HIGHEST GUST SPEED    24   HIGHEST GUST DIRECTION    NE (50)
  AVERAGE WIND SPEED    12.1


SKY COVER
  AVERAGE SKY COVER 1.0


WEATHER CONDITIONS
 THE FOLLOWING WEATHER WAS RECORDED TODAY.
  LIGHT SNOW
  HAZE


RELATIVE HUMIDITY (PERCENT)
 HIGHEST    80          1200 AM
 LOWEST     73           600 AM
 AVERAGE    77

..........................................................


THE DULUTH CLIMATE NORMALS FOR TOMORROW
                         NORMAL    RECORD    YEAR
 MAXIMUM TEMPERATURE (F)   26        54      1877
 MINIMUM TEMPERATURE (F)    8       -21      1963
                                             1918
                                             1894


SUNRISE AND SUNSET
FEBRUARY 19 2018......SUNRISE   706 AM CST   SUNSET   540 PM CST
FEBRUARY 20 2018......SUNRISE   704 AM CST   SUNSET   541 PM CST


-  INDICATES NEGATIVE NUMBERS.
R  INDICATES RECORD WAS SET OR TIED.
MM INDICATES DATA IS MISSING.
T  INDICATES TRACE AMOUNT.




$$
