000
CDUS43 KDLH 290653
CLIDLH


CLIMATE REPORT
NATIONAL WEATHER SERVICE DULUTH MN
151 AM CDT WED MAR 29 2017


...................................

...THE DULUTH MN CLIMATE SUMMARY FOR MARCH 28 2017...

CLIMATE NORMAL PERIOD 1981 TO 2010
CLIMATE RECORD PERIOD 1870 TO 2017


WEATHER ITEM   OBSERVED TIME   RECORD YEAR NORMAL DEPARTURE LAST
                VALUE   (LST)  VALUE       VALUE  FROM      YEAR
                                                  NORMAL
..................................................................
TEMPERATURE (F)
 YESTERDAY
  MAXIMUM         59    354 PM  81    1946  40     19       43
  MINIMUM         24    334 AM -14    1923  22      2       25
  AVERAGE         42                        31     11       34

PRECIPITATION (IN)
  YESTERDAY        0.00          0.63 1965   0.06  -0.06     0.00
  MONTH TO DATE    1.05                      1.33  -0.28     3.57
  SINCE MAR 1      1.05                      1.33  -0.28     3.57
  SINCE JAN 1      4.01                      3.10   0.91     5.45

SNOWFALL (IN)
  YESTERDAY        0.0           8.0  1956   0.3   -0.3      0.0
  MONTH TO DATE    5.3                      12.3   -7.0     17.3
  SINCE MAR 1      5.3                      12.3   -7.0     17.3
  SINCE JUL 1     64.3                      77.9  -13.6     71.5
  SNOW DEPTH       T

DEGREE DAYS
 HEATING
  YESTERDAY       23                        34    -11       31
  MONTH TO DATE 1114                      1112      2      951
  SINCE MAR 1   1114                      1112      2      951
  SINCE JUL 1   6804                      7979  -1175     6788

 COOLING
  YESTERDAY        0                         0      0        0
  MONTH TO DATE    0                         0      0        0
  SINCE MAR 1      0                         0      0        0
  SINCE JAN 1      0                         0      0        0
..................................................................


WIND (MPH)
  HIGHEST WIND SPEED    15   HIGHEST WIND DIRECTION     E (80)
  HIGHEST GUST SPEED    21   HIGHEST GUST DIRECTION     E (90)
  AVERAGE WIND SPEED     3.6


SKY COVER
  AVERAGE SKY COVER 0.2


WEATHER CONDITIONS
 THE FOLLOWING WEATHER WAS RECORDED YESTERDAY.
  NO SIGNIFICANT WEATHER WAS OBSERVED.


RELATIVE HUMIDITY (PERCENT)
 HIGHEST    92           200 AM
 LOWEST     33           200 PM
 AVERAGE    63

..........................................................


THE DULUTH MN CLIMATE NORMALS FOR TODAY
                         NORMAL    RECORD    YEAR
 MAXIMUM TEMPERATURE (F)   40        63      1963
 MINIMUM TEMPERATURE (F)   23        -9      1969


SUNRISE AND SUNSET
MARCH 29 2017.........SUNRISE   653 AM CDT   SUNSET   734 PM CDT
MARCH 30 2017.........SUNRISE   651 AM CDT   SUNSET   735 PM CDT


-  INDICATES NEGATIVE NUMBERS.
R  INDICATES RECORD WAS SET OR TIED.
MM INDICATES DATA IS MISSING.
T  INDICATES TRACE AMOUNT.




$$
