000
CDUS43 KDLH 190632
CLIDLH


CLIMATE REPORT
NATIONAL WEATHER SERVICE DULUTH MN
131 AM CDT WED JUL 19 2017


...................................

...THE DULUTH MN CLIMATE SUMMARY FOR JULY 18 2017...

CLIMATE NORMAL PERIOD 1981 TO 2010
CLIMATE RECORD PERIOD 1870 TO 2017


WEATHER ITEM   OBSERVED TIME   RECORD YEAR NORMAL DEPARTURE LAST
                VALUE   (LST)  VALUE       VALUE  FROM      YEAR
                                                  NORMAL
..................................................................
TEMPERATURE (F)
 YESTERDAY
  MAXIMUM         76    544 PM  97    1932  77     -1       78
  MINIMUM         56   1109 PM  43    1984  56      0       59
  AVERAGE         66                        66      0       69

PRECIPITATION (IN)
  YESTERDAY        0.16          2.42 1987   0.11   0.05     0.00
  MONTH TO DATE    2.74                      2.40   0.34     3.58
  SINCE JUN 1      7.95                      6.63   1.32     8.04
  SINCE JAN 1     19.09                     15.55   3.54    18.15

SNOWFALL (IN)
  YESTERDAY        0.0           0.0  2002   0.0    0.0      0.0
                                      2001
  MONTH TO DATE    0.0                       0.0    0.0      0.0
  SINCE JUN 1      T                         0.0    0.0       T
  SINCE JUL 1      0.0                       0.0    0.0      0.0
  SNOW DEPTH       0

DEGREE DAYS
 HEATING
  YESTERDAY        0                         2     -2        0
  MONTH TO DATE   40                        42     -2       21
  SINCE JUN 1    171                       221    -50      163
  SINCE JUL 1     40                        42     -2       21

 COOLING
  YESTERDAY        1                         3     -2        4
  MONTH TO DATE   31                        51    -20       36
  SINCE JUN 1     44                        81    -37       79
  SINCE JAN 1     44                        85    -41       88
..................................................................


WIND (MPH)
  HIGHEST WIND SPEED    14   HIGHEST WIND DIRECTION    SW (240)
  HIGHEST GUST SPEED    18   HIGHEST GUST DIRECTION    SW (230)
  AVERAGE WIND SPEED     6.0


SKY COVER
  AVERAGE SKY COVER 0.5


WEATHER CONDITIONS
 THE FOLLOWING WEATHER WAS RECORDED YESTERDAY.
  THUNDERSTORM
  LIGHT RAIN
  FOG


RELATIVE HUMIDITY (PERCENT)
 HIGHEST   100           600 AM
 LOWEST     50           600 PM
 AVERAGE    75

..........................................................


THE DULUTH MN CLIMATE NORMALS FOR TODAY
                         NORMAL    RECORD    YEAR
 MAXIMUM TEMPERATURE (F)   77        94      1901
 MINIMUM TEMPERATURE (F)   56        43      1971
                                             1929


SUNRISE AND SUNSET
JULY 19 2017..........SUNRISE   534 AM CDT   SUNSET   855 PM CDT
JULY 20 2017..........SUNRISE   535 AM CDT   SUNSET   854 PM CDT


-  INDICATES NEGATIVE NUMBERS.
R  INDICATES RECORD WAS SET OR TIED.
MM INDICATES DATA IS MISSING.
T  INDICATES TRACE AMOUNT.




$$
