000
CDUS43 KDLH 242248
CLIDLH


CLIMATE REPORT
NATIONAL WEATHER SERVICE DULUTH MN
543 PM CDT SUN SEP 24 2017


...................................

...THE DULUTH CLIMATE SUMMARY FOR SEPTEMBER 24 2017...
VALID TODAY AS OF 0500 PM LOCAL TIME.

CLIMATE NORMAL PERIOD 1981 TO 2010
CLIMATE RECORD PERIOD 1870 TO 2017


WEATHER ITEM   OBSERVED TIME   RECORD YEAR NORMAL DEPARTURE LAST
                VALUE   (LST)  VALUE       VALUE  FROM      YEAR
                                                  NORMAL
..................................................................
TEMPERATURE (F)
 TODAY
  MAXIMUM         79    253 PM  85    1892  61     18       62
  MINIMUM         63    747 AM  26    2000  43     20       54
  AVERAGE         71                        52     19       58

PRECIPITATION (IN)
  TODAY            0.00          2.96 1873   0.14  -0.14     0.02
  MONTH TO DATE    2.22                      3.35  -1.13     2.57
  SINCE SEP 1      2.22                      3.35  -1.13     2.57
  SINCE JAN 1     29.91                     24.05   5.86    26.49

SNOWFALL (IN)
  TODAY            0.0           0.0  2002   0.0    0.0      0.0
                                      2001
  MONTH TO DATE    T                         0.1   -0.1      0.0
  SINCE JUL 1      T                         0.1   -0.1      0.0
  SNOW DEPTH       0

DEGREE DAYS
 HEATING
  TODAY            0                        13    -13        7
  MONTH TO DATE  142                       210    -68       97
  SINCE SEP 1    142                       210    -68       97
  SINCE JUL 1    312                       359    -47      151

 COOLING
  TODAY            6                         0      6        0
  MONTH TO DATE   26                        13     13       14
  SINCE SEP 1     26                        13     13       14
  SINCE JAN 1    126                       203    -77      281
..................................................................


WIND (MPH)
  HIGHEST WIND SPEED    14   HIGHEST WIND DIRECTION     S (160)
  HIGHEST GUST SPEED    20   HIGHEST GUST DIRECTION    SE (150)
  AVERAGE WIND SPEED     9.4


SKY COVER
  AVERAGE SKY COVER 0.3


WEATHER CONDITIONS
 THE FOLLOWING WEATHER WAS RECORDED TODAY.
  THUNDERSTORM
  FOG
  FOG W/VISIBILITY <= 1/4 MILE


RELATIVE HUMIDITY (PERCENT)
 HIGHEST   100           300 AM
 LOWEST     67           300 PM
 AVERAGE    84

..........................................................


THE DULUTH CLIMATE NORMALS FOR TOMORROW
                         NORMAL    RECORD    YEAR
 MAXIMUM TEMPERATURE (F)   61        88      1920
 MINIMUM TEMPERATURE (F)   42        25      1926


SUNRISE AND SUNSET
SEPTEMBER 24 2017.....SUNRISE   659 AM CDT   SUNSET   702 PM CDT
SEPTEMBER 25 2017.....SUNRISE   700 AM CDT   SUNSET   700 PM CDT


-  INDICATES NEGATIVE NUMBERS.
R  INDICATES RECORD WAS SET OR TIED.
MM INDICATES DATA IS MISSING.
T  INDICATES TRACE AMOUNT.




$$
